--
-- Host: localhost    Database: magentodb
-- ------------------------------------------------------


--
-- Table structure for table `admin_adobe_ims_webapi`
--

CREATE TABLE `admin_adobe_ims_webapi` (
  `id` int unsigned NOT NULL AUTO_INCREMENT COMMENT 'Entity ID',
  `admin_user_id` int unsigned NOT NULL DEFAULT '0' COMMENT 'Admin User Id',
  `access_token_hash` varchar(255) DEFAULT NULL COMMENT 'Access Token Hash',
  `access_token` text COMMENT 'Access Token',
  `created_at` timestamp NOT NULL DEFAULT CURRENT_TIMESTAMP COMMENT 'Created At',
  `updated_at` timestamp NOT NULL DEFAULT CURRENT_TIMESTAMP ON UPDATE CURRENT_TIMESTAMP COMMENT 'Updated At',
  `last_check_time` timestamp NOT NULL DEFAULT '0000-00-00 00:00:00' COMMENT 'Last check time',
  `access_token_expires_at` timestamp NOT NULL DEFAULT '0000-00-00 00:00:00' COMMENT 'Access Token Expires At',
  PRIMARY KEY (`id`),
  UNIQUE KEY `ADMIN_ADOBE_IMS_WEBAPI_ACCESS_TOKEN_HASH` (`access_token_hash`),
  KEY `ADMIN_ADOBE_IMS_WEBAPI_ADMIN_USER_ID` (`admin_user_id`),
  CONSTRAINT `ADMIN_ADOBE_IMS_WEBAPI_ADMIN_USER_ID_ADMIN_USER_USER_ID` FOREIGN KEY (`admin_user_id`) REFERENCES `admin_user` (`user_id`) ON DELETE CASCADE
) ENGINE=InnoDB DEFAULT CHARSET=utf8mb3 COMMENT='Admin Adobe IMS Webapi';

--
-- Dumping data for table `admin_adobe_ims_webapi`
--


--
-- Table structure for table `admin_analytics_usage_version_log`
--

CREATE TABLE `admin_analytics_usage_version_log` (
  `id` int unsigned NOT NULL AUTO_INCREMENT COMMENT 'Log ID',
  `last_viewed_in_version` varchar(50) NOT NULL COMMENT 'Viewer last viewed on product version',
  PRIMARY KEY (`id`),
  UNIQUE KEY `ADMIN_ANALYTICS_USAGE_VERSION_LOG_LAST_VIEWED_IN_VERSION` (`last_viewed_in_version`)
) ENGINE=InnoDB AUTO_INCREMENT=2 DEFAULT CHARSET=utf8mb3 COMMENT='Admin Notification Viewer Log Table';

--
-- Dumping data for table `admin_analytics_usage_version_log`
--

INSERT INTO `admin_analytics_usage_version_log` VALUES (1,'2.4.7');

--
-- Table structure for table `admin_passwords`
--

CREATE TABLE `admin_passwords` (
  `password_id` int unsigned NOT NULL AUTO_INCREMENT COMMENT 'Password ID',
  `user_id` int unsigned NOT NULL DEFAULT '0' COMMENT 'User ID',
  `password_hash` varchar(255) DEFAULT NULL COMMENT 'Password Hash',
  `expires` int unsigned NOT NULL DEFAULT '0' COMMENT 'Deprecated',
  `last_updated` int unsigned NOT NULL DEFAULT '0' COMMENT 'Last Updated',
  PRIMARY KEY (`password_id`),
  KEY `ADMIN_PASSWORDS_USER_ID` (`user_id`),
  CONSTRAINT `ADMIN_PASSWORDS_USER_ID_ADMIN_USER_USER_ID` FOREIGN KEY (`user_id`) REFERENCES `admin_user` (`user_id`) ON DELETE CASCADE
) ENGINE=InnoDB AUTO_INCREMENT=18 DEFAULT CHARSET=utf8mb3 COMMENT='Admin Passwords';

--
-- Dumping data for table `admin_passwords`
--

INSERT INTO `admin_passwords` VALUES (1,1,'8f202df2c4535574e7d4f65125c6000a7cc476f146d41bbc0183cb042d5428f5:olwinBnWyRJX5BlpYANHyuf6WfHEzYre:3_32_2_67108864',0,1722849677),(2,2,'ca7144eab5c5011dc564eb3dcf6d89c538b026871dd967571d839e6ddd03993e:64OWijC4c6Dnc3SvYbzA4qIV0k9e68bp:3_32_2_67108864',0,1723553586),(3,3,'41854b2f02c7c7d9b7a6d951e580d8e8fa357791f335fb8ecde6e3b78bf12c0f:i7g41jtRMHxrhjFYeUjaLK9ZbXwwyCzo:3_32_2_67108864',0,1723553936),(4,1,'7318493687daca3791e349e1bfb699ee5e87d857f4709b64ed01e43dec1c380d:AEXag5lW62K3wZ9d2mW8hsCxdtizvBBQ:3_32_2_67108864',0,1730697675),(5,1,'652a6c9b4f8a7e6d7f388d0d6453f97d6acbbd22ba5f891dda1b3225e1cadc1c:7rmF2J7iVUz4U9x2oXrgQzCr1carSb30:3_32_2_67108864',0,1730698026),(6,1,'fb11b43512a687dd3d9384b66219b9da802dc2b9c32620942f9b503dc73ef351:47innn7e3ISvG9bpmvDtGJNcP4GZdgdZ:3_32_2_67108864',0,1730698348),(7,4,'789222b7379ab774d7a18e463f62c97231146894378acdd440097c57c6bb1d6e:8j3IecDmeuCjEQTqtEM2pbFi1fjBogIx:3_32_2_67108864',0,1736416351),(8,5,'337e659b1bf357be82b4df998345d0fae2bebf0a20ac69bbdf60a70530efe657:Iz9cFT0iOFnaoOe5hnsGEWNz867IROxC:3_32_2_67108864',0,1737382132),(10,5,'54e522f79073550e17a3ffdce8141071184f932929f548c5d77ef30674780604:7uMVsVHxHYeZNvKsDYpgIMVFeAgBle6l:3_32_2_67108864',0,1737710152),(12,3,'10f6f084059279ca94dc5c3e7b5b4e4b666909bd002acc4bbbda048faad02012:SOd7AmE1CVSa3NSRfxYJ5MlNHuIs6rDs:3_32_2_67108864',0,1739360709),(13,2,'7b4e1a771963f6252be71e3c49f7f8ef94870629a2d6292208614d042b063674:lo5wc4b1rmaIwbr8V7t0OROGWxNH2uwA:3_32_2_67108864',0,1739361056),(14,3,'25ada48d547c5217f0be18b51ef2629ee70c41440c86a9d35027185e01b32707:NuMjybCwIpolACAvBgPco73jFmJaIwq8:3_32_2_67108864',0,1739361132),(15,8,'20c6388fb1308d3fa68ed7572782a061929c37584bc5b845267d5017bbb6c369:OF53gSBsqx9mc3UCGDydBUqSgsHjXW5r:3_32_2_67108864',0,1740563964),(16,9,'471bbd85a55dd3b690802c40c7eed0e6d875cfd148ceae992719aecdb96ea802:4WleXFEpYaFU0Goc2d889g6qfMWN8zb9:3_32_2_67108864',0,1744883945),(17,10,'42d48e661490ec407a2bdf4f067e2f226edfef2231a7f4e7b48f48e22679f0d4:B80WiBzOsFxkerd9tls2CR6I50T2LzhI:3_32_2_67108864',0,1744884007);

--
-- Table structure for table `admin_system_messages`
--

CREATE TABLE `admin_system_messages` (
  `identity` varchar(100) NOT NULL COMMENT 'Message ID',
  `severity` smallint unsigned NOT NULL DEFAULT '0' COMMENT 'Problem type',
  `created_at` timestamp NOT NULL DEFAULT CURRENT_TIMESTAMP COMMENT 'Create date',
  PRIMARY KEY (`identity`)
) ENGINE=InnoDB DEFAULT CHARSET=utf8mb3 COMMENT='Admin System Messages';

--
-- Dumping data for table `admin_system_messages`
--

INSERT INTO `admin_system_messages` VALUES ('7c5954236edabc5914c82fdddb8d479e',2,'2024-12-05 08:58:38');

--
-- Table structure for table `admin_user`
--

CREATE TABLE `admin_user` (
  `user_id` int unsigned NOT NULL AUTO_INCREMENT COMMENT 'User ID',
  `firstname` varchar(32) DEFAULT NULL COMMENT 'User First Name',
  `lastname` varchar(32) DEFAULT NULL COMMENT 'User Last Name',
  `email` varchar(128) DEFAULT NULL COMMENT 'User Email',
  `username` varchar(40) DEFAULT NULL COMMENT 'User Login',
  `password` varchar(255) NOT NULL COMMENT 'User Password',
  `created` timestamp NOT NULL DEFAULT CURRENT_TIMESTAMP COMMENT 'User Created Time',
  `modified` timestamp NOT NULL DEFAULT CURRENT_TIMESTAMP ON UPDATE CURRENT_TIMESTAMP COMMENT 'User Modified Time',
  `logdate` timestamp NULL DEFAULT NULL COMMENT 'User Last Login Time',
  `lognum` smallint unsigned NOT NULL DEFAULT '0' COMMENT 'User Login Number',
  `reload_acl_flag` smallint NOT NULL DEFAULT '0' COMMENT 'Reload ACL',
  `is_active` smallint NOT NULL DEFAULT '1' COMMENT 'User Is Active',
  `extra` text COMMENT 'User Extra Data',
  `rp_token` text COMMENT 'Reset Password Link Token',
  `rp_token_created_at` timestamp NULL DEFAULT NULL COMMENT 'Reset Password Link Token Creation Date',
  `interface_locale` varchar(16) NOT NULL DEFAULT 'en_US' COMMENT 'Backend interface locale',
  `failures_num` smallint DEFAULT '0' COMMENT 'Failure Number',
  `first_failure` timestamp NULL DEFAULT NULL COMMENT 'First Failure',
  `lock_expires` timestamp NULL DEFAULT NULL COMMENT 'Expiration Lock Dates',
  PRIMARY KEY (`user_id`),
  UNIQUE KEY `ADMIN_USER_USERNAME` (`username`)
) ENGINE=InnoDB AUTO_INCREMENT=11 DEFAULT CHARSET=utf8mb3 COMMENT='Admin User Table';

--
-- Dumping data for table `admin_user`
--

INSERT INTO `admin_user` VALUES (1,'Amit','Jha','mr.amitdev@gmail.com','admin','fb11b43512a687dd3d9384b66219b9da802dc2b9c32620942f9b503dc73ef351:47innn7e3ISvG9bpmvDtGJNcP4GZdgdZ:3_32_2_67108864','2024-08-05 09:21:17','2025-01-23 12:00:52','2025-01-23 12:00:52',402,0,1,'{\"configState\":{\"general_region\":\"0\",\"hyva_theme_general_messages\":\"0\",\"hyva_theme_general_alpine_defer\":\"0\",\"admin_usage\":\"1\",\"admin_dashboard\":\"1\",\"admin_security\":\"1\",\"admin_emails\":\"0\",\"admin_startup\":\"0\",\"admin_url\":\"0\",\"admin_grid\":\"0\",\"admin_captcha\":\"0\",\"catalog_search\":\"1\",\"catalog_fields_masks\":\"0\",\"catalog_frontend\":\"0\",\"catalog_review\":\"0\",\"catalog_productalert\":\"0\",\"catalog_productalert_cron\":\"0\",\"catalog_placeholder\":\"0\",\"catalog_recently_products\":\"0\",\"catalog_product_video\":\"1\",\"catalog_price\":\"0\",\"catalog_layered_navigation\":\"0\",\"catalog_seo\":\"0\",\"catalog_navigation\":\"0\",\"catalog_downloadable\":\"0\",\"catalog_custom_options\":\"0\",\"cataloginventory_options\":\"1\",\"cataloginventory_item_options\":\"1\",\"hyva_theme_catalog_frontend\":\"1\",\"mageworx_shippingrules_main\":\"0\",\"mageworx_shippingrules_validation\":\"0\",\"mageworx_shippingrules_developer\":\"0\",\"mageworx_shippingrules_shipping_methods\":\"0\",\"mageworx_shippingrules_countries\":\"0\",\"hyva_theme_catalog_recently_products\":\"1\",\"hyva_theme_catalog_crosssell_products\":\"1\",\"hyva_theme_catalog_hyva_breadcrumbs\":\"1\",\"hyva_theme_experimental_feature_flag\":\"0\",\"ajaxcart_general\":\"1\",\"ajaxcart_success_popup\":\"1\",\"ajaxcart_success_popup_design\":\"1\",\"ajaxcart_quickview_popup\":\"1\",\"ajaxcart_fly_to_cart\":\"1\",\"hyva_compat_base_general\":\"1\",\"hyva_compat_base_rewrite_template\":\"1\",\"mageworx_shipping_calculator_main\":\"1\",\"mageworx_shipping_calculator_shipping_methods\":\"1\",\"general_country\":\"0\",\"general_locale\":\"0\",\"general_store_information\":\"0\",\"general_single_store_mode\":\"0\",\"currency_options\":\"1\",\"currency_fixerio\":\"0\",\"currency_fixerio_apilayer\":\"0\",\"currency_currencyconverterapi\":\"0\",\"currency_import\":\"0\",\"customer_captcha\":\"1\",\"customer_startup\":\"0\",\"customer_account_share\":\"0\",\"customer_online_customers\":\"0\",\"customer_create_account\":\"0\",\"customer_password\":\"0\",\"customer_account_information\":\"0\",\"customer_address\":\"0\",\"customer_address_templates\":\"0\",\"recaptcha_frontend_type_for\":\"1\",\"recaptcha_frontend_failure_messages\":\"0\",\"recaptcha_frontend_type_recaptcha_v3\":\"0\",\"recaptcha_frontend_type_invisible\":\"0\",\"recaptcha_frontend_type_recaptcha\":\"0\",\"mageworx_settings_extensions\":\"0\",\"mageworx_settings_general\":\"0\",\"mageworx_settings_systeminfo\":\"0\",\"magepsycho_massimporterpro_general\":\"0\",\"apptrian_minify_general\":\"1\",\"productlabel_general\":\"1\",\"productlabel_display\":\"0\",\"mst_core_menu\":\"1\",\"web_unsecure\":\"1\",\"web_url\":\"1\",\"carriers_shipping\":\"0\",\"carriers_flatrate\":\"0\",\"carriers_matrixrate\":\"0\",\"carriers_freeshipping\":\"0\",\"carriers_tablerate\":\"0\",\"carriers_customshipping\":\"0\",\"carriers_instore\":\"0\",\"carriers_ups\":\"0\",\"carriers_usps\":\"0\",\"carriers_fedex\":\"0\",\"carriers_dhl\":\"0\",\"dev_debug\":\"1\",\"dev_front_end_development_workflow\":\"0\",\"dev_restrict\":\"0\",\"dev_template\":\"0\",\"dev_translate_inline\":\"0\",\"dev_js\":\"0\",\"dev_css\":\"0\",\"dev_image\":\"0\",\"dev_caching\":\"0\",\"dev_static\":\"0\",\"dev_grid\":\"0\",\"web_secure\":\"1\",\"mst_nav_general\":\"0\",\"mst_nav_styling\":\"0\",\"mageworx_shippingrules_popup\":\"0\",\"mageworx_shippingrules_import\":\"0\",\"mst_core_css\":\"0\"}}',NULL,NULL,'en_US',0,NULL,NULL),(2,'shakeel','shakeel@123','shakeel@nexus-home.com','S-datateam','7b4e1a771963f6252be71e3c49f7f8ef94870629a2d6292208614d042b063674:lo5wc4b1rmaIwbr8V7t0OROGWxNH2uwA:3_32_2_67108864','2024-08-13 12:53:06','2025-02-12 11:51:45','2025-02-12 11:51:44',135,0,1,'null',NULL,NULL,'en_GB',0,NULL,NULL),(3,'Usama','usama@1234***Pak','usama.javed@nexus-home.com','U-datateam','25ada48d547c5217f0be18b51ef2629ee70c41440c86a9d35027185e01b32707:NuMjybCwIpolACAvBgPco73jFmJaIwq8:3_32_2_67108864','2024-08-13 12:58:56','2025-02-19 12:08:30','2025-02-19 12:08:30',94,0,1,'null',NULL,NULL,'en_US',0,NULL,NULL),(4,'zohaib1','zohaib2','zohaib.gulfam@nexus-home.com','Zohaib','789222b7379ab774d7a18e463f62c97231146894378acdd440097c57c6bb1d6e:8j3IecDmeuCjEQTqtEM2pbFi1fjBogIx:3_32_2_67108864','2025-01-09 09:52:31','2025-01-09 21:06:10','2025-01-09 10:07:35',1,0,1,'null',NULL,NULL,'en_US',2,'2025-01-09 21:05:46',NULL),(5,'hyva','Banyo','banyo@ko.com','new-hyva','54e522f79073550e17a3ffdce8141071184f932929f548c5d77ef30674780604:7uMVsVHxHYeZNvKsDYpgIMVFeAgBle6l:3_32_2_67108864','2025-01-20 14:08:52','2025-04-19 05:10:22','2025-04-19 04:34:45',270,0,1,'{\"configState\":{\"web_url\":\"1\",\"web_seo\":\"1\",\"web_unsecure\":\"1\",\"web_secure\":\"1\",\"web_default\":\"1\",\"web_cookie\":\"1\",\"web_browser_capabilities\":\"1\",\"general_country\":\"0\",\"general_region\":\"0\",\"general_locale\":\"0\",\"general_store_information\":\"1\",\"general_single_store_mode\":\"0\",\"cms_wysiwyg\":\"1\",\"cms_pagebuilder\":\"1\",\"mageworx_shippingrules_main\":\"0\",\"mageworx_shippingrules_validation\":\"0\",\"mageworx_shippingrules_shipping_methods\":\"0\",\"mageworx_shippingrules_popup\":\"0\",\"mageworx_shippingrules_import\":\"0\",\"mageworx_shippingrules_countries\":\"0\",\"mageworx_shippingrules_developer\":\"0\",\"apptrian_minify_general\":\"1\",\"dev_front_end_development_workflow\":\"1\",\"dev_restrict\":\"1\",\"dev_debug\":\"1\",\"dev_template\":\"1\",\"dev_translate_inline\":\"1\",\"dev_js\":\"1\",\"dev_css\":\"1\",\"dev_image\":\"0\",\"dev_caching\":\"1\",\"dev_static\":\"1\",\"dev_grid\":\"1\",\"hyva_theme_general_messages\":\"1\",\"admin_security\":\"1\",\"admin_emails\":\"0\",\"admin_startup\":\"0\",\"admin_url\":\"0\",\"admin_dashboard\":\"0\",\"admin_grid\":\"0\",\"admin_captcha\":\"0\",\"admin_usage\":\"0\",\"web_default_layouts\":\"0\",\"web_session\":\"1\",\"carriers_instore\":\"0\",\"carriers_shipping\":\"0\",\"carriers_matrixrate\":\"0\",\"carriers_tablerate\":\"0\",\"carriers_customshipping\":\"0\",\"carriers_flatrate\":\"0\",\"vesbrand_general_settings\":\"1\",\"catalog_seo\":\"0\",\"catalog_navigation\":\"1\",\"catalog_search\":\"1\",\"catalog_layered_navigation\":\"1\",\"catalog_price\":\"0\",\"mfblog_general\":\"1\",\"mfblog_index_page\":\"0\",\"mfblog_post_view\":\"0\",\"mfblog_post_list\":\"0\",\"mfblog_sidebar\":\"0\",\"mfblog_product_page\":\"0\",\"mfblog_author\":\"0\",\"mfblog_tag\":\"0\",\"mfblog_search\":\"0\",\"mfblog_permalink\":\"0\",\"mfblog_seo\":\"0\",\"mfblog_social\":\"0\",\"mfblog_top_menu\":\"0\",\"carriers_freeshipping\":\"0\",\"carriers_ups\":\"0\",\"carriers_usps\":\"0\",\"carriers_fedex\":\"0\",\"carriers_dhl\":\"0\",\"mageworx_apo_general\":\"0\",\"mageworx_apo_optionfeatures\":\"0\",\"mageworx_apo_optionskupolicy\":\"0\",\"mageworx_apo_optionswatches\":\"0\",\"mageworx_apo_option_advanced_pricing\":\"1\",\"mageworx_apo_optionvisibility\":\"1\",\"mageworx_apo_optiondependency\":\"0\",\"mageworx_apo_optioninventory\":\"1\",\"mageworx_apo_optionlink\":\"1\",\"mageworx_apo_optionimportexport\":\"1\",\"mageworx_shipping_calculator_main\":\"0\",\"mageworx_shipping_calculator_shipping_methods\":\"0\",\"fbt_list_product_fbt\":\"0\",\"fbt_general\":\"1\",\"fbt_success_popup\":\"0\",\"currency_options\":\"1\",\"currency_fixerio\":\"0\",\"currency_fixerio_apilayer\":\"0\",\"currency_currencyconverterapi\":\"0\",\"currency_import\":\"0\",\"tax_classes\":\"1\",\"tax_calculation\":\"1\",\"tax_defaults\":\"1\",\"tax_display\":\"1\",\"tax_cart_display\":\"1\",\"tax_sales_display\":\"1\",\"tax_weee\":\"1\",\"hyva_theme_general_demo_content\":\"1\",\"hyva_theme_general_alpine_defer\":\"1\",\"hyva_theme_catalog_frontend\":\"1\",\"hyva_theme_catalog_recently_products\":\"1\",\"hyva_theme_catalog_crosssell_products\":\"1\",\"hyva_theme_catalog_hyva_breadcrumbs\":\"1\",\"mst_core_menu\":\"0\",\"mst_core_css\":\"0\",\"sales_email_general\":\"1\",\"configurable_options_configurable_general\":\"1\",\"configurable_options_configurable_frontend\":\"1\",\"configurable_options_product_attributes\":\"1\"}}',NULL,NULL,'en_US',0,NULL,NULL),(8,'Mudasser','Hayat','alhayat.dev@gmail.com','mudasser','20c6388fb1308d3fa68ed7572782a061929c37584bc5b845267d5017bbb6c369:OF53gSBsqx9mc3UCGDydBUqSgsHjXW5r:3_32_2_67108864','2025-02-26 09:59:24','2025-03-02 13:47:32','2025-03-02 13:46:47',2,0,1,'{\"configState\":{\"web_secure\":\"1\"}}',NULL,NULL,'en_US',0,NULL,NULL),(9,'maham','mubashir','maham@gmail.com','maham','471bbd85a55dd3b690802c40c7eed0e6d875cfd148ceae992719aecdb96ea802:4WleXFEpYaFU0Goc2d889g6qfMWN8zb9:3_32_2_67108864','2025-04-17 09:59:05','2025-04-17 09:59:46',NULL,0,0,1,NULL,NULL,NULL,'en_US',4,'2025-04-17 09:59:14',NULL),(10,'admin','admin','admin@gmail.com','admin1','42d48e661490ec407a2bdf4f067e2f226edfef2231a7f4e7b48f48e22679f0d4:B80WiBzOsFxkerd9tls2CR6I50T2LzhI:3_32_2_67108864','2025-04-17 10:00:07','2025-04-18 13:33:31','2025-04-18 13:33:31',10,0,1,'{\"configState\":{\"mst_nav_general\":\"1\",\"mst_nav_styling\":\"1\"}}',NULL,NULL,'en_US',0,NULL,NULL);

--
-- Table structure for table `admin_user_expiration`
--

CREATE TABLE `admin_user_expiration` (
  `user_id` int unsigned NOT NULL COMMENT 'User ID',
  `expires_at` datetime NOT NULL DEFAULT '0000-00-00 00:00:00' COMMENT 'User Expiration Date',
  PRIMARY KEY (`user_id`),
  CONSTRAINT `ADMIN_USER_EXPIRATION_USER_ID_ADMIN_USER_USER_ID` FOREIGN KEY (`user_id`) REFERENCES `admin_user` (`user_id`) ON DELETE CASCADE
) ENGINE=InnoDB DEFAULT CHARSET=utf8mb3 COMMENT='Admin User expiration dates table';

--
-- Dumping data for table `admin_user_expiration`
--


--
-- Table structure for table `admin_user_session`
--

CREATE TABLE `admin_user_session` (
  `id` int unsigned NOT NULL AUTO_INCREMENT COMMENT 'Entity ID',
  `session_id` varchar(1) DEFAULT NULL COMMENT 'Deprecated: Session ID value no longer used',
  `user_id` int unsigned DEFAULT NULL COMMENT 'Admin User ID',
  `status` smallint unsigned NOT NULL DEFAULT '1' COMMENT 'Current Session status',
  `created_at` timestamp NOT NULL DEFAULT CURRENT_TIMESTAMP COMMENT 'Created Time',
  `updated_at` timestamp NOT NULL DEFAULT CURRENT_TIMESTAMP ON UPDATE CURRENT_TIMESTAMP COMMENT 'Update Time',
  `ip` varchar(15) NOT NULL COMMENT 'Remote user IP',
  PRIMARY KEY (`id`),
  KEY `ADMIN_USER_SESSION_SESSION_ID` (`session_id`),
  KEY `ADMIN_USER_SESSION_USER_ID` (`user_id`),
  CONSTRAINT `ADMIN_USER_SESSION_USER_ID_ADMIN_USER_USER_ID` FOREIGN KEY (`user_id`) REFERENCES `admin_user` (`user_id`) ON DELETE CASCADE
) ENGINE=InnoDB AUTO_INCREMENT=927 DEFAULT CHARSET=utf8mb3 COMMENT='Admin User sessions table';

--
-- Dumping data for table `admin_user_session`
--

INSERT INTO `admin_user_session` VALUES (1,NULL,1,1,'2024-08-05 16:52:12','2024-08-05 16:55:04','27.34.70.14'),(2,NULL,1,1,'2024-08-07 06:45:45','2024-08-07 06:46:54','27.34.66.167'),(3,NULL,1,1,'2024-08-07 13:11:57','2024-08-07 13:25:36','27.34.66.215'),(4,NULL,1,1,'2024-08-07 13:41:42','2024-08-07 13:42:51','27.34.66.215'),(5,NULL,1,1,'2024-08-08 09:48:37','2024-08-08 10:00:21','27.34.66.215'),(6,NULL,1,1,'2024-08-09 05:12:41','2024-08-09 05:12:41','27.34.70.66'),(7,NULL,1,1,'2024-08-09 05:39:54','2024-08-09 05:39:54','27.34.70.66'),(8,NULL,1,1,'2024-08-09 08:10:22','2024-08-09 08:17:47','27.34.70.66'),(9,NULL,1,1,'2024-08-11 14:06:01','2024-08-11 14:10:40','27.34.70.15'),(10,NULL,1,2,'2024-08-12 08:31:48','2024-08-12 08:42:02','27.34.70.66'),(11,NULL,1,1,'2024-08-12 08:42:02','2024-08-12 08:46:29','27.34.66.176'),(12,NULL,1,2,'2024-08-12 09:02:08','2024-08-12 09:21:21','27.34.66.176'),(13,NULL,1,1,'2024-08-12 09:21:21','2024-08-12 09:28:17','27.34.70.66'),(14,NULL,1,1,'2024-08-12 11:36:15','2024-08-12 11:36:15','27.34.70.66'),(15,NULL,1,1,'2024-08-12 13:14:20','2024-08-12 13:20:19','27.34.66.176'),(16,NULL,1,2,'2024-08-13 12:24:35','2024-08-13 12:44:48','86.31.86.209'),(17,NULL,1,0,'2024-08-13 12:44:48','2024-08-13 12:49:28','119.155.16.140'),(18,NULL,1,1,'2024-08-13 12:49:29','2024-08-13 12:58:55','86.31.86.209'),(19,NULL,2,1,'2024-08-13 12:54:45','2024-08-13 13:52:33','119.155.16.140'),(20,NULL,2,1,'2024-08-13 14:21:14','2024-08-13 15:29:48','182.185.210.87'),(21,NULL,1,1,'2024-08-13 14:31:59','2024-08-13 14:32:28','27.34.70.38'),(22,NULL,2,1,'2024-08-13 15:46:01','2024-08-13 15:46:43','182.185.210.87'),(23,NULL,1,1,'2024-08-15 06:02:15','2024-08-15 06:04:22','27.34.70.66'),(24,NULL,2,1,'2024-08-15 06:55:48','2024-08-15 07:00:33','182.185.210.87'),(25,NULL,2,1,'2024-08-15 07:23:48','2024-08-15 08:11:15','182.185.210.87'),(26,NULL,2,1,'2024-08-15 08:33:36','2024-08-15 08:52:31','119.155.19.23'),(27,NULL,2,1,'2024-08-15 09:17:57','2024-08-15 09:36:25','119.155.19.23'),(28,NULL,1,1,'2024-08-15 09:19:27','2024-08-15 09:21:51','86.31.86.209'),(29,NULL,1,1,'2024-08-15 09:55:08','2024-08-15 09:57:04','86.31.86.209'),(30,NULL,2,1,'2024-08-15 09:56:11','2024-08-15 10:47:04','119.155.19.23'),(31,NULL,1,2,'2024-08-15 10:33:15','2024-08-15 10:52:24','86.31.86.209'),(32,NULL,1,1,'2024-08-15 10:52:24','2024-08-15 10:54:34','92.119.177.20'),(33,NULL,2,1,'2024-08-15 11:13:17','2024-08-15 12:17:48','119.155.19.23'),(34,NULL,1,2,'2024-08-15 11:36:39','2024-08-15 11:39:01','86.31.86.209'),(35,NULL,1,1,'2024-08-15 11:39:01','2024-08-15 11:48:26','86.31.86.209'),(36,NULL,1,2,'2024-08-15 12:08:12','2024-08-15 12:08:58','27.34.70.66'),(37,NULL,1,2,'2024-08-15 12:08:58','2024-08-15 12:10:13','86.31.86.209'),(38,NULL,1,1,'2024-08-15 12:10:13','2024-08-15 12:10:13','27.34.70.66'),(39,NULL,2,1,'2024-08-15 12:42:54','2024-08-15 12:58:01','119.155.19.23'),(40,NULL,2,1,'2024-08-15 13:17:38','2024-08-15 13:21:06','119.155.19.23'),(41,NULL,3,2,'2024-08-15 13:24:40','2024-08-15 13:26:16','119.155.19.23'),(42,NULL,3,1,'2024-08-15 13:26:16','2024-08-15 13:58:08','119.155.19.23'),(43,NULL,2,1,'2024-08-15 13:56:22','2024-08-15 13:56:22','119.155.19.23'),(44,NULL,3,1,'2024-08-15 14:17:00','2024-08-15 14:29:56','119.155.19.23'),(45,NULL,2,1,'2024-08-15 14:23:28','2024-08-15 14:23:28','119.155.19.23'),(46,NULL,2,1,'2024-08-15 14:46:50','2024-08-15 14:46:50','119.155.19.23'),(47,NULL,3,1,'2024-08-15 14:47:25','2024-08-15 15:08:00','119.155.19.23'),(48,NULL,2,1,'2024-08-15 15:19:20','2024-08-15 15:45:58','119.155.19.23'),(49,NULL,2,1,'2024-08-16 06:53:36','2024-08-16 06:57:59','119.155.19.23'),(50,NULL,2,1,'2024-08-16 07:24:51','2024-08-16 07:26:36','119.155.19.23'),(51,NULL,1,1,'2024-08-16 07:31:15','2024-08-16 07:31:43','27.34.66.219'),(52,NULL,2,0,'2024-08-16 07:49:17','2024-08-16 07:49:46','119.155.19.23'),(53,NULL,2,0,'2024-08-16 07:49:49','2024-08-16 07:50:43','119.155.19.23'),(54,NULL,2,1,'2024-08-16 07:50:47','2024-08-16 08:11:10','119.155.19.23'),(55,NULL,2,1,'2024-08-16 09:59:07','2024-08-16 12:10:33','119.155.19.23'),(56,NULL,1,1,'2024-08-16 11:36:44','2024-08-16 11:37:21','27.34.70.66'),(57,NULL,2,1,'2024-08-16 12:53:33','2024-08-16 13:26:36','119.155.19.23'),(58,NULL,2,2,'2024-08-16 13:42:50','2024-08-16 13:43:53','119.155.19.23'),(59,NULL,2,2,'2024-08-16 13:43:53','2024-08-16 13:44:38','119.155.19.23'),(60,NULL,2,1,'2024-08-16 13:44:38','2024-08-16 13:45:37','119.155.19.23'),(61,NULL,3,1,'2024-08-16 13:45:30','2024-08-16 13:45:30','119.155.19.23'),(62,NULL,2,1,'2024-08-16 14:27:16','2024-08-16 14:56:12','119.155.19.23'),(63,NULL,2,1,'2024-08-16 15:18:01','2024-08-16 15:21:56','182.185.202.221'),(64,NULL,2,1,'2024-08-19 08:57:45','2024-08-19 09:24:54','182.185.202.221'),(65,NULL,1,1,'2024-08-19 09:05:45','2024-08-19 10:14:34','27.34.70.43'),(66,NULL,2,1,'2024-08-19 09:48:37','2024-08-19 09:51:55','182.185.202.221'),(67,NULL,2,1,'2024-08-19 10:17:45','2024-08-19 10:51:55','182.185.202.221'),(68,NULL,2,1,'2024-08-19 11:14:39','2024-08-19 11:19:07','182.185.202.221'),(69,NULL,1,1,'2024-08-19 11:16:20','2024-08-19 11:30:17','27.34.66.221'),(70,NULL,2,1,'2024-08-19 13:51:06','2024-08-19 13:52:59','182.185.202.221'),(71,NULL,2,0,'2024-08-19 14:55:13','2024-08-19 14:57:56','182.185.202.221'),(72,NULL,2,1,'2024-08-19 14:58:00','2024-08-19 15:00:00','182.185.202.221'),(73,NULL,1,1,'2024-08-19 15:01:10','2024-08-19 15:47:58','27.34.70.25'),(74,NULL,2,1,'2024-08-19 16:09:48','2024-08-19 16:11:59','182.185.202.221'),(75,NULL,1,2,'2024-08-20 05:26:46','2024-08-20 06:16:50','27.34.70.66'),(76,NULL,1,2,'2024-08-20 06:16:50','2024-08-20 06:17:51','27.34.66.221'),(77,NULL,1,1,'2024-08-20 06:17:51','2024-08-20 08:34:54','27.34.70.66'),(78,NULL,1,1,'2024-08-20 06:27:37','2024-08-20 06:32:42','27.34.66.221'),(79,NULL,2,1,'2024-08-20 07:27:34','2024-08-20 07:40:12','182.185.202.221'),(80,NULL,2,1,'2024-08-20 08:01:15','2024-08-20 08:02:35','182.185.202.221'),(81,NULL,2,1,'2024-08-20 08:17:49','2024-08-20 08:18:28','182.185.202.221'),(82,NULL,1,1,'2024-08-20 08:27:11','2024-08-20 08:27:11','27.34.66.221'),(83,NULL,1,1,'2024-08-20 09:19:03','2024-08-20 09:22:38','27.34.70.66'),(84,NULL,2,1,'2024-08-20 09:29:03','2024-08-20 09:32:16','182.185.202.221'),(85,NULL,1,1,'2024-08-20 09:43:05','2024-08-20 11:25:21','27.34.70.66'),(86,NULL,2,0,'2024-08-20 09:54:43','2024-08-20 10:00:01','182.185.202.221'),(87,NULL,2,0,'2024-08-20 10:00:07','2024-08-20 10:02:19','182.185.202.221'),(88,NULL,2,0,'2024-08-20 10:02:24','2024-08-20 10:04:59','182.185.202.221'),(89,NULL,2,1,'2024-08-20 10:05:07','2024-08-20 10:10:10','182.185.202.221'),(90,NULL,1,1,'2024-08-20 10:07:49','2024-08-20 11:21:10','27.34.70.66'),(91,NULL,2,1,'2024-08-20 10:31:23','2024-08-20 10:31:23','182.185.202.221'),(92,NULL,1,1,'2024-08-20 11:18:35','2024-08-20 11:19:57','27.34.66.221'),(93,NULL,2,0,'2024-08-20 11:39:15','2024-08-20 11:40:39','182.185.202.221'),(94,NULL,2,0,'2024-08-20 11:40:49','2024-08-20 11:52:58','182.185.202.221'),(95,NULL,2,1,'2024-08-20 11:53:05','2024-08-20 12:19:45','182.185.202.221'),(96,NULL,2,1,'2024-08-20 12:43:17','2024-08-20 13:04:49','182.185.202.221'),(97,NULL,2,1,'2024-08-20 14:13:58','2024-08-20 14:16:44','182.185.202.221'),(98,NULL,2,1,'2024-08-20 14:36:43','2024-08-20 14:37:35','182.185.202.221'),(99,NULL,2,0,'2024-08-20 15:08:01','2024-08-20 15:29:00','182.185.202.221'),(100,NULL,2,1,'2024-08-20 15:29:22','2024-08-20 15:47:14','182.185.202.221'),(101,NULL,2,1,'2024-08-20 16:07:21','2024-08-20 16:29:17','182.185.202.221'),(102,NULL,1,1,'2024-08-21 05:19:04','2024-08-21 05:23:05','27.34.70.66'),(103,NULL,1,1,'2024-08-21 06:20:05','2024-08-21 07:16:42','27.34.70.66'),(104,NULL,2,1,'2024-08-21 07:45:37','2024-08-21 08:11:45','182.185.202.221'),(105,NULL,1,1,'2024-08-21 08:11:13','2024-08-21 08:12:18','27.34.70.66'),(106,NULL,2,1,'2024-08-21 08:39:08','2024-08-21 08:39:38','182.185.202.221'),(107,NULL,2,1,'2024-08-21 09:10:58','2024-08-21 09:11:38','182.185.202.221'),(108,NULL,1,1,'2024-08-21 09:51:00','2024-08-21 09:56:04','27.34.70.66'),(109,NULL,1,1,'2024-08-21 10:03:35','2024-08-21 10:21:53','27.34.70.66'),(110,NULL,2,1,'2024-08-21 10:07:52','2024-08-21 10:29:09','182.185.202.221'),(111,NULL,1,1,'2024-08-21 10:13:50','2024-08-21 10:51:20','27.34.70.66'),(112,NULL,2,1,'2024-08-21 10:59:06','2024-08-21 12:18:12','182.185.202.221'),(113,NULL,1,1,'2024-08-21 11:02:32','2024-08-21 11:10:25','27.34.70.66'),(114,NULL,1,1,'2024-08-21 11:06:28','2024-08-21 12:08:27','27.34.70.66'),(115,NULL,1,1,'2024-08-21 11:38:15','2024-08-21 11:56:50','27.34.70.66'),(116,NULL,1,1,'2024-08-21 13:08:44','2024-08-21 13:09:13','27.34.70.73'),(117,NULL,2,1,'2024-08-21 15:39:21','2024-08-21 15:39:56','182.185.202.221'),(118,NULL,2,1,'2024-08-21 16:10:41','2024-08-21 16:11:17','182.185.202.221'),(119,NULL,1,1,'2024-08-22 05:30:06','2024-08-22 06:25:48','27.34.70.66'),(120,NULL,1,1,'2024-08-22 05:34:57','2024-08-22 05:34:57','27.34.70.66'),(121,NULL,1,1,'2024-08-22 06:35:23','2024-08-22 06:49:44','27.34.70.66'),(122,NULL,1,1,'2024-08-22 06:38:23','2024-08-22 06:52:23','27.34.70.66'),(123,NULL,1,1,'2024-08-22 07:12:28','2024-08-22 08:35:48','27.34.70.66'),(124,NULL,1,1,'2024-08-22 07:35:44','2024-08-22 07:35:44','27.34.70.66'),(125,NULL,1,1,'2024-08-22 08:01:03','2024-08-22 08:03:14','27.34.70.66'),(126,NULL,1,1,'2024-08-22 09:06:24','2024-08-22 09:06:52','27.34.70.66'),(127,NULL,1,1,'2024-08-22 09:31:51','2024-08-22 10:43:44','27.34.70.66'),(128,NULL,1,1,'2024-08-22 09:40:57','2024-08-22 09:42:33','27.34.70.66'),(129,NULL,1,1,'2024-08-22 10:03:42','2024-08-22 10:10:08','27.34.70.66'),(130,NULL,1,1,'2024-08-22 10:30:50','2024-08-22 11:36:39','27.34.70.66'),(131,NULL,1,1,'2024-08-22 11:09:11','2024-08-22 11:19:18','27.34.70.66'),(132,NULL,2,1,'2024-08-22 13:12:58','2024-08-22 13:49:43','182.185.202.221'),(133,NULL,2,1,'2024-08-22 14:24:29','2024-08-22 14:24:29','182.185.202.221'),(134,NULL,2,1,'2024-08-22 14:41:09','2024-08-22 15:47:36','182.185.202.221'),(135,NULL,2,1,'2024-08-22 16:14:05','2024-08-22 16:56:19','182.185.202.221'),(136,NULL,1,1,'2024-08-23 05:51:44','2024-08-23 05:58:53','27.34.70.66'),(137,NULL,1,1,'2024-08-23 06:05:51','2024-08-23 06:16:31','27.34.70.66'),(138,NULL,1,1,'2024-08-23 06:35:55','2024-08-23 06:58:24','27.34.70.66'),(139,NULL,1,1,'2024-08-23 07:30:19','2024-08-23 07:30:19','27.34.70.66'),(140,NULL,2,1,'2024-08-23 07:47:30','2024-08-23 07:47:30','182.185.202.221'),(141,NULL,2,1,'2024-08-23 07:54:09','2024-08-23 07:54:50','72.255.40.107'),(142,NULL,1,1,'2024-08-23 08:02:08','2024-08-23 08:53:31','27.34.70.66'),(143,NULL,2,1,'2024-08-23 09:07:57','2024-08-23 09:10:16','72.255.40.107'),(144,NULL,1,1,'2024-08-23 10:15:05','2024-08-23 10:32:49','182.185.202.221'),(145,NULL,1,1,'2024-08-23 10:22:46','2024-08-23 11:09:27','27.34.70.66'),(146,NULL,1,1,'2024-08-23 11:16:37','2024-08-23 11:35:07','27.34.70.66'),(147,NULL,2,1,'2024-08-23 11:22:16','2024-08-23 11:22:16','72.255.40.107'),(148,NULL,1,1,'2024-08-23 11:25:59','2024-08-23 12:13:37','182.185.202.221'),(149,NULL,1,1,'2024-08-23 11:36:57','2024-08-23 12:01:24','27.34.70.66'),(150,NULL,3,1,'2024-08-23 11:47:35','2024-08-23 12:11:12','139.135.38.34'),(151,NULL,1,1,'2024-08-23 12:44:48','2024-08-23 13:24:48','182.185.202.221'),(152,NULL,1,1,'2024-08-26 05:41:16','2024-08-26 05:59:02','27.34.70.50'),(153,NULL,1,1,'2024-08-26 05:46:13','2024-08-26 05:53:47','27.34.70.50'),(154,NULL,1,1,'2024-08-26 06:14:52','2024-08-26 06:31:24','27.34.70.50'),(155,NULL,1,1,'2024-08-26 06:56:32','2024-08-26 08:43:03','27.34.70.50'),(156,NULL,1,1,'2024-08-26 09:45:04','2024-08-26 10:18:02','27.34.70.50'),(157,NULL,1,1,'2024-08-28 05:52:00','2024-08-28 05:58:26','27.34.70.50'),(158,NULL,1,1,'2024-08-28 06:21:48','2024-08-28 06:23:52','27.34.70.50'),(159,NULL,1,1,'2024-08-28 06:28:13','2024-08-28 06:31:30','27.34.70.50'),(160,NULL,1,1,'2024-08-28 07:33:34','2024-08-28 08:18:29','27.34.70.8'),(161,NULL,1,1,'2024-08-28 09:13:43','2024-08-28 09:32:05','27.34.70.8'),(162,NULL,1,1,'2024-08-28 11:06:12','2024-08-28 11:06:41','27.34.70.8'),(163,NULL,1,1,'2024-08-28 11:29:35','2024-08-28 11:39:42','27.34.70.8'),(164,NULL,1,1,'2024-08-28 12:00:28','2024-08-28 12:05:40','27.34.70.8'),(165,NULL,1,1,'2024-08-28 12:10:01','2024-08-28 12:11:22','27.34.70.8'),(166,NULL,1,1,'2024-08-29 05:35:16','2024-08-29 05:53:35','27.34.70.8'),(167,NULL,3,1,'2024-08-29 08:11:40','2024-08-29 08:36:59','119.155.6.151'),(168,NULL,2,1,'2024-08-29 08:24:44','2024-08-29 08:28:12','119.155.6.151'),(169,NULL,1,1,'2024-08-29 08:56:43','2024-08-29 09:25:20','27.34.70.8'),(170,NULL,3,1,'2024-08-29 09:02:30','2024-08-29 09:43:53','119.155.6.151'),(171,NULL,1,1,'2024-08-29 09:22:09','2024-08-29 10:14:49','27.34.70.8'),(172,NULL,1,1,'2024-08-29 09:51:07','2024-08-29 09:52:13','27.34.70.8'),(173,NULL,1,1,'2024-08-29 11:18:37','2024-08-29 11:20:45','27.34.70.8'),(174,NULL,3,1,'2024-08-29 12:43:57','2024-08-29 12:45:20','119.155.6.151'),(175,NULL,3,1,'2024-08-29 13:04:57','2024-08-29 13:36:23','119.155.6.151'),(176,NULL,3,1,'2024-08-29 13:55:25','2024-08-29 15:23:54','119.155.6.151'),(177,NULL,1,1,'2024-08-30 05:31:27','2024-08-30 05:47:32','27.34.70.8'),(178,NULL,1,1,'2024-08-30 06:05:11','2024-08-30 07:16:18','27.34.70.8'),(179,NULL,3,1,'2024-08-30 06:27:23','2024-08-30 07:24:08','119.155.6.151'),(180,NULL,1,1,'2024-08-30 07:34:14','2024-08-30 08:38:56','27.34.70.8'),(181,NULL,1,1,'2024-08-30 09:17:29','2024-08-30 09:47:29','27.34.70.8'),(182,NULL,1,1,'2024-08-30 09:40:52','2024-08-30 09:45:09','27.34.70.8'),(183,NULL,1,1,'2024-08-30 11:44:46','2024-08-30 12:22:22','27.34.70.8'),(184,NULL,3,1,'2024-08-30 12:34:34','2024-08-30 12:36:32','119.155.6.151'),(185,NULL,1,1,'2024-09-02 05:56:33','2024-09-02 05:59:50','27.34.70.8'),(186,NULL,1,1,'2024-09-02 06:17:52','2024-09-02 07:03:07','27.34.70.8'),(187,NULL,1,1,'2024-09-02 07:21:23','2024-09-02 07:42:01','27.34.70.8'),(188,NULL,3,1,'2024-09-02 09:29:49','2024-09-02 09:53:42','119.155.19.23'),(189,NULL,3,1,'2024-09-02 10:41:41','2024-09-02 11:20:45','119.155.19.23'),(190,NULL,3,1,'2024-09-02 11:37:46','2024-09-02 11:41:50','119.155.25.64'),(191,NULL,1,1,'2024-09-02 11:58:15','2024-09-02 11:58:47','27.34.70.8'),(192,NULL,3,1,'2024-09-02 13:19:31','2024-09-02 13:27:41','119.155.25.64'),(193,NULL,1,1,'2024-09-02 13:31:28','2024-09-02 13:37:57','27.34.70.93'),(194,NULL,3,1,'2024-09-02 13:47:49','2024-09-02 15:03:15','119.155.25.64'),(195,NULL,1,1,'2024-09-03 05:22:04','2024-09-03 05:22:04','27.34.70.8'),(196,NULL,1,1,'2024-09-03 05:23:40','2024-09-03 05:26:51','27.34.70.8'),(197,NULL,1,1,'2024-09-03 05:53:35','2024-09-03 06:30:08','27.34.70.8'),(198,NULL,3,1,'2024-09-03 06:38:48','2024-09-03 06:46:08','119.155.25.64'),(199,NULL,1,1,'2024-09-03 06:46:59','2024-09-03 06:54:01','27.34.70.8'),(200,NULL,3,1,'2024-09-03 07:05:03','2024-09-03 07:50:59','119.155.25.64'),(201,NULL,3,1,'2024-09-03 11:51:11','2024-09-03 12:21:11','119.155.25.64'),(202,NULL,3,1,'2024-09-03 12:42:23','2024-09-03 13:36:16','119.155.25.64'),(203,NULL,3,1,'2024-09-03 13:52:44','2024-09-03 14:01:34','119.155.25.64'),(204,NULL,3,1,'2024-09-03 14:23:52','2024-09-03 15:22:00','119.155.25.64'),(205,NULL,1,1,'2024-09-04 06:02:56','2024-09-04 06:08:57','27.34.70.8'),(206,NULL,1,1,'2024-09-04 06:25:50','2024-09-04 06:49:46','27.34.70.8'),(207,NULL,3,1,'2024-09-04 07:09:40','2024-09-04 08:40:03','119.155.25.64'),(208,NULL,3,1,'2024-09-04 09:04:09','2024-09-04 09:20:54','119.155.25.64'),(209,NULL,3,1,'2024-09-04 10:22:04','2024-09-04 10:33:30','119.155.25.64'),(210,NULL,3,1,'2024-09-04 10:51:47','2024-09-04 11:22:23','119.155.25.64'),(211,NULL,3,1,'2024-09-04 13:50:21','2024-09-04 14:40:17','119.155.25.64'),(212,NULL,3,1,'2024-09-04 14:59:16','2024-09-04 15:13:00','119.155.25.64'),(213,NULL,3,1,'2024-09-05 06:39:07','2024-09-05 06:39:40','119.155.25.64'),(214,NULL,3,1,'2024-09-05 07:03:13','2024-09-05 08:33:06','119.155.25.64'),(215,NULL,1,1,'2024-09-05 08:00:45','2024-09-05 08:04:40','27.34.70.8'),(216,NULL,3,1,'2024-09-05 09:00:15','2024-09-05 09:26:10','119.155.25.64'),(217,NULL,3,1,'2024-09-05 09:30:18','2024-09-05 10:00:30','119.155.25.64'),(218,NULL,1,1,'2024-09-05 10:34:02','2024-09-05 10:41:31','27.34.70.8'),(219,NULL,3,1,'2024-09-05 10:48:52','2024-09-05 11:19:49','119.155.21.158'),(220,NULL,3,1,'2024-09-05 11:40:30','2024-09-05 12:17:13','119.155.21.158'),(221,NULL,3,1,'2024-09-05 12:48:48','2024-09-05 13:26:00','119.155.21.158'),(222,NULL,3,1,'2024-09-05 13:48:03','2024-09-05 14:06:39','119.155.21.158'),(223,NULL,3,1,'2024-09-05 14:23:24','2024-09-05 15:06:56','119.155.21.158'),(224,NULL,3,1,'2024-09-06 07:41:36','2024-09-06 08:13:57','119.155.21.158'),(225,NULL,3,1,'2024-09-06 08:14:24','2024-09-06 08:29:08','119.155.21.158'),(226,NULL,3,1,'2024-09-06 09:01:14','2024-09-06 09:33:40','119.155.21.158'),(227,NULL,1,1,'2024-09-07 05:08:37','2024-09-07 05:18:41','27.34.70.8'),(228,NULL,1,1,'2024-09-07 05:39:19','2024-09-07 05:40:04','27.34.70.8'),(229,NULL,1,1,'2024-09-07 06:52:29','2024-09-07 06:57:07','27.34.70.8'),(230,NULL,1,1,'2024-09-07 09:57:06','2024-09-07 09:58:34','27.34.70.8'),(231,NULL,1,1,'2024-09-09 05:38:50','2024-09-09 05:39:29','27.34.70.8'),(232,NULL,1,1,'2024-09-09 06:27:51','2024-09-09 06:53:07','27.34.70.8'),(233,NULL,1,1,'2024-09-09 08:02:20','2024-09-09 08:10:38','27.34.70.8'),(234,NULL,1,1,'2024-09-09 08:27:04','2024-09-09 08:27:04','27.34.70.8'),(235,NULL,1,1,'2024-09-09 09:56:01','2024-09-09 10:46:56','27.34.70.8'),(236,NULL,1,1,'2024-09-09 11:03:26','2024-09-09 11:04:06','27.34.70.8'),(237,NULL,1,1,'2024-09-09 11:25:41','2024-09-09 12:00:47','27.34.70.8'),(238,NULL,1,1,'2024-09-10 05:25:24','2024-09-10 06:26:01','27.34.70.8'),(239,NULL,3,1,'2024-09-10 07:07:06','2024-09-10 07:44:56','119.155.21.158'),(240,NULL,1,1,'2024-09-10 07:09:36','2024-09-10 08:39:22','27.34.70.8'),(241,NULL,2,1,'2024-09-10 08:07:24','2024-09-10 08:24:52','119.155.21.158'),(242,NULL,1,1,'2024-09-10 09:11:38','2024-09-10 09:17:55','27.34.70.8'),(243,NULL,1,1,'2024-09-10 12:17:35','2024-09-10 12:24:13','27.34.70.8'),(244,NULL,1,1,'2024-09-11 05:37:42','2024-09-11 05:38:17','27.34.70.8'),(245,NULL,1,1,'2024-09-11 08:16:50','2024-09-11 08:16:50','27.34.70.8'),(246,NULL,1,1,'2024-09-11 09:23:03','2024-09-11 09:36:33','27.34.70.8'),(247,NULL,1,1,'2024-09-11 09:57:35','2024-09-11 10:14:29','27.34.70.8'),(248,NULL,1,1,'2024-09-11 10:30:50','2024-09-11 10:38:22','27.34.70.8'),(249,NULL,1,1,'2024-09-11 11:44:45','2024-09-11 11:55:16','27.34.70.8'),(250,NULL,1,1,'2024-09-12 05:20:52','2024-09-12 05:21:49','27.34.70.8'),(251,NULL,1,1,'2024-09-12 05:40:59','2024-09-12 05:46:37','27.34.70.8'),(252,NULL,1,1,'2024-09-12 06:01:46','2024-09-12 06:10:21','27.34.70.8'),(253,NULL,1,1,'2024-09-12 06:50:47','2024-09-12 07:03:06','27.34.70.8'),(254,NULL,1,1,'2024-09-12 07:32:26','2024-09-12 07:33:32','27.34.70.12'),(255,NULL,1,1,'2024-09-12 07:56:45','2024-09-12 07:59:33','27.34.70.8'),(256,NULL,1,1,'2024-09-12 09:28:27','2024-09-12 09:28:27','27.34.70.12'),(257,NULL,1,1,'2024-09-12 09:44:52','2024-09-12 09:44:52','27.34.70.8'),(258,NULL,1,1,'2024-09-12 11:06:59','2024-09-12 11:33:19','27.34.70.12'),(259,NULL,1,1,'2024-09-13 05:31:01','2024-09-13 05:31:01','27.34.70.8'),(260,NULL,1,1,'2024-09-13 06:31:14','2024-09-13 06:34:53','27.34.70.8'),(261,NULL,1,1,'2024-09-13 06:47:33','2024-09-13 06:53:31','27.34.70.8'),(262,NULL,1,1,'2024-09-13 06:52:13','2024-09-13 06:58:18','27.34.70.8'),(263,NULL,1,1,'2024-09-14 07:25:04','2024-09-14 07:39:22','27.34.70.8'),(264,NULL,1,1,'2024-09-14 08:03:09','2024-09-14 08:08:39','27.34.70.8'),(265,NULL,1,1,'2024-09-14 08:25:53','2024-09-14 08:37:13','27.34.70.8'),(266,NULL,1,1,'2024-09-14 09:05:26','2024-09-14 09:48:33','27.34.70.8'),(267,NULL,1,1,'2024-09-14 10:12:45','2024-09-14 10:29:01','27.34.70.8'),(268,NULL,1,1,'2024-09-16 05:35:48','2024-09-16 05:38:52','27.34.70.8'),(269,NULL,1,1,'2024-09-16 06:30:53','2024-09-16 06:30:53','27.34.70.8'),(270,NULL,2,1,'2024-09-16 07:40:23','2024-09-16 07:40:56','119.155.21.158'),(271,NULL,1,1,'2024-09-16 08:00:44','2024-09-16 08:05:23','27.34.70.8'),(272,NULL,3,1,'2024-09-16 08:03:21','2024-09-16 08:25:08','119.155.21.158'),(273,NULL,3,1,'2024-09-16 08:54:18','2024-09-16 09:58:47','119.155.21.158'),(274,NULL,1,1,'2024-09-16 10:03:37','2024-09-16 11:06:12','27.34.70.8'),(275,NULL,3,1,'2024-09-16 11:18:15','2024-09-16 11:53:39','119.155.21.158'),(276,NULL,1,1,'2024-09-16 11:32:08','2024-09-16 11:33:39','27.34.70.8'),(277,NULL,3,1,'2024-09-16 12:13:55','2024-09-16 12:20:45','119.155.21.158'),(278,NULL,3,1,'2024-09-16 12:46:22','2024-09-16 12:56:48','119.155.21.158'),(279,NULL,3,1,'2024-09-16 13:00:35','2024-09-16 13:08:37','119.155.12.143'),(280,NULL,3,1,'2024-09-16 13:46:22','2024-09-16 14:26:05','119.155.12.143'),(281,NULL,3,1,'2024-09-16 15:00:02','2024-09-16 15:16:57','119.155.12.143'),(282,NULL,1,1,'2024-09-17 05:40:59','2024-09-17 05:40:59','27.34.70.8'),(283,NULL,1,1,'2024-09-17 09:14:11','2024-09-17 09:14:46','27.34.70.8'),(284,NULL,1,1,'2024-09-17 09:40:39','2024-09-17 09:44:27','27.34.70.8'),(285,NULL,1,1,'2024-09-17 10:37:14','2024-09-17 10:49:38','27.34.70.8'),(286,NULL,3,1,'2024-09-18 06:55:02','2024-09-18 07:19:49','119.155.12.143'),(287,NULL,3,1,'2024-09-18 07:40:12','2024-09-18 07:41:41','119.155.12.143'),(288,NULL,3,1,'2024-09-18 08:13:08','2024-09-18 08:29:18','119.155.12.143'),(289,NULL,3,1,'2024-09-18 08:53:28','2024-09-18 09:31:16','119.155.12.143'),(290,NULL,3,1,'2024-09-18 11:15:49','2024-09-18 11:43:30','119.155.12.143'),(291,NULL,1,1,'2024-09-18 11:25:23','2024-09-18 11:26:39','27.34.70.8'),(292,NULL,3,1,'2024-09-18 11:44:11','2024-09-18 11:44:47','119.155.12.143'),(293,NULL,3,1,'2024-09-18 12:04:28','2024-09-18 12:33:34','119.155.12.143'),(294,NULL,1,1,'2024-09-18 12:08:04','2024-09-18 12:08:34','27.34.70.8'),(295,NULL,3,1,'2024-09-18 13:32:54','2024-09-18 13:32:54','119.155.12.143'),(296,NULL,3,1,'2024-09-18 13:48:12','2024-09-18 14:11:06','119.155.12.143'),(297,NULL,3,1,'2024-09-18 14:32:56','2024-09-18 14:41:40','119.155.12.143'),(298,NULL,1,1,'2024-09-19 05:11:18','2024-09-19 05:11:18','27.34.70.8'),(299,NULL,1,1,'2024-09-19 05:42:56','2024-09-19 05:43:31','27.34.70.8'),(300,NULL,3,1,'2024-09-19 07:43:32','2024-09-19 08:29:40','119.155.12.143'),(301,NULL,3,1,'2024-09-19 08:52:30','2024-09-19 09:14:07','119.155.12.143'),(302,NULL,3,1,'2024-09-19 09:30:57','2024-09-19 09:32:22','119.155.12.143'),(303,NULL,3,1,'2024-09-19 10:52:09','2024-09-19 11:45:52','119.155.12.143'),(304,NULL,3,1,'2024-09-19 12:05:03','2024-09-19 13:01:36','119.155.12.143'),(305,NULL,3,1,'2024-09-19 13:31:55','2024-09-19 14:13:24','119.155.12.143'),(306,NULL,3,1,'2024-09-19 15:14:26','2024-09-19 15:15:02','119.155.12.143'),(307,NULL,1,1,'2024-09-20 05:24:02','2024-09-20 05:24:02','27.34.70.8'),(308,NULL,1,1,'2024-09-23 07:26:09','2024-09-23 07:27:20','27.34.70.8'),(309,NULL,1,1,'2024-09-23 07:50:09','2024-09-23 07:57:17','27.34.70.8'),(310,NULL,1,1,'2024-09-23 08:30:26','2024-09-23 08:30:57','27.34.70.8'),(311,NULL,1,1,'2024-09-23 08:30:28','2024-09-23 08:38:28','27.34.70.8'),(312,NULL,3,1,'2024-09-23 09:22:30','2024-09-23 09:24:28','119.155.5.50'),(313,NULL,3,1,'2024-09-23 12:26:00','2024-09-23 13:05:20','119.155.5.50'),(314,NULL,2,1,'2024-09-23 12:33:13','2024-09-23 13:02:45','119.155.5.50'),(315,NULL,3,1,'2024-09-23 13:26:19','2024-09-23 15:00:16','119.155.5.50'),(316,NULL,2,1,'2024-09-23 13:37:15','2024-09-23 13:48:14','119.155.5.50'),(317,NULL,3,1,'2024-09-23 15:25:39','2024-09-23 15:26:09','119.155.5.50'),(318,NULL,2,1,'2024-09-23 15:34:16','2024-09-23 15:42:42','119.155.5.50'),(319,NULL,3,1,'2024-09-23 15:47:30','2024-09-23 15:48:23','119.155.5.50'),(320,NULL,1,1,'2024-09-24 05:51:26','2024-09-24 05:51:26','27.34.70.8'),(321,NULL,3,1,'2024-09-24 06:55:06','2024-09-24 07:40:59','119.155.5.50'),(322,NULL,2,1,'2024-09-24 07:27:05','2024-09-24 08:05:31','119.155.5.50'),(323,NULL,3,1,'2024-09-24 07:56:42','2024-09-24 08:06:06','119.155.5.50'),(324,NULL,1,1,'2024-09-24 08:46:21','2024-09-24 08:51:40','27.34.70.98'),(325,NULL,3,1,'2024-09-24 08:49:37','2024-09-24 09:28:15','119.155.5.50'),(326,NULL,3,1,'2024-09-24 10:41:42','2024-09-24 10:43:53','119.155.5.50'),(327,NULL,3,1,'2024-09-24 11:22:53','2024-09-24 11:27:40','119.155.5.50'),(328,NULL,3,1,'2024-09-24 15:05:43','2024-09-24 15:10:40','119.155.5.50'),(329,NULL,1,1,'2024-09-25 09:24:24','2024-09-25 09:28:05','27.34.70.8'),(330,NULL,1,1,'2024-09-25 09:49:59','2024-09-25 10:09:25','27.34.70.8'),(331,NULL,1,1,'2024-09-25 10:12:52','2024-09-25 10:12:52','27.34.70.61'),(332,NULL,1,1,'2024-09-26 09:46:50','2024-09-26 10:01:04','27.34.70.61'),(333,NULL,1,1,'2024-09-27 08:15:01','2024-09-27 08:39:15','27.34.70.44'),(334,NULL,1,1,'2024-09-28 09:20:58','2024-09-28 09:32:02','27.34.70.83'),(335,NULL,1,1,'2024-09-30 08:30:29','2024-09-30 08:47:50','27.34.70.8'),(336,NULL,1,1,'2024-09-30 08:30:39','2024-09-30 08:32:00','27.34.70.8'),(337,NULL,1,1,'2024-10-01 07:52:34','2024-10-01 08:06:24','27.34.70.8'),(338,NULL,1,1,'2024-10-01 08:23:34','2024-10-01 08:35:32','27.34.70.8'),(339,NULL,1,1,'2024-10-01 09:29:43','2024-10-01 09:42:36','27.34.70.8'),(340,NULL,2,1,'2024-10-01 12:14:34','2024-10-01 12:20:48','119.155.5.50'),(341,NULL,1,1,'2024-10-02 05:37:33','2024-10-02 05:38:06','27.34.70.8'),(342,NULL,2,1,'2024-10-02 15:27:45','2024-10-02 15:58:23','119.155.5.50'),(343,NULL,2,1,'2024-10-03 08:00:50','2024-10-03 08:29:05','119.155.5.50'),(344,NULL,2,1,'2024-10-03 09:01:30','2024-10-03 10:27:28','119.155.5.50'),(345,NULL,1,1,'2024-10-03 11:56:21','2024-10-03 11:59:34','27.34.70.8'),(346,NULL,2,1,'2024-10-03 12:00:17','2024-10-03 12:50:08','119.155.5.50'),(347,NULL,2,1,'2024-10-03 13:35:40','2024-10-03 13:57:38','119.155.5.50'),(348,NULL,2,1,'2024-10-03 14:25:59','2024-10-03 15:16:54','119.155.5.50'),(349,NULL,2,1,'2024-10-04 06:34:52','2024-10-04 06:59:51','119.155.5.50'),(350,NULL,2,1,'2024-10-04 07:29:58','2024-10-04 08:14:07','119.155.5.50'),(351,NULL,2,1,'2024-10-04 09:37:19','2024-10-04 09:51:58','119.155.5.50'),(352,NULL,2,1,'2024-10-04 11:25:25','2024-10-04 11:25:25','119.155.5.50'),(353,NULL,2,1,'2024-10-04 12:03:49','2024-10-04 12:40:20','119.155.5.50'),(354,NULL,2,1,'2024-10-04 13:26:13','2024-10-04 14:44:32','119.155.5.50'),(355,NULL,2,1,'2024-10-05 13:37:45','2024-10-05 13:37:45','167.253.48.177'),(356,NULL,2,1,'2024-10-05 13:37:45','2024-10-05 13:37:45','193.93.195.193'),(357,NULL,2,1,'2024-10-07 06:48:51','2024-10-07 07:21:19','119.155.5.50'),(358,NULL,2,1,'2024-10-07 07:23:07','2024-10-07 08:28:16','119.155.5.50'),(359,NULL,2,1,'2024-10-07 09:01:21','2024-10-07 10:16:20','119.155.5.50'),(360,NULL,1,1,'2024-10-07 10:58:33','2024-10-07 11:01:45','27.34.70.8'),(361,NULL,2,1,'2024-10-07 11:20:44','2024-10-07 11:28:31','119.155.5.50'),(362,NULL,2,1,'2024-10-07 11:54:24','2024-10-07 12:48:29','119.155.5.50'),(363,NULL,2,1,'2024-10-07 13:22:18','2024-10-07 14:37:05','119.155.5.50'),(364,NULL,2,1,'2024-10-07 14:39:34','2024-10-07 14:52:26','119.155.5.50'),(365,NULL,1,1,'2024-10-07 14:49:01','2024-10-07 14:59:39','27.34.70.8'),(366,NULL,2,1,'2024-10-07 15:16:07','2024-10-07 15:17:12','119.155.5.50'),(367,NULL,1,1,'2024-10-08 08:30:47','2024-10-08 08:56:34','27.34.70.8'),(368,NULL,2,1,'2024-10-08 09:25:09','2024-10-08 09:26:03','119.155.5.50'),(369,NULL,2,1,'2024-10-08 10:59:46','2024-10-08 11:30:50','119.155.5.50'),(370,NULL,2,1,'2024-10-08 11:52:52','2024-10-08 12:37:20','119.155.5.50'),(371,NULL,2,1,'2024-10-08 13:05:45','2024-10-08 13:15:02','119.155.5.50'),(372,NULL,2,1,'2024-10-08 13:30:24','2024-10-08 13:45:30','119.155.5.50'),(373,NULL,2,1,'2024-10-08 14:12:42','2024-10-08 14:12:42','119.155.5.50'),(374,NULL,2,1,'2024-10-08 14:34:05','2024-10-08 14:35:11','119.155.5.50'),(375,NULL,1,1,'2024-10-09 08:28:05','2024-10-09 08:34:38','27.34.70.8'),(376,NULL,1,1,'2024-10-09 14:41:59','2024-10-09 14:44:27','27.34.70.80'),(377,NULL,2,1,'2024-10-09 15:53:43','2024-10-09 15:56:09','119.155.5.50'),(378,NULL,2,1,'2024-10-10 08:11:13','2024-10-10 08:11:13','119.155.5.50'),(379,NULL,1,1,'2024-10-14 06:18:53','2024-10-14 06:19:37','27.34.70.8'),(380,NULL,1,1,'2024-10-14 06:40:29','2024-10-14 06:55:25','27.34.70.8'),(381,NULL,1,1,'2024-10-14 08:26:21','2024-10-14 08:34:14','27.34.70.8'),(382,NULL,1,1,'2024-10-14 08:40:55','2024-10-14 08:44:24','27.34.70.8'),(383,NULL,1,1,'2024-10-14 09:25:33','2024-10-14 09:26:52','27.34.70.8'),(384,NULL,1,1,'2024-10-14 09:50:10','2024-10-14 10:42:24','27.34.70.8'),(385,NULL,1,1,'2024-10-14 11:41:53','2024-10-14 11:43:31','27.34.70.8'),(386,NULL,1,1,'2024-10-15 05:58:02','2024-10-15 06:04:16','27.34.70.8'),(387,NULL,1,1,'2024-10-15 08:21:21','2024-10-15 08:23:05','27.34.70.8'),(388,NULL,1,1,'2024-10-15 09:38:14','2024-10-15 09:46:22','27.34.70.8'),(389,NULL,2,1,'2024-10-15 10:30:48','2024-10-15 10:30:48','119.155.5.50'),(390,NULL,1,1,'2024-10-17 06:53:06','2024-10-17 06:58:18','27.34.70.8'),(391,NULL,1,1,'2024-10-17 10:12:07','2024-10-17 10:27:21','27.34.70.34'),(392,NULL,2,1,'2024-10-17 14:53:09','2024-10-17 14:59:07','119.155.5.50'),(393,NULL,1,1,'2024-10-18 05:50:28','2024-10-18 06:04:03','27.34.70.8'),(394,NULL,1,1,'2024-10-18 06:46:25','2024-10-18 06:49:43','27.34.70.8'),(395,NULL,1,1,'2024-10-18 07:13:01','2024-10-18 07:30:43','27.34.70.8'),(396,NULL,1,1,'2024-10-18 07:24:53','2024-10-18 07:41:01','27.34.70.34'),(397,NULL,1,1,'2024-10-18 07:59:44','2024-10-18 08:31:06','27.34.70.8'),(398,NULL,2,1,'2024-10-18 08:15:37','2024-10-18 08:17:05','119.155.5.50'),(399,NULL,2,1,'2024-10-18 10:42:37','2024-10-18 10:48:55','39.37.143.1'),(400,NULL,2,1,'2024-10-18 11:09:28','2024-10-18 11:11:21','182.185.182.185'),(401,NULL,2,1,'2024-10-18 11:47:34','2024-10-18 11:52:26','182.185.182.185'),(402,NULL,2,1,'2024-10-18 12:14:58','2024-10-18 12:28:49','182.185.182.185'),(403,NULL,2,1,'2024-10-18 13:45:27','2024-10-18 13:48:15','182.185.182.185'),(404,NULL,2,1,'2024-10-18 14:16:23','2024-10-18 14:22:48','182.185.182.185'),(405,NULL,2,1,'2024-10-18 14:58:10','2024-10-18 15:36:35','182.185.182.185'),(406,NULL,1,1,'2024-10-21 05:16:23','2024-10-21 05:18:03','27.34.70.34'),(407,NULL,1,1,'2024-10-21 05:36:02','2024-10-21 05:57:54','27.34.70.34'),(408,NULL,2,1,'2024-10-21 07:09:10','2024-10-21 08:26:22','182.185.182.185'),(409,NULL,2,1,'2024-10-21 09:00:30','2024-10-21 09:01:32','182.185.182.185'),(410,NULL,2,1,'2024-10-21 09:18:54','2024-10-21 09:24:21','182.185.182.185'),(411,NULL,2,1,'2024-10-21 09:41:27','2024-10-21 09:42:25','182.185.182.185'),(412,NULL,2,1,'2024-10-21 10:10:32','2024-10-21 11:09:53','182.185.182.185'),(413,NULL,2,1,'2024-10-21 11:37:11','2024-10-21 11:40:36','182.185.182.185'),(414,NULL,2,1,'2024-10-21 12:07:41','2024-10-21 12:10:46','182.185.182.185'),(415,NULL,2,1,'2024-10-21 12:48:13','2024-10-21 13:44:27','182.185.182.185'),(416,NULL,2,1,'2024-10-21 14:07:14','2024-10-21 14:17:26','182.185.182.185'),(417,NULL,2,1,'2024-10-21 14:52:39','2024-10-21 15:15:38','182.185.182.185'),(418,NULL,2,1,'2024-10-22 07:17:57','2024-10-22 08:12:52','182.185.182.185'),(419,NULL,2,1,'2024-10-22 08:53:59','2024-10-22 09:01:04','182.185.182.185'),(420,NULL,2,1,'2024-10-22 09:18:01','2024-10-22 09:20:15','182.185.182.185'),(421,NULL,2,1,'2024-10-22 10:14:43','2024-10-22 10:15:24','182.185.182.185'),(422,NULL,2,1,'2024-10-22 13:10:48','2024-10-22 13:45:24','182.185.182.185'),(423,NULL,1,1,'2024-10-22 14:07:56','2024-10-22 14:28:19','182.185.182.185'),(424,NULL,1,1,'2024-10-22 14:49:13','2024-10-22 14:51:21','182.185.182.185'),(425,NULL,1,1,'2024-10-22 15:10:31','2024-10-22 15:11:07','182.185.182.185'),(426,NULL,1,1,'2024-10-22 15:37:45','2024-10-22 15:39:14','182.185.182.185'),(427,NULL,1,1,'2024-10-23 06:12:08','2024-10-23 07:06:50','27.34.70.8'),(428,NULL,1,1,'2024-10-23 07:10:29','2024-10-23 08:08:05','182.185.182.185'),(429,NULL,1,1,'2024-10-23 09:00:34','2024-10-23 09:09:31','182.185.182.185'),(430,NULL,1,1,'2024-10-23 09:24:46','2024-10-23 09:45:22','182.185.182.185'),(431,NULL,1,1,'2024-10-23 09:38:48','2024-10-23 09:40:02','27.34.70.8'),(432,NULL,1,1,'2024-10-23 10:00:57','2024-10-23 10:48:35','182.185.182.185'),(433,NULL,1,1,'2024-10-23 11:09:13','2024-10-23 11:09:45','182.185.182.185'),(434,NULL,1,1,'2024-10-23 11:40:57','2024-10-23 11:45:54','182.185.182.185'),(435,NULL,1,1,'2024-10-23 13:25:06','2024-10-23 13:25:45','182.185.182.185'),(436,NULL,1,1,'2024-10-23 13:46:02','2024-10-23 14:12:09','182.185.182.185'),(437,NULL,1,1,'2024-10-23 14:32:38','2024-10-23 15:11:24','182.185.182.185'),(438,NULL,1,1,'2024-10-24 07:51:25','2024-10-24 08:28:07','182.185.182.185'),(439,NULL,1,1,'2024-10-24 07:57:15','2024-10-24 07:58:52','27.34.70.8'),(440,NULL,1,1,'2024-10-24 08:17:28','2024-10-24 08:18:38','27.34.70.8'),(441,NULL,1,1,'2024-10-24 09:18:14','2024-10-24 10:17:59','182.185.182.185'),(442,NULL,1,1,'2024-10-24 10:36:37','2024-10-24 10:47:48','182.185.182.185'),(443,NULL,1,3,'2024-10-24 11:37:33','2024-10-24 11:37:33','182.185.182.185'),(444,NULL,1,1,'2024-10-24 11:37:33','2024-10-24 12:23:23','182.185.182.185'),(445,NULL,1,1,'2024-10-24 12:47:07','2024-10-24 14:12:42','182.185.182.185'),(446,NULL,1,1,'2024-10-24 14:46:26','2024-10-24 15:42:46','182.185.182.185'),(447,NULL,1,1,'2024-10-25 07:07:52','2024-10-25 08:07:35','182.185.182.185'),(448,NULL,1,1,'2024-10-25 07:19:40','2024-10-25 07:29:33','27.34.70.8'),(449,NULL,1,1,'2024-10-25 09:30:13','2024-10-25 09:58:10','182.185.182.185'),(450,NULL,1,1,'2024-10-25 11:21:30','2024-10-25 11:22:33','27.34.70.8'),(451,NULL,1,1,'2024-10-25 11:52:04','2024-10-25 11:53:10','27.34.70.8'),(452,NULL,1,1,'2024-10-25 12:22:04','2024-10-25 12:22:38','182.185.182.185'),(453,NULL,1,1,'2024-10-25 12:53:09','2024-10-25 14:34:39','182.185.182.185'),(454,NULL,1,1,'2024-10-28 06:51:31','2024-10-28 07:50:55','182.185.182.185'),(455,NULL,1,1,'2024-10-28 08:41:06','2024-10-28 08:55:12','182.185.182.185'),(456,NULL,1,1,'2024-10-28 10:19:35','2024-10-28 10:20:04','27.34.70.118'),(457,NULL,1,1,'2024-10-28 10:21:35','2024-10-28 10:28:32','182.185.182.185'),(458,NULL,1,1,'2024-10-28 10:47:36','2024-10-28 10:47:36','182.185.182.185'),(459,NULL,1,1,'2024-10-28 11:39:24','2024-10-28 11:40:06','182.185.182.185'),(460,NULL,1,1,'2024-10-29 05:27:33','2024-10-29 05:29:12','27.34.70.118'),(461,NULL,1,1,'2024-10-29 05:45:48','2024-10-29 06:07:45','27.34.70.118'),(462,NULL,1,1,'2024-10-29 06:47:50','2024-10-29 06:54:31','27.34.70.118'),(463,NULL,1,1,'2024-10-29 07:49:07','2024-10-29 08:42:20','27.34.70.118'),(464,NULL,1,1,'2024-10-29 09:39:38','2024-10-29 09:59:12','27.34.70.118'),(465,NULL,1,1,'2024-10-29 10:31:41','2024-10-29 11:01:48','182.185.182.185'),(466,NULL,1,1,'2024-10-29 11:15:25','2024-10-29 11:16:08','27.34.70.118'),(467,NULL,1,1,'2024-10-29 11:22:39','2024-10-29 12:18:34','182.185.182.185'),(468,NULL,1,1,'2024-10-29 12:51:09','2024-10-29 12:56:54','182.185.182.185'),(469,NULL,1,1,'2024-10-29 13:12:34','2024-10-29 13:24:52','182.185.182.185'),(470,NULL,1,1,'2024-10-30 07:17:46','2024-10-30 07:56:52','182.185.182.185'),(471,NULL,1,1,'2024-10-30 08:36:28','2024-10-30 08:49:26','27.34.70.118'),(472,NULL,1,1,'2024-10-30 10:00:12','2024-10-30 10:37:46','27.34.70.118'),(473,NULL,1,1,'2024-10-30 10:12:59','2024-10-30 10:15:39','27.34.70.118'),(474,NULL,1,1,'2024-10-31 06:43:21','2024-10-31 06:53:24','182.185.182.185'),(475,NULL,1,1,'2024-10-31 07:13:19','2024-10-31 07:19:44','182.185.182.185'),(476,NULL,1,1,'2024-10-31 07:38:39','2024-10-31 08:30:03','182.185.182.185'),(477,NULL,1,1,'2024-10-31 09:02:15','2024-10-31 10:01:24','182.185.182.185'),(478,NULL,1,1,'2024-10-31 11:23:37','2024-10-31 12:21:07','182.185.182.185'),(479,NULL,1,1,'2024-10-31 12:43:30','2024-10-31 12:56:24','182.185.182.185'),(480,NULL,1,1,'2024-10-31 13:11:58','2024-10-31 14:13:44','182.185.182.185'),(481,NULL,1,1,'2024-11-01 07:33:40','2024-11-01 07:47:07','182.185.182.185'),(482,NULL,1,1,'2024-11-01 08:06:39','2024-11-01 08:14:06','182.185.182.185'),(483,NULL,1,1,'2024-11-01 11:09:57','2024-11-01 11:11:51','182.185.182.185'),(484,NULL,1,1,'2024-11-01 11:44:25','2024-11-01 12:16:55','182.185.182.185'),(485,NULL,1,1,'2024-11-01 12:38:12','2024-11-01 12:38:12','182.185.182.185'),(486,NULL,1,1,'2024-11-01 13:04:09','2024-11-01 13:11:39','182.185.182.185'),(487,NULL,1,1,'2024-11-01 13:43:23','2024-11-01 13:47:03','182.185.182.185'),(488,NULL,1,1,'2024-11-04 05:17:56','2024-11-04 05:33:14','27.34.70.118'),(489,NULL,1,1,'2024-11-04 07:35:39','2024-11-04 07:36:12','27.34.70.118'),(490,NULL,1,1,'2024-11-04 07:52:56','2024-11-04 07:52:56','27.34.70.118'),(491,NULL,1,1,'2024-11-04 11:01:02','2024-11-04 11:06:52','27.34.70.118'),(492,NULL,1,1,'2024-11-04 11:48:22','2024-11-04 11:49:02','182.185.182.185'),(493,NULL,1,1,'2024-11-05 03:17:10','2024-11-05 03:26:10','27.34.70.34'),(494,NULL,1,1,'2024-11-05 05:27:59','2024-11-05 05:31:17','27.34.70.76'),(495,NULL,1,1,'2024-11-05 06:49:03','2024-11-05 06:51:16','27.34.70.76'),(496,NULL,1,1,'2024-11-05 08:19:20','2024-11-05 08:22:57','27.34.70.34'),(497,NULL,1,1,'2024-11-05 10:30:24','2024-11-05 10:38:29','27.34.70.34'),(498,NULL,1,1,'2024-11-06 09:30:34','2024-11-06 09:31:41','182.185.182.185'),(499,NULL,1,1,'2024-11-11 07:24:42','2024-11-11 07:26:44','39.37.134.243'),(500,NULL,1,1,'2024-11-11 09:14:07','2024-11-11 09:16:01','39.37.134.243'),(501,NULL,1,1,'2024-11-11 10:05:22','2024-11-11 10:07:30','39.37.134.243'),(502,NULL,1,1,'2024-11-11 11:07:50','2024-11-11 11:08:38','39.37.134.243'),(503,NULL,1,1,'2024-11-11 11:55:33','2024-11-11 12:02:29','39.37.134.243'),(504,NULL,1,1,'2024-11-11 12:36:03','2024-11-11 13:03:45','39.37.134.243'),(505,NULL,1,1,'2024-11-11 13:21:07','2024-11-11 13:22:20','39.37.134.243'),(506,NULL,1,1,'2024-11-11 14:29:34','2024-11-11 14:33:19','39.37.134.243'),(507,NULL,1,1,'2024-11-12 07:22:56','2024-11-12 07:33:41','39.37.134.243'),(508,NULL,1,1,'2024-11-12 08:06:21','2024-11-12 08:24:28','39.37.134.243'),(509,NULL,1,1,'2024-11-12 09:03:54','2024-11-12 09:05:24','39.37.134.243'),(510,NULL,1,1,'2024-11-12 09:24:56','2024-11-12 11:02:02','39.37.134.243'),(511,NULL,1,1,'2024-11-13 07:37:43','2024-11-13 07:38:18','182.185.173.131'),(512,NULL,1,1,'2024-11-14 09:41:38','2024-11-14 09:41:38','27.34.70.34'),(513,NULL,1,1,'2024-11-14 09:42:13','2024-11-14 09:48:27','86.31.86.209'),(514,NULL,1,1,'2024-11-19 11:19:52','2024-11-19 11:24:17','182.185.140.21'),(515,NULL,1,1,'2024-11-29 09:25:50','2024-11-29 09:26:18','39.37.156.150'),(516,NULL,1,1,'2024-12-03 13:28:42','2024-12-03 13:28:42','27.34.70.95'),(517,NULL,1,1,'2024-12-03 13:29:05','2024-12-03 13:43:21','86.31.86.209'),(518,NULL,1,1,'2024-12-04 06:14:59','2024-12-04 06:14:59','27.34.70.95'),(519,NULL,1,1,'2024-12-04 06:30:26','2024-12-04 06:31:32','27.34.70.95'),(520,NULL,1,1,'2024-12-04 10:52:17','2024-12-04 10:52:17','86.31.86.209'),(521,NULL,1,1,'2024-12-04 12:03:53','2024-12-04 12:18:54','39.37.156.150'),(522,NULL,1,1,'2024-12-04 13:37:49','2024-12-04 13:37:49','27.34.70.95'),(523,NULL,1,1,'2024-12-05 07:27:36','2024-12-05 07:29:09','27.34.70.95'),(524,NULL,1,1,'2024-12-05 08:58:33','2024-12-05 08:58:33','27.34.70.95'),(525,NULL,1,1,'2024-12-05 10:45:51','2024-12-05 10:46:19','37.73.12.2'),(526,NULL,1,1,'2024-12-05 11:59:21','2024-12-05 11:59:21','39.37.156.150'),(527,NULL,1,1,'2024-12-05 12:36:00','2024-12-05 12:37:36','39.37.156.150'),(528,NULL,1,1,'2024-12-06 05:34:20','2024-12-06 05:34:48','27.34.70.95'),(529,NULL,1,1,'2024-12-06 15:47:28','2024-12-06 15:47:28','39.37.156.150'),(530,NULL,1,1,'2024-12-09 11:58:57','2024-12-09 12:07:51','39.37.156.150'),(531,NULL,1,1,'2024-12-10 13:44:47','2024-12-10 13:51:21','182.185.131.198'),(532,NULL,1,3,'2024-12-10 15:25:34','2024-12-10 15:25:34','182.185.131.198'),(533,NULL,1,1,'2024-12-10 15:25:35','2024-12-10 15:27:14','182.185.131.198'),(534,NULL,1,1,'2024-12-11 08:10:41','2024-12-11 08:10:41','27.34.70.63'),(535,NULL,1,1,'2024-12-11 10:38:08','2024-12-11 10:38:41','27.34.70.63'),(536,NULL,1,1,'2024-12-11 10:59:13','2024-12-11 11:26:14','27.34.70.63'),(537,NULL,1,1,'2024-12-11 11:46:09','2024-12-11 11:50:11','27.34.70.63'),(538,NULL,1,0,'2024-12-13 07:49:56','2024-12-13 07:50:16','182.185.131.198'),(539,NULL,1,1,'2024-12-13 07:50:47','2024-12-13 07:50:47','182.185.131.198'),(540,NULL,1,1,'2024-12-13 14:37:35','2024-12-13 14:40:46','182.185.131.198'),(541,NULL,1,1,'2024-12-16 09:39:04','2024-12-16 09:39:04','182.185.131.198'),(542,NULL,1,1,'2024-12-16 09:42:39','2024-12-16 09:57:52','27.34.70.33'),(543,NULL,1,1,'2024-12-17 09:18:56','2024-12-17 09:21:10','182.185.131.198'),(544,NULL,1,1,'2024-12-17 10:29:07','2024-12-17 10:32:52','182.185.131.198'),(545,NULL,1,1,'2024-12-17 10:48:30','2024-12-17 10:52:41','182.185.131.198'),(546,NULL,1,1,'2024-12-23 06:59:46','2024-12-23 07:00:35','27.34.70.33'),(547,NULL,1,1,'2024-12-23 10:39:38','2024-12-23 10:40:06','27.34.70.59'),(548,NULL,1,1,'2024-12-23 11:17:56','2024-12-23 11:17:56','27.34.70.59'),(549,NULL,1,1,'2024-12-23 11:49:49','2024-12-23 11:50:35','27.34.70.59'),(550,NULL,1,1,'2024-12-23 12:49:59','2024-12-23 12:52:00','194.169.170.42'),(551,NULL,1,1,'2024-12-23 14:53:07','2024-12-23 14:53:40','39.46.249.53'),(552,NULL,1,1,'2024-12-24 07:21:46','2024-12-24 07:22:15','39.46.249.53'),(553,NULL,1,1,'2024-12-24 08:33:00','2024-12-24 08:33:00','39.46.249.53'),(554,NULL,1,1,'2024-12-25 03:57:15','2024-12-25 03:59:14','27.34.70.59'),(555,NULL,1,1,'2024-12-27 12:54:02','2024-12-27 12:56:07','39.46.232.244'),(556,NULL,1,1,'2024-12-27 13:12:24','2024-12-27 13:12:24','39.46.232.244'),(557,NULL,1,1,'2024-12-27 14:37:10','2024-12-27 14:56:59','39.37.153.185'),(558,NULL,1,1,'2025-01-03 12:22:17','2025-01-03 12:22:17','39.37.183.204'),(559,NULL,1,3,'2025-01-04 04:54:02','2025-01-04 04:54:02','39.63.149.227'),(560,NULL,1,1,'2025-01-04 04:54:03','2025-01-04 04:54:03','39.63.149.227'),(561,NULL,1,1,'2025-01-06 07:09:01','2025-01-06 07:09:01','39.37.183.204'),(562,NULL,1,1,'2025-01-06 08:02:20','2025-01-06 08:02:20','39.37.183.204'),(563,NULL,1,1,'2025-01-06 08:55:14','2025-01-06 09:08:36','39.37.183.204'),(564,NULL,1,1,'2025-01-06 09:12:27','2025-01-06 09:14:36','39.37.183.204'),(565,NULL,1,1,'2025-01-06 09:40:31','2025-01-06 09:40:31','39.37.183.204'),(566,NULL,1,1,'2025-01-06 10:20:36','2025-01-06 10:31:26','39.37.183.204'),(567,NULL,1,1,'2025-01-06 11:01:22','2025-01-06 11:03:42','39.37.183.204'),(568,NULL,1,1,'2025-01-06 11:34:51','2025-01-06 11:34:51','39.37.183.204'),(569,NULL,1,1,'2025-01-07 07:25:56','2025-01-07 07:44:34','27.34.70.59'),(570,NULL,1,1,'2025-01-07 07:46:17','2025-01-07 07:47:32','39.37.183.204'),(571,NULL,1,1,'2025-01-07 07:48:31','2025-01-07 07:49:02','39.37.183.204'),(572,NULL,1,1,'2025-01-07 08:22:38','2025-01-07 08:22:38','39.37.183.204'),(573,NULL,1,1,'2025-01-07 11:53:46','2025-01-07 11:54:17','39.37.183.204'),(574,NULL,1,1,'2025-01-07 13:11:08','2025-01-07 13:32:34','39.37.183.204'),(575,NULL,1,1,'2025-01-07 13:16:04','2025-01-07 13:41:02','27.34.70.59'),(576,NULL,1,1,'2025-01-07 13:49:44','2025-01-07 13:52:32','39.37.183.204'),(577,NULL,1,1,'2025-01-07 13:54:31','2025-01-07 13:56:39','39.37.183.204'),(578,NULL,1,1,'2025-01-07 14:42:33','2025-01-07 15:15:57','39.37.183.204'),(579,NULL,1,1,'2025-01-07 15:34:03','2025-01-07 15:34:03','39.37.183.204'),(580,NULL,1,1,'2025-01-08 07:24:10','2025-01-08 07:50:50','39.49.160.150'),(581,NULL,1,1,'2025-01-08 08:45:35','2025-01-08 08:47:33','86.31.86.209'),(582,NULL,1,1,'2025-01-08 08:46:12','2025-01-08 08:47:20','39.49.160.150'),(583,NULL,1,1,'2025-01-08 09:26:15','2025-01-08 09:28:51','86.31.86.209'),(584,NULL,1,1,'2025-01-08 10:00:36','2025-01-08 10:16:51','182.185.148.212'),(585,NULL,1,1,'2025-01-08 10:26:00','2025-01-08 10:26:00','86.31.86.209'),(586,NULL,1,1,'2025-01-08 12:57:11','2025-01-08 12:57:59','182.185.148.212'),(587,NULL,1,1,'2025-01-09 07:59:35','2025-01-09 08:00:26','182.185.148.212'),(588,NULL,1,1,'2025-01-09 09:39:27','2025-01-09 10:06:40','182.185.148.212'),(589,NULL,2,1,'2025-01-09 09:47:38','2025-01-09 09:48:07','86.31.86.209'),(590,NULL,1,1,'2025-01-09 09:50:30','2025-01-09 09:50:30','182.185.148.212'),(591,NULL,2,1,'2025-01-09 09:50:48','2025-01-09 09:51:20','86.31.86.209'),(592,NULL,4,1,'2025-01-09 10:07:36','2025-01-09 10:08:04','182.185.148.212'),(593,NULL,1,1,'2025-01-09 21:06:20','2025-01-09 21:30:11','39.46.197.48'),(594,NULL,1,1,'2025-01-10 07:32:25','2025-01-10 07:37:55','182.185.148.212'),(595,NULL,1,1,'2025-01-10 09:23:04','2025-01-10 09:23:04','182.185.148.212'),(596,NULL,1,1,'2025-01-10 09:41:46','2025-01-10 09:41:46','182.185.148.212'),(597,NULL,1,1,'2025-01-10 11:02:30','2025-01-10 11:02:58','182.185.148.212'),(598,NULL,1,1,'2025-01-10 13:22:31','2025-01-10 13:52:23','182.185.148.212'),(599,NULL,1,3,'2025-01-10 17:46:25','2025-01-10 17:46:25','39.46.197.48'),(600,NULL,1,1,'2025-01-10 17:46:26','2025-01-10 17:46:54','39.46.197.48'),(601,NULL,1,1,'2025-01-11 07:03:36','2025-01-11 07:09:34','39.46.227.87'),(602,NULL,1,1,'2025-01-11 07:58:25','2025-01-11 07:58:25','39.46.227.87'),(603,NULL,1,1,'2025-01-13 07:22:52','2025-01-13 07:22:52','39.49.160.13'),(604,NULL,1,1,'2025-01-13 08:31:34','2025-01-13 08:31:34','39.49.160.13'),(605,NULL,1,0,'2025-01-13 08:43:11','2025-01-13 09:04:24','111.88.125.158'),(606,NULL,1,1,'2025-01-13 09:54:20','2025-01-13 10:08:51','39.37.160.223'),(607,NULL,1,1,'2025-01-13 12:14:45','2025-01-13 12:32:07','39.37.160.223'),(608,NULL,1,1,'2025-01-13 13:23:31','2025-01-13 13:24:00','39.37.160.223'),(609,NULL,1,1,'2025-01-14 09:40:14','2025-01-14 09:53:37','39.37.138.1'),(610,NULL,1,1,'2025-01-20 13:58:58','2025-01-20 14:10:08','182.185.180.116'),(611,NULL,1,0,'2025-01-20 14:09:42','2025-01-20 14:12:17','116.72.18.66'),(612,NULL,5,3,'2025-01-20 14:11:53','2025-01-20 14:11:53','116.72.18.66'),(613,NULL,5,3,'2025-01-20 14:42:48','2025-01-20 14:53:48','202.71.5.198'),(614,NULL,5,3,'2025-01-20 15:09:08','2025-01-20 15:09:08','202.71.5.198'),(615,NULL,1,1,'2025-01-20 15:25:36','2025-01-20 15:25:36','182.185.180.116'),(616,NULL,1,1,'2025-01-21 13:12:12','2025-01-21 13:12:55','182.185.180.116'),(618,NULL,1,1,'2025-01-22 09:25:06','2025-01-22 09:31:45','182.185.143.35'),(619,NULL,1,1,'2025-01-22 09:53:08','2025-01-22 10:00:19','182.185.143.35'),(620,NULL,1,1,'2025-01-22 10:37:12','2025-01-22 10:37:12','182.185.129.64'),(621,NULL,1,1,'2025-01-22 14:58:23','2025-01-22 14:58:23','182.185.129.64'),(622,NULL,5,3,'2025-01-23 10:27:56','2025-01-23 10:27:56','49.36.71.22'),(623,NULL,1,1,'2025-01-23 10:40:46','2025-01-23 10:44:05','72.255.40.107'),(624,NULL,5,3,'2025-01-23 10:51:24','2025-01-23 11:06:27','135.181.163.188'),(625,NULL,5,3,'2025-01-23 11:40:30','2025-01-23 12:08:35','135.181.163.188'),(626,NULL,1,1,'2025-01-23 12:00:52','2025-01-23 12:00:52','72.255.40.107'),(627,NULL,5,3,'2025-01-23 12:36:42','2025-01-23 12:38:13','135.181.163.188'),(628,NULL,5,3,'2025-01-23 13:01:15','2025-01-23 13:43:19','182.77.62.24'),(629,NULL,5,3,'2025-01-23 13:14:24','2025-01-23 13:14:54','182.77.62.24'),(630,NULL,5,3,'2025-01-23 13:38:34','2025-01-23 13:43:37','182.77.62.24'),(631,NULL,5,3,'2025-01-24 05:02:53','2025-01-24 05:02:53','103.84.198.33'),(632,NULL,5,3,'2025-01-24 09:15:29','2025-01-24 09:16:17','72.255.40.107'),(633,NULL,5,3,'2025-01-24 09:25:49','2025-01-24 10:03:30','86.31.86.209'),(634,NULL,5,3,'2025-01-24 10:36:12','2025-01-24 11:04:05','72.255.40.107'),(635,NULL,5,3,'2025-01-24 11:31:06','2025-01-24 11:38:31','103.84.198.33'),(636,NULL,5,3,'2025-01-24 11:38:25','2025-01-24 11:50:51','86.31.86.209'),(637,NULL,5,3,'2025-01-24 12:21:16','2025-01-24 12:21:50','182.185.158.222'),(638,NULL,5,3,'2025-01-24 12:24:20','2025-01-24 12:24:20','116.72.18.66'),(639,NULL,5,3,'2025-01-24 13:39:23','2025-01-24 14:01:02','162.158.159.49'),(640,NULL,5,3,'2025-01-27 06:51:35','2025-01-27 06:51:35','172.70.114.89'),(641,NULL,5,3,'2025-01-27 07:57:16','2025-01-27 07:58:27','172.70.110.213'),(642,NULL,5,3,'2025-01-27 08:08:16','2025-01-27 08:19:06','172.70.230.56'),(643,NULL,5,3,'2025-01-27 08:09:19','2025-01-27 09:05:51','172.70.110.139'),(644,NULL,5,3,'2025-01-27 08:56:32','2025-01-27 08:58:33','162.158.159.37'),(645,NULL,5,3,'2025-01-27 09:06:54','2025-01-27 09:08:53','172.70.110.247'),(646,NULL,5,3,'2025-01-27 10:16:23','2025-01-27 11:12:25','172.70.231.40'),(647,NULL,5,3,'2025-01-27 10:16:44','2025-01-27 10:19:07','162.158.62.68'),(648,NULL,5,3,'2025-01-27 10:41:14','2025-01-27 10:41:14','162.158.62.96'),(649,NULL,5,3,'2025-01-27 10:42:19','2025-01-27 10:52:44','162.158.155.37'),(650,NULL,5,3,'2025-01-27 10:57:22','2025-01-27 11:12:46','162.158.159.38'),(651,NULL,5,3,'2025-01-27 11:14:27','2025-01-27 11:15:10','162.158.154.246'),(652,NULL,5,3,'2025-01-27 11:16:09','2025-01-27 11:20:03','172.70.110.139'),(653,NULL,5,3,'2025-01-27 11:17:27','2025-01-27 11:27:17','162.158.63.11'),(654,NULL,5,3,'2025-01-27 11:18:57','2025-01-27 11:59:59','162.158.63.11'),(655,NULL,5,3,'2025-01-27 11:27:47','2025-01-27 11:44:10','172.70.230.250'),(656,NULL,5,3,'2025-01-27 11:39:04','2025-01-27 11:44:49','172.70.114.103'),(657,NULL,5,3,'2025-01-27 12:15:43','2025-01-27 12:19:07','162.158.155.15'),(658,NULL,5,3,'2025-01-27 12:56:16','2025-01-27 13:09:15','162.158.62.68'),(659,NULL,5,3,'2025-01-27 13:25:58','2025-01-27 13:35:09','162.158.155.16'),(660,NULL,5,3,'2025-01-27 13:36:59','2025-01-27 14:05:47','172.70.230.163'),(661,NULL,5,3,'2025-01-27 15:20:53','2025-01-27 15:35:40','162.158.154.51'),(662,NULL,5,3,'2025-01-27 15:58:05','2025-01-27 15:58:05','162.158.63.115'),(663,NULL,5,3,'2025-01-27 16:28:14','2025-01-27 16:58:46','172.70.111.143'),(664,NULL,5,3,'2025-01-28 06:37:29','2025-01-28 07:17:09','162.158.63.12'),(665,NULL,5,3,'2025-01-28 07:20:58','2025-01-28 07:40:03','172.70.114.123'),(666,NULL,5,3,'2025-01-28 08:19:05','2025-01-28 08:53:08','162.158.154.203'),(667,NULL,5,3,'2025-01-28 09:05:14','2025-01-28 09:14:15','172.70.230.56'),(668,NULL,5,3,'2025-01-28 09:29:35','2025-01-28 09:58:48','172.70.114.88'),(669,NULL,5,3,'2025-01-28 09:35:01','2025-01-28 10:01:13','162.158.63.9'),(670,NULL,5,3,'2025-01-28 09:57:44','2025-01-28 10:03:13','162.158.63.12'),(671,NULL,5,3,'2025-01-28 09:59:10','2025-01-28 10:00:47','172.70.230.251'),(672,NULL,5,3,'2025-01-28 10:27:16','2025-01-28 10:36:25','172.70.230.162'),(673,NULL,5,3,'2025-01-28 10:30:30','2025-01-28 10:33:21','162.158.154.141'),(674,NULL,5,3,'2025-01-28 10:31:56','2025-01-28 10:45:48','162.158.62.97'),(675,NULL,5,3,'2025-01-28 10:37:56','2025-01-28 10:58:29','172.70.114.130'),(676,NULL,5,3,'2025-01-28 10:58:54','2025-01-28 13:26:57','172.70.110.168'),(677,NULL,5,3,'2025-01-28 12:14:13','2025-01-28 12:39:42','162.158.155.16'),(679,NULL,5,3,'2025-01-28 13:12:38','2025-01-28 13:12:38','172.70.111.144'),(680,NULL,5,3,'2025-01-28 14:29:45','2025-01-28 14:45:11','162.158.159.50'),(681,NULL,5,3,'2025-01-28 14:49:03','2025-01-28 15:29:41','162.158.63.11'),(682,NULL,5,3,'2025-01-28 15:08:42','2025-01-28 15:36:49','162.158.63.11'),(683,NULL,5,3,'2025-01-28 15:24:06','2025-01-28 15:24:44','162.158.155.60'),(684,NULL,5,3,'2025-01-28 15:55:09','2025-01-28 16:11:46','172.70.231.40'),(685,NULL,5,3,'2025-01-28 15:56:40','2025-01-28 16:01:13','172.70.114.103'),(686,NULL,5,3,'2025-01-29 07:34:40','2025-01-29 07:51:45','172.70.114.117'),(687,NULL,5,3,'2025-01-29 09:17:44','2025-01-29 09:17:44','172.70.230.250'),(688,NULL,5,3,'2025-01-29 10:05:52','2025-01-29 10:29:15','162.158.159.62'),(689,NULL,5,3,'2025-01-29 11:41:11','2025-01-29 12:17:48','172.70.231.39'),(690,NULL,5,3,'2025-01-29 12:38:26','2025-01-29 12:50:02','172.70.110.213'),(691,NULL,5,3,'2025-01-29 13:17:10','2025-01-29 13:21:21','172.70.110.213'),(692,NULL,5,3,'2025-01-29 13:49:41','2025-01-29 14:00:29','162.158.63.11'),(693,NULL,5,3,'2025-01-29 14:50:05','2025-01-29 15:21:12','162.158.159.38'),(694,NULL,5,3,'2025-01-29 15:21:29','2025-01-29 15:21:29','172.70.114.116'),(695,NULL,5,3,'2025-01-29 15:21:29','2025-01-29 16:02:52','162.158.159.49'),(696,NULL,5,3,'2025-01-29 15:44:55','2025-01-29 15:49:03','172.70.231.40'),(697,NULL,5,3,'2025-01-30 07:42:14','2025-01-30 07:42:44','172.70.114.130'),(698,NULL,5,3,'2025-01-30 13:10:59','2025-01-30 13:12:57','172.70.111.80'),(699,NULL,5,3,'2025-01-30 15:02:37','2025-01-30 15:08:21','172.70.231.39'),(700,NULL,5,3,'2025-01-30 15:07:45','2025-01-30 15:27:45','162.158.159.50'),(701,NULL,5,3,'2025-01-31 05:34:59','2025-01-31 05:38:44','162.158.63.12'),(702,NULL,5,3,'2025-01-31 05:56:20','2025-01-31 05:59:40','162.158.159.49'),(703,NULL,5,3,'2025-01-31 07:39:11','2025-01-31 07:55:54','162.158.158.23'),(704,NULL,5,3,'2025-01-31 07:56:57','2025-01-31 08:24:10','172.70.230.57'),(705,NULL,5,3,'2025-01-31 08:57:57','2025-01-31 09:16:05','172.70.110.2'),(706,NULL,5,3,'2025-01-31 09:20:57','2025-01-31 09:21:58','162.158.155.16'),(707,NULL,5,3,'2025-01-31 09:22:02','2025-01-31 10:45:04','172.70.114.103'),(708,NULL,5,3,'2025-01-31 09:27:25','2025-01-31 10:41:49','162.158.159.17'),(709,NULL,5,3,'2025-01-31 09:45:45','2025-01-31 09:49:19','162.158.159.129'),(710,NULL,5,3,'2025-01-31 09:46:04','2025-01-31 10:53:26','162.158.62.96'),(711,NULL,5,3,'2025-01-31 10:27:07','2025-01-31 10:41:47','172.70.114.131'),(712,NULL,5,3,'2025-01-31 11:51:31','2025-01-31 11:51:31','172.70.114.131'),(713,NULL,5,3,'2025-01-31 13:39:17','2025-01-31 15:11:14','162.158.154.247'),(714,NULL,5,3,'2025-01-31 16:10:29','2025-01-31 16:12:30','162.158.159.37'),(715,NULL,5,3,'2025-01-31 23:17:02','2025-02-01 00:02:06','162.158.155.15'),(716,NULL,5,3,'2025-02-01 04:55:26','2025-02-01 04:56:34','172.70.111.43'),(717,NULL,5,0,'2025-02-01 04:56:16','2025-02-01 06:32:05','172.70.111.44'),(718,NULL,5,3,'2025-02-01 06:21:56','2025-02-01 06:23:00','172.70.114.204'),(719,NULL,5,3,'2025-02-01 06:32:12','2025-02-01 06:48:51','162.158.154.95'),(720,NULL,5,3,'2025-02-01 11:19:26','2025-02-01 11:30:10','172.70.114.89'),(721,NULL,5,3,'2025-02-03 05:29:47','2025-02-03 06:24:10','162.158.155.16'),(722,NULL,5,3,'2025-02-03 07:24:38','2025-02-03 10:05:49','162.158.155.15'),(723,NULL,5,3,'2025-02-03 07:59:18','2025-02-03 08:11:05','172.70.111.143'),(724,NULL,5,3,'2025-02-03 08:15:16','2025-02-03 09:07:07','162.158.63.12'),(725,NULL,5,3,'2025-02-03 09:29:02','2025-02-03 09:30:16','172.70.230.163'),(726,NULL,5,3,'2025-02-03 09:31:33','2025-02-03 10:52:19','172.70.114.131'),(727,NULL,5,3,'2025-02-03 14:53:11','2025-02-03 15:07:32','162.158.155.60'),(728,NULL,5,3,'2025-02-03 15:46:11','2025-02-03 16:26:11','172.70.230.250'),(729,NULL,5,3,'2025-02-03 15:57:00','2025-02-03 16:03:13','162.158.154.246'),(730,NULL,5,3,'2025-02-03 16:23:43','2025-02-03 17:23:12','172.70.231.72'),(731,NULL,5,3,'2025-02-04 06:12:34','2025-02-04 06:15:52','162.158.158.40'),(732,NULL,5,3,'2025-02-04 06:46:54','2025-02-04 12:26:31','172.70.110.212'),(733,NULL,5,0,'2025-02-04 07:32:42','2025-02-04 08:54:19','172.70.111.79'),(734,NULL,5,3,'2025-02-04 08:51:15','2025-02-04 08:51:15','162.158.159.79'),(735,NULL,5,3,'2025-02-04 08:54:23','2025-02-04 10:18:19','162.158.154.246'),(736,NULL,5,3,'2025-02-04 09:09:36','2025-02-04 10:20:44','162.158.63.14'),(737,NULL,5,3,'2025-02-04 10:04:01','2025-02-04 10:21:43','172.70.111.143'),(738,NULL,5,3,'2025-02-04 10:52:41','2025-02-04 11:22:06','172.70.110.169'),(739,NULL,5,3,'2025-02-04 11:11:43','2025-02-04 11:28:56','172.70.230.56'),(740,NULL,5,3,'2025-02-04 11:22:24','2025-02-04 11:23:38','162.158.155.37'),(741,NULL,5,3,'2025-02-04 12:39:32','2025-02-04 12:42:45','172.70.111.80'),(742,NULL,5,3,'2025-02-04 12:44:44','2025-02-04 12:56:27','162.158.158.52'),(743,NULL,5,3,'2025-02-04 13:15:48','2025-02-04 14:11:24','162.158.154.246'),(744,NULL,5,3,'2025-02-04 15:04:19','2025-02-04 15:26:43','172.70.111.80'),(745,NULL,5,3,'2025-02-05 05:02:45','2025-02-05 05:14:05','172.70.230.56'),(746,NULL,5,3,'2025-02-05 05:05:59','2025-02-05 05:12:37','162.158.62.68'),(747,NULL,5,3,'2025-02-05 05:08:17','2025-02-05 05:08:17','162.158.158.132'),(748,NULL,5,3,'2025-02-05 05:12:08','2025-02-05 05:13:11','162.158.63.11'),(749,NULL,5,3,'2025-02-05 05:15:35','2025-02-05 05:16:36','162.158.63.14'),(750,NULL,5,3,'2025-02-05 05:19:14','2025-02-05 06:06:14','162.158.154.246'),(751,NULL,5,3,'2025-02-05 05:52:33','2025-02-05 07:35:21','162.158.158.132'),(752,NULL,5,3,'2025-02-05 07:36:07','2025-02-05 07:44:28','162.158.158.234'),(753,NULL,5,3,'2025-02-05 07:36:35','2025-02-05 10:31:10','162.158.62.9'),(754,NULL,5,3,'2025-02-05 08:16:34','2025-02-05 08:22:36','162.158.63.11'),(755,NULL,5,3,'2025-02-05 08:21:53','2025-02-05 08:22:56','162.158.63.12'),(756,NULL,5,3,'2025-02-05 09:16:50','2025-02-05 09:19:58','162.158.158.234'),(757,NULL,5,3,'2025-02-05 09:27:00','2025-02-05 11:21:46','162.158.62.68'),(758,NULL,5,3,'2025-02-05 11:10:29','2025-02-05 13:18:32','172.70.114.88'),(759,NULL,5,3,'2025-02-05 14:59:04','2025-02-05 15:00:07','172.70.230.250'),(760,NULL,5,3,'2025-02-06 07:29:57','2025-02-06 07:29:57','162.158.155.15'),(761,NULL,5,3,'2025-02-06 07:31:11','2025-02-06 08:11:01','172.70.111.144'),(762,NULL,5,3,'2025-02-06 07:44:43','2025-02-06 08:11:02','172.70.231.40'),(763,NULL,5,3,'2025-02-06 07:45:15','2025-02-06 13:47:06','162.158.159.79'),(764,NULL,5,3,'2025-02-06 08:48:47','2025-02-06 08:51:07','162.158.62.69'),(765,NULL,5,3,'2025-02-06 08:56:28','2025-02-06 11:45:58','162.158.62.68'),(766,NULL,5,3,'2025-02-06 10:03:15','2025-02-06 11:15:05','162.158.155.16'),(767,NULL,5,3,'2025-02-06 10:13:37','2025-02-06 12:53:20','162.158.155.15'),(768,NULL,5,3,'2025-02-06 12:28:46','2025-02-06 13:14:34','162.158.62.110'),(769,NULL,5,3,'2025-02-06 16:13:17','2025-02-06 16:19:55','172.70.114.116'),(770,NULL,5,3,'2025-02-07 04:35:23','2025-02-07 04:35:23','172.70.110.213'),(771,NULL,5,3,'2025-02-07 04:38:05','2025-02-07 05:13:27','162.158.63.7'),(772,NULL,5,3,'2025-02-07 05:46:50','2025-02-07 05:52:05','162.158.155.160'),(773,NULL,5,3,'2025-02-07 07:45:38','2025-02-07 09:21:44','162.158.155.59'),(774,NULL,5,3,'2025-02-07 07:46:18','2025-02-07 08:22:25','172.70.110.212'),(775,NULL,5,3,'2025-02-07 09:14:45','2025-02-07 09:21:09','162.158.159.80'),(776,NULL,5,3,'2025-02-07 10:36:32','2025-02-07 11:13:54','162.158.155.16'),(777,NULL,5,3,'2025-02-07 10:44:44','2025-02-07 10:48:46','162.158.155.38'),(778,NULL,5,3,'2025-02-07 10:49:36','2025-02-07 10:51:08','162.158.158.234'),(779,NULL,5,3,'2025-02-07 13:32:07','2025-02-07 13:47:03','162.158.63.14'),(780,NULL,5,3,'2025-02-07 14:12:31','2025-02-07 15:08:19','172.70.110.101'),(781,NULL,5,3,'2025-02-07 14:23:09','2025-02-07 14:26:58','162.158.158.40'),(782,NULL,5,3,'2025-02-07 14:37:05','2025-02-07 14:38:07','162.158.154.246'),(783,NULL,5,3,'2025-02-07 15:04:31','2025-02-07 15:22:00','162.158.158.41'),(784,NULL,5,3,'2025-02-07 16:04:36','2025-02-07 16:40:52','172.70.111.80'),(785,NULL,5,3,'2025-02-07 16:10:06','2025-02-07 16:10:06','172.70.114.116'),(786,NULL,5,3,'2025-02-07 16:13:43','2025-02-07 16:13:43','172.70.114.117'),(787,NULL,5,3,'2025-02-07 16:42:06','2025-02-07 17:11:32','162.158.63.11'),(788,NULL,5,3,'2025-02-10 07:13:54','2025-02-10 08:02:18','172.70.111.80'),(789,NULL,5,3,'2025-02-10 07:40:12','2025-02-10 08:17:46','172.70.110.212'),(790,NULL,5,3,'2025-02-10 07:51:43','2025-02-10 08:44:00','172.70.230.57'),(791,NULL,5,3,'2025-02-10 10:21:11','2025-02-10 11:15:06','172.70.110.213'),(792,NULL,5,3,'2025-02-10 11:15:08','2025-02-10 11:39:46','172.70.110.2'),(793,NULL,5,3,'2025-02-10 11:21:29','2025-02-10 12:41:51','162.158.62.68'),(794,NULL,5,3,'2025-02-10 13:05:35','2025-02-10 13:05:35','172.70.231.71'),(795,NULL,5,3,'2025-02-10 13:05:39','2025-02-10 13:05:39','162.158.154.69'),(796,NULL,5,3,'2025-02-10 13:39:27','2025-02-10 13:39:27','162.158.63.14'),(797,NULL,5,3,'2025-02-10 13:39:29','2025-02-10 15:58:52','162.158.159.79'),(798,NULL,5,3,'2025-02-10 13:40:12','2025-02-10 15:27:37','162.158.158.132'),(799,NULL,5,3,'2025-02-10 13:43:16','2025-02-10 13:48:31','162.158.155.59'),(800,NULL,5,3,'2025-02-10 15:47:45','2025-02-10 15:52:12','162.158.63.14'),(801,NULL,5,3,'2025-02-11 06:47:00','2025-02-11 06:55:19','172.70.114.88'),(802,NULL,5,3,'2025-02-11 07:10:26','2025-02-11 11:28:18','172.70.230.163'),(803,NULL,5,3,'2025-02-11 08:21:37','2025-02-11 08:30:39','172.70.230.162'),(804,NULL,5,3,'2025-02-11 08:56:57','2025-02-11 09:33:41','162.158.63.14'),(805,NULL,5,3,'2025-02-11 10:43:12','2025-02-11 10:44:29','172.70.230.57'),(806,NULL,5,3,'2025-02-11 10:47:09','2025-02-11 10:47:09','162.158.63.12'),(807,NULL,5,3,'2025-02-11 11:18:57','2025-02-11 11:24:27','172.70.114.103'),(808,NULL,5,3,'2025-02-11 12:17:08','2025-02-11 15:44:05','162.158.158.132'),(809,NULL,5,3,'2025-02-11 12:49:51','2025-02-11 12:54:52','162.158.62.68'),(810,NULL,5,3,'2025-02-11 13:18:46','2025-02-11 13:18:46','172.70.114.147'),(811,NULL,5,3,'2025-02-11 14:13:33','2025-02-11 16:15:12','172.70.231.40'),(812,NULL,5,3,'2025-02-11 14:23:12','2025-02-11 15:00:39','162.158.155.15'),(813,NULL,5,3,'2025-02-11 14:58:15','2025-02-11 15:07:04','172.70.231.39'),(814,NULL,5,3,'2025-02-11 15:48:37','2025-02-11 16:11:16','162.158.158.137'),(815,NULL,5,3,'2025-02-12 05:48:32','2025-02-12 06:15:51','172.70.230.251'),(816,NULL,5,3,'2025-02-12 06:50:05','2025-02-12 09:36:49','162.158.63.12'),(817,NULL,5,3,'2025-02-12 06:50:06','2025-02-12 06:50:06','172.70.230.56'),(818,NULL,5,3,'2025-02-12 07:08:18','2025-02-12 09:01:25','162.158.158.132'),(819,NULL,5,3,'2025-02-12 08:52:54','2025-02-12 08:52:54','172.70.114.102'),(820,NULL,5,3,'2025-02-12 09:07:09','2025-02-12 10:35:26','162.158.155.60'),(821,NULL,5,3,'2025-02-12 09:10:23','2025-02-12 12:51:04','162.158.158.2'),(822,NULL,5,3,'2025-02-12 09:39:40','2025-02-12 11:44:25','162.158.158.133'),(823,NULL,5,3,'2025-02-12 10:57:23','2025-02-12 11:10:35','172.70.110.213'),(824,NULL,5,3,'2025-02-12 10:59:50','2025-02-12 12:33:10','162.158.154.247'),(825,NULL,5,0,'2025-02-12 11:37:26','2025-02-12 11:46:25','172.70.114.117'),(826,NULL,5,3,'2025-02-12 11:39:55','2025-02-12 11:52:11','172.70.115.204'),(827,NULL,2,0,'2025-02-12 11:51:45','2025-02-12 11:52:21','162.158.154.247'),(828,NULL,3,1,'2025-02-12 11:52:31','2025-02-12 11:56:16','162.158.62.68'),(829,NULL,5,3,'2025-02-12 11:58:45','2025-02-12 16:08:09','172.70.230.56'),(830,NULL,3,1,'2025-02-12 12:11:53','2025-02-12 12:55:34','162.158.158.234'),(831,NULL,3,1,'2025-02-12 12:58:21','2025-02-12 13:22:23','172.70.114.103'),(832,NULL,5,3,'2025-02-12 13:09:33','2025-02-12 13:09:33','162.158.158.234'),(833,NULL,5,3,'2025-02-13 06:21:20','2025-02-13 09:22:46','162.158.155.37'),(834,NULL,5,3,'2025-02-13 08:07:29','2025-02-13 08:49:49','162.158.155.15'),(835,NULL,5,3,'2025-02-13 08:35:34','2025-02-13 08:46:09','172.70.114.102'),(836,NULL,5,3,'2025-02-13 10:40:56','2025-02-13 14:30:30','162.158.63.13'),(837,NULL,5,3,'2025-02-13 16:08:58','2025-02-13 17:11:33','172.70.114.116'),(838,NULL,5,3,'2025-02-14 00:41:29','2025-02-14 00:41:29','172.70.114.188'),(839,NULL,5,3,'2025-02-14 00:54:29','2025-02-14 02:33:15','162.158.159.84'),(840,NULL,5,3,'2025-02-14 05:12:49','2025-02-14 06:24:56','162.158.155.87'),(841,NULL,5,3,'2025-02-14 05:29:53','2025-02-14 06:19:39','162.158.155.138'),(842,NULL,5,3,'2025-02-14 05:45:08','2025-02-14 06:19:42','162.158.158.56'),(843,NULL,3,1,'2025-02-14 06:08:40','2025-02-14 07:48:16','172.70.114.117'),(844,NULL,5,3,'2025-02-14 06:21:52','2025-02-14 06:21:52','162.158.62.68'),(845,NULL,5,3,'2025-02-14 07:33:01','2025-02-14 08:21:39','162.158.158.234'),(846,NULL,5,3,'2025-02-14 08:45:13','2025-02-14 10:48:35','172.70.110.139'),(847,NULL,5,3,'2025-02-14 08:49:46','2025-02-14 09:26:49','162.158.154.29'),(848,NULL,5,3,'2025-02-14 09:38:51','2025-02-14 09:38:51','172.70.114.103'),(849,NULL,5,3,'2025-02-14 10:13:47','2025-02-14 11:26:52','172.70.231.39'),(850,NULL,5,3,'2025-02-14 10:30:48','2025-02-14 11:14:01','172.70.230.25'),(851,NULL,5,3,'2025-02-14 10:46:33','2025-02-14 11:00:49','162.158.155.87'),(852,NULL,5,3,'2025-02-14 11:12:53','2025-02-14 11:26:55','162.158.155.138'),(853,NULL,3,1,'2025-02-14 11:13:09','2025-02-14 11:13:09','162.158.158.234'),(854,NULL,5,3,'2025-02-14 11:22:29','2025-02-14 11:23:43','172.70.114.250'),(855,NULL,5,3,'2025-02-14 11:24:34','2025-02-14 11:25:48','172.70.231.71'),(856,NULL,5,3,'2025-02-14 12:22:17','2025-02-14 14:11:18','172.70.110.212'),(857,NULL,3,1,'2025-02-14 12:54:28','2025-02-14 15:21:06','172.70.111.143'),(858,NULL,5,3,'2025-02-14 13:51:57','2025-02-14 13:53:05','172.70.111.79'),(859,NULL,5,3,'2025-02-14 14:58:43','2025-02-14 16:12:16','172.70.230.162'),(860,NULL,5,3,'2025-02-14 16:46:39','2025-02-14 16:51:21','172.70.230.56'),(861,NULL,5,3,'2025-02-15 12:23:57','2025-02-15 12:30:18','162.158.62.155'),(862,NULL,3,1,'2025-02-17 05:57:21','2025-02-17 07:54:20','162.158.62.96'),(863,NULL,5,3,'2025-02-17 06:46:11','2025-02-17 06:47:15','172.70.230.250'),(864,NULL,3,0,'2025-02-17 07:56:21','2025-02-17 08:22:05','162.158.154.247'),(865,NULL,3,0,'2025-02-17 08:22:16','2025-02-17 11:05:23','172.70.110.138'),(866,NULL,5,3,'2025-02-17 09:10:04','2025-02-17 09:10:04','172.70.230.163'),(867,NULL,5,3,'2025-02-17 09:43:00','2025-02-17 09:43:00','162.158.154.247'),(868,NULL,5,1,'2025-02-17 09:43:00','2025-02-17 09:45:41','162.158.62.68'),(869,NULL,3,1,'2025-02-17 11:05:42','2025-02-17 11:18:00','162.158.158.41'),(870,NULL,3,1,'2025-02-17 12:32:41','2025-02-17 14:40:41','172.70.230.56'),(871,NULL,5,1,'2025-02-17 12:48:03','2025-02-17 13:58:35','172.70.111.44'),(872,NULL,5,1,'2025-02-17 13:40:46','2025-02-17 13:56:53','162.158.159.80'),(873,NULL,5,1,'2025-02-17 13:53:58','2025-02-17 14:30:22','162.158.154.246'),(874,NULL,3,1,'2025-02-18 06:06:52','2025-02-18 09:41:06','162.158.158.202'),(875,NULL,5,1,'2025-02-18 09:18:42','2025-02-18 09:49:53','172.70.110.137'),(876,NULL,5,1,'2025-02-18 10:39:27','2025-02-18 10:39:27','162.158.158.177'),(877,NULL,5,1,'2025-02-18 10:43:46','2025-02-18 11:07:23','172.70.110.139'),(878,NULL,3,1,'2025-02-18 10:44:50','2025-02-18 14:10:49','172.70.111.79'),(879,NULL,5,1,'2025-02-18 11:23:42','2025-02-18 12:14:59','162.158.155.16'),(880,NULL,3,1,'2025-02-19 05:57:15','2025-02-19 05:57:15','172.70.230.172'),(881,NULL,5,1,'2025-02-19 11:24:28','2025-02-19 11:28:56','162.158.158.244'),(882,NULL,3,1,'2025-02-19 12:08:30','2025-02-19 12:08:30','162.158.154.247'),(883,NULL,5,1,'2025-02-20 14:24:04','2025-02-20 14:47:58','172.70.231.28'),(884,NULL,5,1,'2025-02-20 14:49:32','2025-02-20 14:49:32','162.158.155.114'),(885,NULL,5,1,'2025-02-21 07:57:57','2025-02-21 08:00:38','162.158.63.123'),(886,NULL,5,1,'2025-02-21 10:31:59','2025-02-21 11:00:26','172.70.111.79'),(887,NULL,5,1,'2025-02-22 12:33:47','2025-02-22 13:08:16','162.158.155.38'),(888,NULL,5,1,'2025-02-22 19:06:10','2025-02-22 19:08:44','162.158.62.68'),(889,NULL,5,1,'2025-02-24 09:48:08','2025-02-24 09:48:08','162.158.155.38'),(890,NULL,5,1,'2025-02-25 11:20:25','2025-02-25 11:36:16','162.158.159.80'),(891,NULL,5,1,'2025-02-25 11:24:22','2025-02-25 11:39:41','162.158.62.96'),(892,NULL,5,1,'2025-02-25 12:25:57','2025-02-25 12:51:08','162.158.158.41'),(893,NULL,5,1,'2025-02-25 14:17:38','2025-02-25 14:17:38','172.70.231.35'),(894,NULL,5,1,'2025-02-26 06:20:44','2025-02-26 07:06:48','172.70.110.138'),(895,NULL,8,1,'2025-02-26 10:00:58','2025-02-26 10:12:43','172.70.114.89'),(897,NULL,8,0,'2025-03-02 13:46:48','2025-03-02 13:50:49','104.23.187.14'),(898,NULL,5,1,'2025-03-03 11:27:59','2025-03-03 11:49:12','162.158.62.254'),(899,NULL,5,1,'2025-03-03 11:57:34','2025-03-03 12:20:09','172.70.114.102'),(900,NULL,5,1,'2025-03-05 06:09:15','2025-03-05 06:35:51','172.70.111.79'),(901,NULL,5,1,'2025-03-06 07:39:12','2025-03-06 07:39:12','172.70.114.89'),(902,NULL,5,1,'2025-03-07 06:19:45','2025-03-07 06:42:36','172.70.114.131'),(903,NULL,5,1,'2025-03-07 07:09:34','2025-03-07 07:17:57','162.158.155.38'),(904,NULL,5,1,'2025-03-20 14:50:52','2025-03-20 14:50:52','104.23.190.159'),(905,NULL,5,1,'2025-04-07 12:37:13','2025-04-07 13:02:47','104.23.187.132'),(906,NULL,5,1,'2025-04-08 09:31:53','2025-04-08 09:31:53','162.158.155.38'),(907,NULL,5,1,'2025-04-08 11:13:12','2025-04-08 11:13:12','162.158.62.115'),(908,NULL,5,1,'2025-04-08 13:25:33','2025-04-08 14:02:37','172.70.110.100'),(909,NULL,5,1,'2025-04-09 08:16:54','2025-04-09 08:16:54','172.70.114.131'),(910,NULL,5,1,'2025-04-14 07:27:35','2025-04-14 07:27:35','172.70.230.130'),(911,NULL,5,1,'2025-04-15 13:52:18','2025-04-15 13:52:18','172.70.231.46'),(912,NULL,5,1,'2025-04-17 07:27:52','2025-04-17 07:27:52','162.158.63.131'),(913,NULL,10,1,'2025-04-17 10:00:25','2025-04-17 10:00:25','162.158.154.246'),(914,NULL,10,1,'2025-04-17 11:27:44','2025-04-17 11:28:58','104.23.187.215'),(915,NULL,10,1,'2025-04-17 12:35:04','2025-04-17 12:35:04','172.70.231.63'),(916,NULL,10,1,'2025-04-17 14:20:37','2025-04-17 14:45:57','172.70.110.139'),(917,NULL,10,1,'2025-04-18 06:54:59','2025-04-18 07:22:13','162.158.62.247'),(918,NULL,10,1,'2025-04-18 09:02:25','2025-04-18 09:35:47','162.158.62.138'),(919,NULL,5,1,'2025-04-18 09:16:27','2025-04-18 09:22:05','162.158.159.24'),(920,NULL,5,1,'2025-04-18 11:24:44','2025-04-18 11:38:29','172.70.230.131'),(921,NULL,10,1,'2025-04-18 11:38:03','2025-04-18 11:38:03','172.70.114.130'),(922,NULL,5,1,'2025-04-18 11:39:02','2025-04-18 12:29:44','162.158.155.159'),(923,NULL,10,1,'2025-04-18 12:26:09','2025-04-18 12:28:39','172.70.111.79'),(924,NULL,10,1,'2025-04-18 12:38:52','2025-04-18 14:54:06','104.23.187.132'),(925,NULL,10,1,'2025-04-18 13:33:32','2025-04-18 13:33:32','172.70.231.27'),(926,NULL,5,1,'2025-04-19 04:34:46','2025-04-19 05:26:04','172.70.110.162');

--
-- Table structure for table `adminnotification_inbox`
--

CREATE TABLE `adminnotification_inbox` (
  `notification_id` int unsigned NOT NULL AUTO_INCREMENT COMMENT 'Notification ID',
  `severity` smallint unsigned NOT NULL DEFAULT '0' COMMENT 'Problem type',
  `date_added` timestamp NOT NULL DEFAULT CURRENT_TIMESTAMP COMMENT 'Create date',
  `title` varchar(255) NOT NULL COMMENT 'Title',
  `description` text COMMENT 'Description',
  `url` varchar(255) DEFAULT NULL COMMENT 'Url',
  `is_read` smallint unsigned NOT NULL DEFAULT '0' COMMENT 'Flag if notification read',
  `is_remove` smallint unsigned NOT NULL DEFAULT '0' COMMENT 'Flag if notification might be removed',
  PRIMARY KEY (`notification_id`),
  KEY `ADMINNOTIFICATION_INBOX_SEVERITY` (`severity`),
  KEY `ADMINNOTIFICATION_INBOX_IS_READ` (`is_read`),
  KEY `ADMINNOTIFICATION_INBOX_IS_REMOVE` (`is_remove`)
) ENGINE=InnoDB AUTO_INCREMENT=13 DEFAULT CHARSET=utf8mb3 COMMENT='Adminnotification Inbox';

--
-- Dumping data for table `adminnotification_inbox`
--

INSERT INTO `adminnotification_inbox` VALUES (1,4,'2024-08-05 09:21:16','Disable Notice','To improve performance, collecting statistics for the Magento Report module is disabled by default. \nYou can enable it in System Config.','',1,0),(2,3,'2024-11-14 09:41:40','New version 2.1.6 of Magefan Magento 2 Guest to Customer Extension is now available.',' You can download the new version from Magefan Store or update it via composer. Get us in touch if you need our help with an update or you have any questions.\n                                    https://magefan.com/magento2-convert-guest-to-customer?version=2.1.6\n                                 ','https://magefan.com/magento2-convert-guest-to-customer?version=2.1.6',1,0),(3,3,'2024-11-14 09:41:40','New version 2.1.4 of Magefan Magento 2 Command Line Interface Extension is now available.',' You can download the new version from Magefan Store or update it via composer. Get us in touch if you need our help with an update or you have any questions.\n                                    https://magefan.com/magento2-cli-extension?version=2.1.4\n                                 ','https://magefan.com/magento2-cli-extension?version=2.1.4',1,0),(4,3,'2024-11-14 09:41:40','New version 2.12.0 of Magefan Magento 2 Blog Extension is now available.',' You can download the new version from Magefan Store or update it via composer. Get us in touch if you need our help with an update or you have any questions.\n                                    https://magefan.com/magento2-blog-extension?version=2.12.0\n                                 ','https://magefan.com/magento2-blog-extension?version=2.12.0',1,0),(5,4,'2024-11-14 09:41:40','FAQ: How to configure &quot;read more&quot; in your Magento 2 blog post',' If you still don&#039;t know how to configure read more functionality in your magento 2 blog post, please read this article.\n                    Online documentation for Magento 2 blog extension is also available on our website. http://goo.gl/XOEdpy ','http://magefan.com/blog/add-read-more-tag-to-blog-post-content/?from=notification1',1,0),(6,4,'2024-11-07 00:00:00','Have you already added Cookie Consent to your Magento 2? ','Comply with all major data privacy regulations - GDPR, CCPA, LGPD, CNIL. Read more about Magento 2 Cookie Notice Extension  https://magefan.com/magento-2-cookie-consent','https://magefan.com/magento-2-cookie-consent?utm_source=website-admin&amp;utm_medium=adimin-ntf&amp;utm_campaign=new-cookie-consent-extension',1,0),(7,1,'2025-01-29 14:50:10','Attention! Your Blog extension version is extremely outdated. It is strongly recommended to update it to the latest version 2.12.2',' \n                                    https://magefan.com/magento2-blog-extension?ancient=2.9.8                                 ','https://magefan.com/magento2-blog-extension?ancient=2.9.8',1,0),(8,2,'2025-02-04 10:01:34','Your export file is ready','You can pick up your file at export main page','',1,0),(9,2,'2025-02-04 10:01:37','Your export file is ready','You can pick up your file at export main page','',1,0),(10,3,'2025-03-20 14:50:53','New version 2.1.7 of Magefan Magento 2 Guest to Customer Extension is now available.',' You can download the new version from Magefan Store or update it via composer. Get us in touch if you need our help with an update or you have any questions.\n                                    https://magefan.com/magento2-convert-guest-to-customer?version=2.1.7\n                                 ','https://magefan.com/magento2-convert-guest-to-customer?version=2.1.7',1,0),(11,1,'2025-03-20 14:50:53','Attention! Your Blog extension version is extremely outdated. It is strongly recommended to update it to the latest version 2.12.3','\n                                    https://magefan.com/magento2-blog-extension?ancient=2.9.8                                 ','https://magefan.com/magento2-blog-extension?ancient=2.9.8',1,0),(12,1,'2025-04-15 13:52:19','Attention! Your Blog extension version is extremely outdated. It is strongly recommended to update it to the latest version 2.12.4','\n                                    https://magefan.com/magento2-blog-extension?ancient=2.9.8                                 ','https://magefan.com/magento2-blog-extension?ancient=2.9.8',1,0);

--
-- Table structure for table `adobe_stock_asset`
--

CREATE TABLE `adobe_stock_asset` (
  `id` int unsigned NOT NULL AUTO_INCREMENT COMMENT 'Entity ID',
  `media_gallery_id` int unsigned DEFAULT NULL COMMENT 'Media gallery ID',
  `category_id` int unsigned DEFAULT NULL COMMENT 'Category ID',
  `creator_id` int unsigned DEFAULT NULL COMMENT 'Creator ID',
  `is_licensed` int unsigned NOT NULL DEFAULT '0' COMMENT 'Is Licensed',
  `creation_date` varchar(255) DEFAULT NULL COMMENT 'Creation Date',
  PRIMARY KEY (`id`),
  KEY `ADOBE_STOCK_ASSET_MEDIA_GALLERY_ID_MEDIA_GALLERY_ASSET_ID` (`media_gallery_id`),
  KEY `ADOBE_STOCK_ASSET_ID` (`id`),
  KEY `ADOBE_STOCK_ASSET_CATEGORY_ID` (`category_id`),
  KEY `ADOBE_STOCK_ASSET_CREATOR_ID` (`creator_id`),
  CONSTRAINT `ADOBE_STOCK_ASSET_CATEGORY_ID_ADOBE_STOCK_CATEGORY_ID` FOREIGN KEY (`category_id`) REFERENCES `adobe_stock_category` (`id`) ON DELETE SET NULL,
  CONSTRAINT `ADOBE_STOCK_ASSET_CREATOR_ID_ADOBE_STOCK_CREATOR_ID` FOREIGN KEY (`creator_id`) REFERENCES `adobe_stock_creator` (`id`) ON DELETE SET NULL,
  CONSTRAINT `ADOBE_STOCK_ASSET_MEDIA_GALLERY_ID_MEDIA_GALLERY_ASSET_ID` FOREIGN KEY (`media_gallery_id`) REFERENCES `media_gallery_asset` (`id`) ON DELETE CASCADE
) ENGINE=InnoDB DEFAULT CHARSET=utf8mb3 COMMENT='Adobe Stock Asset';

--
-- Dumping data for table `adobe_stock_asset`
--


--
-- Table structure for table `adobe_stock_category`
--

CREATE TABLE `adobe_stock_category` (
  `id` int unsigned NOT NULL AUTO_INCREMENT COMMENT 'Entity ID',
  `name` varchar(255) DEFAULT NULL COMMENT 'Name',
  PRIMARY KEY (`id`),
  KEY `ADOBE_STOCK_CATEGORY_ID` (`id`)
) ENGINE=InnoDB DEFAULT CHARSET=utf8mb3 COMMENT='Adobe Stock Category';

--
-- Dumping data for table `adobe_stock_category`
--


--
-- Table structure for table `adobe_stock_creator`
--

CREATE TABLE `adobe_stock_creator` (
  `id` int unsigned NOT NULL AUTO_INCREMENT COMMENT 'ID',
  `name` varchar(255) DEFAULT NULL COMMENT 'Asset creator''s name',
  PRIMARY KEY (`id`),
  KEY `ADOBE_STOCK_CREATOR_ID` (`id`)
) ENGINE=InnoDB DEFAULT CHARSET=utf8mb3 COMMENT='Adobe Stock Creator';

--
-- Dumping data for table `adobe_stock_creator`
--


--
-- Table structure for table `adobe_user_profile`
--

CREATE TABLE `adobe_user_profile` (
  `id` int unsigned NOT NULL AUTO_INCREMENT COMMENT 'Entity ID',
  `admin_user_id` int unsigned NOT NULL DEFAULT '0' COMMENT 'Admin User Id',
  `name` varchar(255) NOT NULL COMMENT 'Display Name',
  `email` varchar(255) NOT NULL COMMENT 'user profile email',
  `image` varchar(255) NOT NULL COMMENT 'user profile avatar',
  `account_type` varchar(255) DEFAULT NULL COMMENT 'Account Type',
  `access_token` text COMMENT 'Access Token',
  `refresh_token` text COMMENT 'Refresh Token',
  `created_at` timestamp NOT NULL DEFAULT CURRENT_TIMESTAMP COMMENT 'Created At',
  `updated_at` timestamp NOT NULL DEFAULT CURRENT_TIMESTAMP ON UPDATE CURRENT_TIMESTAMP COMMENT 'Updated At',
  `access_token_expires_at` timestamp NOT NULL DEFAULT '0000-00-00 00:00:00' COMMENT 'Access Token Expires At',
  PRIMARY KEY (`id`),
  KEY `ADOBE_USER_PROFILE_ADMIN_USER_ID` (`admin_user_id`),
  CONSTRAINT `ADOBE_USER_PROFILE_ADMIN_USER_ID_ADMIN_USER_USER_ID` FOREIGN KEY (`admin_user_id`) REFERENCES `admin_user` (`user_id`) ON DELETE CASCADE
) ENGINE=InnoDB DEFAULT CHARSET=utf8mb3 COMMENT='Adobe IMS User Profile';

--
-- Dumping data for table `adobe_user_profile`
--


--
-- Table structure for table `amasty_base_instance_data`
--

CREATE TABLE `amasty_base_instance_data` (
  `id` int unsigned NOT NULL AUTO_INCREMENT COMMENT 'Record ID',
  `code` varchar(255) NOT NULL COMMENT 'Code',
  `value` mediumtext COMMENT 'Value',
  PRIMARY KEY (`id`),
  UNIQUE KEY `AMASTY_BASE_INSTANCE_DATA_CODE` (`code`)
) ENGINE=InnoDB DEFAULT CHARSET=utf8mb3 COMMENT='Amasty Base Instance Data';

--
-- Dumping data for table `amasty_base_instance_data`
--


--
-- Table structure for table `amasty_base_instance_hash`
--

CREATE TABLE `amasty_base_instance_hash` (
  `id` int unsigned NOT NULL AUTO_INCREMENT COMMENT 'Record ID',
  `code` varchar(255) NOT NULL COMMENT 'Code',
  `value` mediumtext COMMENT 'Value',
  `updated_at` datetime NOT NULL DEFAULT CURRENT_TIMESTAMP COMMENT 'Last Send Date Timestamp',
  PRIMARY KEY (`id`),
  UNIQUE KEY `AMASTY_BASE_INSTANCE_HASH_CODE` (`code`)
) ENGINE=InnoDB DEFAULT CHARSET=utf8mb3 COMMENT='Amasty Base Data Send Schedule';

--
-- Dumping data for table `amasty_base_instance_hash`
--


--
-- Table structure for table `amasty_base_schedule`
--

CREATE TABLE `amasty_base_schedule` (
  `id` int unsigned NOT NULL AUTO_INCREMENT COMMENT 'Record ID',
  `code` varchar(255) NOT NULL COMMENT 'Code',
  `last_send_date` int unsigned NOT NULL COMMENT 'Last Send Date Timestamp',
  `time_intervals` varchar(255) DEFAULT NULL COMMENT 'Time Intervals to Send',
  PRIMARY KEY (`id`),
  UNIQUE KEY `AMASTY_BASE_SCHEDULE_CODE` (`code`)
) ENGINE=InnoDB DEFAULT CHARSET=utf8mb3 COMMENT='Amasty Base Data Send Schedule';

--
-- Dumping data for table `amasty_base_schedule`
--


--
-- Table structure for table `amasty_customtabs_tabs`
--

CREATE TABLE `amasty_customtabs_tabs` (
  `tab_id` int unsigned NOT NULL AUTO_INCREMENT COMMENT 'Tab Id',
  `sort_order` smallint unsigned DEFAULT NULL COMMENT 'Sort order',
  `tab_title` varchar(255) NOT NULL COMMENT 'Tab title',
  `tab_name` varchar(255) NOT NULL COMMENT 'Tab name',
  `content` text COMMENT 'Content',
  `customer_groups` varchar(255) NOT NULL COMMENT 'Customer Groups',
  `status` tinyint(1) NOT NULL COMMENT 'Status',
  `is_active` tinyint(1) NOT NULL COMMENT 'Is active',
  `related_enabled` tinyint(1) NOT NULL COMMENT 'Is RELATED ENABLED',
  `upsell_enabled` tinyint(1) NOT NULL COMMENT 'Is UPSELL ENABLED',
  `crosssell_enabled` tinyint(1) NOT NULL COMMENT 'Is CROSSSELL ENABLED',
  `created_at` timestamp NOT NULL DEFAULT CURRENT_TIMESTAMP COMMENT 'Created At',
  `updated_at` timestamp NOT NULL DEFAULT CURRENT_TIMESTAMP ON UPDATE CURRENT_TIMESTAMP COMMENT 'Updated At',
  `conditions_serialized` mediumtext COMMENT 'Conditions Serialized',
  `type` smallint unsigned NOT NULL DEFAULT '0' COMMENT 'Tab type',
  `name_in_layout` varchar(50) DEFAULT NULL COMMENT 'Name in Layout (for defualt tabs)',
  `module_name` varchar(50) DEFAULT NULL COMMENT 'Module name for default and 3rd patry extensions',
  `anchor` varchar(255) DEFAULT '' COMMENT 'Anchor',
  PRIMARY KEY (`tab_id`)
) ENGINE=InnoDB DEFAULT CHARSET=utf8mb3 COMMENT='Amasty Product tabs table';

--
-- Dumping data for table `amasty_customtabs_tabs`
--


--
-- Table structure for table `amasty_customtabs_tabs_rule_index`
--

CREATE TABLE `amasty_customtabs_tabs_rule_index` (
  `id` int unsigned NOT NULL AUTO_INCREMENT COMMENT 'Id',
  `tab_id` int unsigned NOT NULL COMMENT 'Tab ID',
  `store_id` smallint unsigned NOT NULL COMMENT 'Store ID',
  `product_id` int unsigned NOT NULL COMMENT 'Product ID',
  PRIMARY KEY (`id`),
  KEY `AMASTY_CUSTOMTABS_TABS_RULE_IDX_PRD_ID_CAT_PRD_ENTT_ENTT_ID` (`product_id`),
  KEY `AMASTY_CUSTOMTABS_TABS_RULE_INDEX_STORE_ID_STORE_STORE_ID` (`store_id`),
  KEY `AMASTY_CUSTOMTABS_TABS_RULE_INDEX_TAB_ID_STORE_ID` (`tab_id`,`store_id`),
  CONSTRAINT `AMASTY_CUSTOMTABS_TABS_RULE_IDX_PRD_ID_CAT_PRD_ENTT_ENTT_ID` FOREIGN KEY (`product_id`) REFERENCES `catalog_product_entity` (`entity_id`) ON DELETE CASCADE,
  CONSTRAINT `AMASTY_CUSTOMTABS_TABS_RULE_INDEX_STORE_ID_STORE_STORE_ID` FOREIGN KEY (`store_id`) REFERENCES `store` (`store_id`) ON DELETE CASCADE,
  CONSTRAINT `FK_657391494FC1D5484F54FDACB37B82AE` FOREIGN KEY (`tab_id`) REFERENCES `amasty_customtabs_tabs` (`tab_id`) ON DELETE CASCADE
) ENGINE=InnoDB DEFAULT CHARSET=utf8mb3 COMMENT='Amasty Custom Tabs Rule Index Table';

--
-- Dumping data for table `amasty_customtabs_tabs_rule_index`
--


--
-- Table structure for table `amasty_customtabs_tabs_store`
--

CREATE TABLE `amasty_customtabs_tabs_store` (
  `tab_id` int unsigned NOT NULL COMMENT 'Tab Id',
  `store_id` smallint unsigned NOT NULL COMMENT 'Store Id',
  UNIQUE KEY `AMASTY_CUSTOMTABS_TABS_STORE_TAB_ID_STORE_ID` (`tab_id`,`store_id`),
  KEY `AMASTY_CUSTOMTABS_TABS_STORE_STORE_ID_STORE_STORE_ID` (`store_id`),
  CONSTRAINT `AMASTY_CUSTOMTABS_TABS_STORE_STORE_ID_STORE_STORE_ID` FOREIGN KEY (`store_id`) REFERENCES `store` (`store_id`) ON DELETE CASCADE,
  CONSTRAINT `FK_BE981C9E843457ACB4E639762C4A95D8` FOREIGN KEY (`tab_id`) REFERENCES `amasty_customtabs_tabs` (`tab_id`) ON DELETE CASCADE
) ENGINE=InnoDB DEFAULT CHARSET=utf8mb3 COMMENT='Amasty Product Tabs store relation table';

--
-- Dumping data for table `amasty_customtabs_tabs_store`
--


--
-- Table structure for table `authorization_role`
--

CREATE TABLE `authorization_role` (
  `role_id` int unsigned NOT NULL AUTO_INCREMENT COMMENT 'Role ID',
  `parent_id` int unsigned NOT NULL DEFAULT '0' COMMENT 'Parent Role ID',
  `tree_level` smallint unsigned NOT NULL DEFAULT '0' COMMENT 'Role Tree Level',
  `sort_order` smallint unsigned NOT NULL DEFAULT '0' COMMENT 'Role Sort Order',
  `role_type` varchar(1) NOT NULL DEFAULT '0' COMMENT 'Role Type',
  `user_id` int unsigned NOT NULL DEFAULT '0' COMMENT 'User ID',
  `user_type` varchar(16) DEFAULT NULL COMMENT 'User Type',
  `role_name` varchar(50) DEFAULT NULL COMMENT 'Role Name',
  PRIMARY KEY (`role_id`),
  KEY `AUTHORIZATION_ROLE_PARENT_ID_SORT_ORDER` (`parent_id`,`sort_order`),
  KEY `AUTHORIZATION_ROLE_TREE_LEVEL` (`tree_level`)
) ENGINE=InnoDB AUTO_INCREMENT=17 DEFAULT CHARSET=utf8mb3 COMMENT='Admin Role Table';

--
-- Dumping data for table `authorization_role`
--

INSERT INTO `authorization_role` VALUES (1,0,1,1,'G',0,'2','Administrators'),(2,1,2,0,'U',1,'2','admin'),(5,0,1,0,'G',0,'2','Accounts '),(6,5,2,0,'U',4,'2','zohaib1'),(9,1,2,0,'U',5,'2','hyva'),(12,1,2,0,'U',2,'2','shakeel'),(13,1,2,0,'U',3,'2','Usama'),(14,1,2,0,'U',8,'2','mudasser'),(15,1,2,0,'U',9,'2','maham'),(16,1,2,0,'U',10,'2','admin1');

--
-- Table structure for table `authorization_rule`
--

CREATE TABLE `authorization_rule` (
  `rule_id` int unsigned NOT NULL AUTO_INCREMENT COMMENT 'Rule ID',
  `role_id` int unsigned NOT NULL DEFAULT '0' COMMENT 'Role ID',
  `resource_id` varchar(255) DEFAULT NULL COMMENT 'Resource ID',
  `privileges` varchar(20) DEFAULT NULL COMMENT 'Privileges',
  `permission` varchar(10) DEFAULT NULL COMMENT 'Permission',
  PRIMARY KEY (`rule_id`),
  KEY `AUTHORIZATION_RULE_RESOURCE_ID_ROLE_ID` (`resource_id`,`role_id`),
  KEY `AUTHORIZATION_RULE_ROLE_ID_RESOURCE_ID` (`role_id`,`resource_id`),
  CONSTRAINT `AUTHORIZATION_RULE_ROLE_ID_AUTHORIZATION_ROLE_ROLE_ID` FOREIGN KEY (`role_id`) REFERENCES `authorization_role` (`role_id`) ON DELETE CASCADE
) ENGINE=InnoDB AUTO_INCREMENT=376 DEFAULT CHARSET=utf8mb3 COMMENT='Admin Rule Table';

--
-- Dumping data for table `authorization_rule`
--

INSERT INTO `authorization_rule` VALUES (1,1,'Magento_Backend::all',NULL,'allow'),(2,5,'Magento_Adminhtml::admin',NULL,'deny'),(3,5,'Magento_Backend::all',NULL,'deny'),(4,5,'Magento_Backend::admin',NULL,'allow'),(5,5,'Magento_Backend::dashboard',NULL,'deny'),(6,5,'Magento_Backend::ves_all_elements',NULL,'deny'),(7,5,'Ves_All::ves_all',NULL,'deny'),(8,5,'Magento_Backend::brand_elements',NULL,'deny'),(9,5,'Ves_Brand::brand',NULL,'deny'),(10,5,'Ves_Brand::brand_edit',NULL,'deny'),(11,5,'Ves_Brand::brand_save',NULL,'deny'),(12,5,'Ves_Brand::brand_delete',NULL,'deny'),(13,5,'Ves_Brand::brand_save_product',NULL,'deny'),(14,5,'Ves_Brand::group',NULL,'deny'),(15,5,'Ves_Brand::group_edit',NULL,'deny'),(16,5,'Ves_Brand::group_save',NULL,'deny'),(17,5,'Ves_Brand::group_delete',NULL,'deny'),(18,5,'Ves_Brand::import',NULL,'deny'),(19,5,'Ves_Brand::import_products',NULL,'deny'),(20,5,'Ves_Brand::import_save',NULL,'deny'),(21,5,'Magento_Analytics::analytics',NULL,'deny'),(22,5,'Magento_Analytics::analytics_api',NULL,'deny'),(23,5,'Magento_Catalog::catalog',NULL,'deny'),(24,5,'Magento_Catalog::catalog_inventory',NULL,'deny'),(25,5,'Magento_Catalog::products',NULL,'deny'),(26,5,'Magento_Catalog::update_attributes',NULL,'deny'),(27,5,'Magento_Catalog::edit_product_design',NULL,'deny'),(28,5,'Magento_Catalog::categories',NULL,'deny'),(29,5,'Magento_Catalog::edit_category_design',NULL,'deny'),(30,5,'Nexus_Catalog::categoryimport',NULL,'deny'),(31,5,'Nexus_Catalog::productlink',NULL,'deny'),(32,5,'Bss_ProductAttachment::main',NULL,'deny'),(33,5,'Bss_ProductAttachment::attachment',NULL,'deny'),(34,5,'Bss_ProductAttachment::delete',NULL,'deny'),(35,5,'Bss_ProductAttachment::save',NULL,'deny'),(36,5,'Magefan_AdminUserGuide::help',NULL,'deny'),(37,5,'Magento_Customer::customer',NULL,'deny'),(38,5,'Magento_Customer::manage',NULL,'deny'),(39,5,'Magento_Customer::actions',NULL,'deny'),(40,5,'Magento_Customer::delete',NULL,'deny'),(41,5,'Magento_Customer::reset_password',NULL,'deny'),(42,5,'Magento_Customer::invalidate_tokens',NULL,'deny'),(43,5,'Magento_LoginAsCustomer::allow_shopping_assistance',NULL,'deny'),(44,5,'Magento_Customer::online',NULL,'deny'),(45,5,'Magento_Customer::group',NULL,'deny'),(46,5,'Magento_LoginAsCustomer::login',NULL,'deny'),(47,5,'Magento_LoginAsCustomerLog::login_log',NULL,'deny'),(48,5,'Magento_Cart::cart',NULL,'deny'),(49,5,'Magento_Cart::manage',NULL,'deny'),(50,5,'Magento_Backend::myaccount',NULL,'deny'),(51,5,'Magento_Backend::marketing',NULL,'deny'),(52,5,'Magento_CatalogRule::promo',NULL,'deny'),(53,5,'Magento_CatalogRule::promo_catalog',NULL,'deny'),(54,5,'Magento_SalesRule::quote',NULL,'deny'),(55,5,'Mageplaza_Smtp::email_marketing_menu',NULL,'deny'),(56,5,'Magento_Backend::marketing_communications',NULL,'deny'),(57,5,'Magento_Email::template',NULL,'deny'),(58,5,'Magento_Newsletter::template',NULL,'deny'),(59,5,'Magento_Newsletter::queue',NULL,'deny'),(60,5,'Magento_Newsletter::subscriber',NULL,'deny'),(61,5,'Magento_Backend::marketing_seo',NULL,'deny'),(62,5,'Magento_Search::search',NULL,'deny'),(63,5,'Magento_Search::synonyms',NULL,'deny'),(64,5,'Magento_UrlRewrite::urlrewrite',NULL,'deny'),(65,5,'Magento_Sitemap::sitemap',NULL,'deny'),(66,5,'Magento_Backend::marketing_user_content',NULL,'deny'),(67,5,'Magento_Review::reviews_all',NULL,'deny'),(68,5,'Magento_Review::pending',NULL,'deny'),(69,5,'Bss_ProductLabel::manage_label',NULL,'deny'),(70,5,'Bss_ProductLabel::edit_label',NULL,'deny'),(71,5,'Bss_ProductLabel::delete_label',NULL,'deny'),(72,5,'Mageplaza_Core::menu',NULL,'deny'),(73,5,'Mageplaza_Smtp::smtp',NULL,'deny'),(74,5,'Mageplaza_Smtp::log',NULL,'deny'),(75,5,'Mageplaza_Smtp::abandoned_cart',NULL,'deny'),(76,5,'Mageplaza_Core::documentation',NULL,'deny'),(77,5,'Mageplaza_Core::userguide',NULL,'deny'),(78,5,'Mageplaza_Core::activate',NULL,'deny'),(79,5,'Magento_Sales::sales',NULL,'allow'),(80,5,'Magento_Sales::sales_operation',NULL,'allow'),(81,5,'Magento_Sales::sales_order',NULL,'allow'),(82,5,'Magento_Sales::actions',NULL,'allow'),(83,5,'Magento_Sales::create',NULL,'allow'),(84,5,'Magento_PaymentServicesPaypal::ordercreate',NULL,'allow'),(85,5,'Magento_Sales::actions_view',NULL,'allow'),(86,5,'Magento_Sales::email',NULL,'allow'),(87,5,'Magento_Sales::reorder',NULL,'allow'),(88,5,'Magento_Sales::actions_edit',NULL,'allow'),(89,5,'Magento_Sales::cancel',NULL,'allow'),(90,5,'Magento_Sales::review_payment',NULL,'allow'),(91,5,'Magento_Sales::capture',NULL,'allow'),(92,5,'Magento_Sales::invoice',NULL,'allow'),(93,5,'Magento_Sales::creditmemo',NULL,'allow'),(94,5,'Magento_Sales::hold',NULL,'allow'),(95,5,'Magento_Sales::unhold',NULL,'allow'),(96,5,'Magento_Sales::ship',NULL,'allow'),(97,5,'Magento_Sales::comment',NULL,'allow'),(98,5,'Magento_Sales::emails',NULL,'allow'),(99,5,'Magento_Paypal::authorization',NULL,'allow'),(100,5,'Magento_PaymentServicesDashboard::paymentservices',NULL,'allow'),(101,5,'Magento_PaymentServicesDashboard::paymentservicesdashboard',NULL,'allow'),(102,5,'Magento_ServiceProxy::services',NULL,'allow'),(103,5,'Magento_Sales::sales_invoice',NULL,'allow'),(104,5,'Magento_Sales::shipment',NULL,'allow'),(105,5,'Magento_Sales::sales_creditmemo',NULL,'allow'),(106,5,'Magento_Paypal::billing_agreement',NULL,'allow'),(107,5,'Magento_Paypal::billing_agreement_actions',NULL,'allow'),(108,5,'Magento_Paypal::billing_agreement_actions_view',NULL,'allow'),(109,5,'Magento_Paypal::actions_manage',NULL,'allow'),(110,5,'Magento_Paypal::use',NULL,'allow'),(111,5,'Magento_Sales::transactions',NULL,'allow'),(112,5,'Magento_Sales::transactions_fetch',NULL,'allow'),(113,5,'Magefan_GuestToCustomer::config_section',NULL,'allow'),(114,5,'Nexus_Sales::order',NULL,'allow'),(115,5,'Magento_Backend::content',NULL,'deny'),(116,5,'Mirasvit_LandingPage::landing',NULL,'deny'),(117,5,'Mirasvit_LandingPage::landing_pages',NULL,'deny'),(118,5,'Magento_Backend::content_elements',NULL,'deny'),(119,5,'Magento_Cms::page',NULL,'deny'),(120,5,'Magento_Cms::save',NULL,'deny'),(121,5,'Magento_Cms::save_design',NULL,'deny'),(122,5,'MSP_CmsImportExport::export_page',NULL,'deny'),(123,5,'Magento_Cms::page_delete',NULL,'deny'),(124,5,'Magento_Cms::block',NULL,'deny'),(125,5,'MSP_CmsImportExport::export_block',NULL,'deny'),(126,5,'MSP_CmsImportExport::import',NULL,'deny'),(127,5,'Magento_Widget::widget_instance',NULL,'deny'),(128,5,'Magento_Cms::media_gallery',NULL,'deny'),(129,5,'Magento_MediaGalleryUiApi::insert_assets',NULL,'deny'),(130,5,'Magento_MediaGalleryUiApi::upload_assets',NULL,'deny'),(131,5,'Magento_MediaGalleryUiApi::edit_assets',NULL,'deny'),(132,5,'Magento_AdobeStockImageAdminUi::media_gallery',NULL,'deny'),(133,5,'Magento_AdobeStockImageAdminUi::save_preview_images',NULL,'deny'),(134,5,'Magento_AdobeStockImageAdminUi::license_images',NULL,'deny'),(135,5,'Magento_MediaGalleryUiApi::delete_assets',NULL,'deny'),(136,5,'Magento_MediaGalleryUiApi::create_folder',NULL,'deny'),(137,5,'Magento_MediaGalleryUiApi::delete_folder',NULL,'deny'),(138,5,'Magento_PageBuilder::templates',NULL,'deny'),(139,5,'Magento_PageBuilder::template_save',NULL,'deny'),(140,5,'Magento_PageBuilder::template_apply',NULL,'deny'),(141,5,'Magento_PageBuilder::template_delete',NULL,'deny'),(142,5,'Magento_Backend::design',NULL,'deny'),(143,5,'Magento_Theme::theme',NULL,'deny'),(144,5,'Magento_Backend::schedule',NULL,'deny'),(145,5,'Magento_Backend::content_translation',NULL,'deny'),(146,5,'Mirasvit_Brand::brand',NULL,'deny'),(147,5,'Mirasvit_Brand::brand_brand',NULL,'deny'),(148,5,'Mirasvit_Brand::attribute',NULL,'deny'),(149,5,'Mirasvit_Brand::brand_settings',NULL,'deny'),(150,5,'Mirasvit_Brand::brand_get_support',NULL,'deny'),(151,5,'Magefan_Community::elements',NULL,'deny'),(152,5,'Magento_Reports::report',NULL,'deny'),(153,5,'Magento_Reports::report_marketing',NULL,'deny'),(154,5,'Magento_Reports::shopcart',NULL,'deny'),(155,5,'Magento_Reports::product',NULL,'deny'),(156,5,'Magento_Reports::abandoned',NULL,'deny'),(157,5,'Magento_Reports::report_search',NULL,'deny'),(158,5,'Magento_Newsletter::problem',NULL,'deny'),(159,5,'Magento_Reports::review',NULL,'deny'),(160,5,'Magento_Reports::review_customer',NULL,'deny'),(161,5,'Magento_Reports::review_product',NULL,'deny'),(162,5,'Magento_Reports::salesroot',NULL,'deny'),(163,5,'Magento_Reports::salesroot_sales',NULL,'deny'),(164,5,'Magento_Reports::tax',NULL,'deny'),(165,5,'Magento_Reports::invoiced',NULL,'deny'),(166,5,'Magento_Reports::shipping',NULL,'deny'),(167,5,'Magento_Reports::refunded',NULL,'deny'),(168,5,'Magento_Reports::coupons',NULL,'deny'),(169,5,'Magento_Paypal::paypal_settlement_reports',NULL,'deny'),(170,5,'Magento_Paypal::paypal_settlement_reports_view',NULL,'deny'),(171,5,'Magento_Paypal::fetch',NULL,'deny'),(172,5,'PayPal_Braintree::settlement_report',NULL,'deny'),(173,5,'Magento_Reports::customers',NULL,'deny'),(174,5,'Magento_Reports::totals',NULL,'deny'),(175,5,'Magento_Reports::customers_orders',NULL,'deny'),(176,5,'Magento_Reports::accounts',NULL,'deny'),(177,5,'Magento_Reports::report_products',NULL,'deny'),(178,5,'Magento_Reports::viewed',NULL,'deny'),(179,5,'Magento_Reports::bestsellers',NULL,'deny'),(180,5,'Magento_Reports::lowstock',NULL,'deny'),(181,5,'Magento_Reports::sold',NULL,'deny'),(182,5,'Magento_Reports::downloads',NULL,'deny'),(183,5,'Magento_Reports::statistics',NULL,'deny'),(184,5,'Magento_Reports::statistics_refresh',NULL,'deny'),(185,5,'Magento_Analytics::business_intelligence',NULL,'deny'),(186,5,'Magento_Analytics::advanced_reporting',NULL,'deny'),(187,5,'Magento_Analytics::bi_essentials',NULL,'deny'),(188,5,'Magento_Backend::stores',NULL,'allow'),(189,5,'Magento_Backend::stores_settings',NULL,'allow'),(190,5,'Magento_Backend::store',NULL,'allow'),(191,5,'Magento_Config::config',NULL,'allow'),(192,5,'Magento_Cms::config_cms',NULL,'allow'),(193,5,'Magento_Catalog::config_catalog',NULL,'allow'),(194,5,'Magento_CatalogSearch::config_catalog_search',NULL,'allow'),(195,5,'Magento_CatalogInventory::cataloginventory',NULL,'allow'),(196,5,'Magento_Payment::payment',NULL,'allow'),(197,5,'Magento_Payment::payment_services',NULL,'allow'),(198,5,'Magento_Contact::contact',NULL,'allow'),(199,5,'Magento_Downloadable::downloadable',NULL,'allow'),(200,5,'Magento_Newsletter::newsletter',NULL,'allow'),(201,5,'Magento_GoogleAnalytics::google',NULL,'allow'),(202,5,'Magento_LoginAsCustomer::config_section',NULL,'allow'),(203,5,'Bss_ProductLabel::config_productlabel',NULL,'allow'),(204,5,'Bss_HyvaCompatBase::config',NULL,'allow'),(205,5,'Mirasvit_LayeredNavigation::navigation',NULL,'allow'),(206,5,'Mirasvit_LayeredNavigation::layered_navigation_group',NULL,'allow'),(207,5,'Hyva_ReactCheckout::config_hyva_react_checkout',NULL,'allow'),(208,5,'MagePal_Reindex::config_magepal_reindex',NULL,'allow'),(209,5,'Magecomp_Deleteorder::config_deleteorder',NULL,'allow'),(210,5,'Magecomp_Storepickup::storepickup_config',NULL,'allow'),(211,5,'Magefan_Community::config_section',NULL,'allow'),(212,5,'Mageplaza_Smtp::configuration',NULL,'allow'),(213,5,'Mageplaza_Smtp::email_marketing',NULL,'allow'),(214,5,'Ves_All::config',NULL,'allow'),(215,5,'Ves_Brand::config_brand',NULL,'allow'),(216,5,'Apptrian_Minify::config_system',NULL,'allow'),(217,5,'Magento_Shipping::carriers',NULL,'allow'),(218,5,'Magento_InventoryInStorePickupApi::inStorePickup',NULL,'allow'),(219,5,'Magento_InventoryInStorePickupApi::notify_orders_are_ready_for_pickup',NULL,'allow'),(220,5,'Magento_Shipping::config_shipping',NULL,'allow'),(221,5,'Magento_Shipping::shipping_policy',NULL,'allow'),(222,5,'Magento_Multishipping::config_multishipping',NULL,'allow'),(223,5,'Magento_ReCaptchaUi::config',NULL,'allow'),(224,5,'Magento_Securitytxt::config',NULL,'allow'),(225,5,'Bss_ProductAttachment::config_attachment',NULL,'allow'),(226,5,'Mageplaza_Core::configuration',NULL,'allow'),(227,5,'Mageplaza_Core::marketplace',NULL,'allow'),(228,5,'Magento_Config::config_general',NULL,'allow'),(229,5,'Magento_Integration::config_oauth',NULL,'allow'),(230,5,'Magento_Webapi::config_webapi',NULL,'allow'),(231,5,'Mirasvit_Core::core_settings',NULL,'allow'),(232,5,'Mirasvit_Core::validator',NULL,'allow'),(233,5,'Magefan_AdminUserGuide::configuration',NULL,'allow'),(234,5,'Magento_Config::web',NULL,'allow'),(235,5,'Magento_Config::config_design',NULL,'allow'),(236,5,'Magento_Customer::config_customer',NULL,'allow'),(237,5,'Magento_Paypal::paypal',NULL,'allow'),(238,5,'MagePsycho_MassImporterPro::config',NULL,'allow'),(239,5,'Magento_Tax::config_tax',NULL,'allow'),(240,5,'Magento_Checkout::checkout',NULL,'allow'),(241,5,'Magento_Sales::config_sales',NULL,'allow'),(242,5,'Magento_Persistent::persistent',NULL,'allow'),(243,5,'Bss_AjaxCart::config_ajaxcart',NULL,'allow'),(244,5,'Bss_FBT::config',NULL,'allow'),(245,5,'Magento_Sales::sales_email',NULL,'allow'),(246,5,'Magento_Sales::sales_pdf',NULL,'allow'),(247,5,'Magento_Reports::reports',NULL,'allow'),(248,5,'Magento_Sitemap::config_sitemap',NULL,'allow'),(249,5,'Bss_AjaxCart::api_ajaxcart',NULL,'allow'),(250,5,'MageWorx_GeoIP::config_geoip',NULL,'allow'),(251,5,'Magento_Config::config_system',NULL,'allow'),(252,5,'Magento_Wishlist::config_wishlist',NULL,'allow'),(253,5,'Bss_InfiniteScroll::config_infinitescroll',NULL,'allow'),(254,5,'Magento_SalesRule::config_promo',NULL,'allow'),(255,5,'MageWorx_ShippingRules::config_shippingrules',NULL,'allow'),(256,5,'MageWorx_Info::config_notification',NULL,'allow'),(257,5,'MageWorx_ShippingCalculatorBase::config_main',NULL,'allow'),(258,5,'MageWorx_Info::config_extensions',NULL,'allow'),(259,5,'MageWorx_Info::config_systeminfo_tab',NULL,'allow'),(260,5,'Magento_Config::config_admin',NULL,'allow'),(261,5,'Magento_Config::trans_email',NULL,'allow'),(262,5,'Magento_Config::dev',NULL,'allow'),(263,5,'Magento_Config::currency',NULL,'allow'),(264,5,'Magento_Rss::rss',NULL,'allow'),(265,5,'Magento_Config::sendfriend',NULL,'allow'),(266,5,'Magento_Csp::config',NULL,'allow'),(267,5,'Magento_Analytics::analytics_settings',NULL,'allow'),(268,5,'Mirasvit_SeoFilter::config_seofilter',NULL,'allow'),(269,5,'Mirasvit_SeoFilter::config_seo_filter_reset',NULL,'allow'),(270,5,'Mirasvit_LayeredNavigation::config_layerednavigation',NULL,'allow'),(271,5,'Mirasvit_Scroll::mst_scroll',NULL,'allow'),(272,5,'Mirasvit_AllProducts::config_all_products',NULL,'allow'),(273,5,'Mirasvit_Brand::config_brand',NULL,'allow'),(274,5,'Magento_NewRelicReporting::config_newrelicreporting',NULL,'allow'),(275,5,'Magento_CheckoutAgreements::checkoutagreement',NULL,'allow'),(276,5,'Magento_Sales::order_statuses',NULL,'allow'),(277,5,'Magento_InventoryApi::inventory',NULL,'allow'),(278,5,'Magento_InventoryApi::source',NULL,'allow'),(279,5,'Magento_InventoryApi::source_edit',NULL,'allow'),(280,5,'Magento_InventoryApi::ship_source_selection',NULL,'allow'),(281,5,'Magento_InventorySourceSelectionApi::source_selection_algorithm',NULL,'allow'),(282,5,'Magento_InventorySourceSelectionApi::source_selection_algorithm_post',NULL,'allow'),(283,5,'Magento_InventoryApi::stock',NULL,'allow'),(284,5,'Magento_InventoryApi::stock_edit',NULL,'allow'),(285,5,'Magento_InventoryApi::stock_delete',NULL,'allow'),(286,5,'Magento_InventoryLowQuantityNotificationApi::low_quantity_notification',NULL,'allow'),(287,5,'Magento_InventoryLowQuantityNotificationApi::stock_create_low_quantity_notification',NULL,'allow'),(288,5,'Magento_InventoryLowQuantityNotificationApi::stock_delete_low_quantity_notification',NULL,'allow'),(289,5,'Magento_InventoryApi::stock_source_link',NULL,'allow'),(290,5,'Magento_InventoryApi::stock_source_item_assign',NULL,'allow'),(291,5,'Magento_InventorySalesApi::stock',NULL,'allow'),(292,5,'Magento_Tax::manage_tax',NULL,'allow'),(293,5,'Magento_CurrencySymbol::system_currency',NULL,'allow'),(294,5,'Magento_CurrencySymbol::currency_rates',NULL,'allow'),(295,5,'Magento_CurrencySymbol::symbols',NULL,'allow'),(296,5,'MageWorx_GeoIP::geoip_relations_grid',NULL,'allow'),(297,5,'Magento_Backend::stores_attributes',NULL,'allow'),(298,5,'Magento_Catalog::attributes_attributes',NULL,'allow'),(299,5,'Magento_Catalog::sets',NULL,'allow'),(300,5,'Magento_Review::ratings',NULL,'allow'),(301,5,'Magento_Swatches::iframe',NULL,'allow'),(302,5,'MageWorx_ShippingRules::shippingrules',NULL,'allow'),(303,5,'MageWorx_ShippingRules::quote',NULL,'allow'),(304,5,'MageWorx_ShippingRules::edit_rules_conditions',NULL,'allow'),(305,5,'MageWorx_ShippingRules::carrier',NULL,'allow'),(306,5,'MageWorx_ShippingRules::zone',NULL,'allow'),(307,5,'MageWorx_ShippingRules::region',NULL,'allow'),(308,5,'MageWorx_ShippingRules::extended_zones',NULL,'allow'),(309,5,'Magento_Backend::stores_other_settings',NULL,'allow'),(310,5,'Mirasvit_Core::menu',NULL,'deny'),(311,5,'Magento_Backend::system',NULL,'deny'),(312,5,'Magento_AdobeIms::adobe_ims',NULL,'deny'),(313,5,'Magento_AdobeIms::actions',NULL,'deny'),(314,5,'Magento_AdobeIms::login',NULL,'deny'),(315,5,'Magento_AdobeIms::logout',NULL,'deny'),(316,5,'Magento_AdobeStockAsset::adobe_stock_asset',NULL,'deny'),(317,5,'Magento_AdobeStockAsset::actions',NULL,'deny'),(318,5,'Magento_AdobeStockAsset::actions_delete',NULL,'deny'),(319,5,'Magento_AdobeStockAsset::actions_save',NULL,'deny'),(320,5,'Magento_AdobeStockAsset::actions_view',NULL,'deny'),(321,5,'Magento_AdobeStockAsset::actions_get',NULL,'deny'),(322,5,'Magento_Backend::convert',NULL,'deny'),(323,5,'Magento_ImportExport::import',NULL,'deny'),(324,5,'Magento_ImportExport::export',NULL,'deny'),(325,5,'Magento_TaxImportExport::import_export',NULL,'deny'),(326,5,'Magento_ImportExport::history',NULL,'deny'),(327,5,'MageWorx_ShippingRules::import_export',NULL,'deny'),(328,5,'Magento_Backend::extensions',NULL,'deny'),(329,5,'Magento_Backend::local',NULL,'deny'),(330,5,'Magento_Backend::custom',NULL,'deny'),(331,5,'Magento_GraphQlServer::admin_graphql',NULL,'deny'),(332,5,'MagePsycho_MassImporterPro::menu_section',NULL,'deny'),(333,5,'MagePsycho_MipPricing::menu_manual_import',NULL,'deny'),(334,5,'MagePsycho_MipPricing::menu_manual_export',NULL,'deny'),(335,5,'MagePsycho_MassImporterPro::import',NULL,'deny'),(336,5,'MagePsycho_MassImporterPro::menu_config',NULL,'deny'),(337,5,'Magento_Integration::extensions',NULL,'deny'),(338,5,'Magento_Integration::integrations',NULL,'deny'),(339,5,'Magento_Backend::tools',NULL,'deny'),(340,5,'Magento_Backend::cache',NULL,'deny'),(341,5,'Magento_Backend::main_actions',NULL,'deny'),(342,5,'Magento_Backend::flush_cache_storage',NULL,'deny'),(343,5,'Magento_Backend::flush_magento_cache',NULL,'deny'),(344,5,'Magento_Backend::mass_actions',NULL,'deny'),(345,5,'Magento_Backend::toggling_cache_type',NULL,'deny'),(346,5,'Magento_Backend::refresh_cache_type',NULL,'deny'),(347,5,'Magento_Backend::additional_cache_management',NULL,'deny'),(348,5,'Magento_Backend::flush_catalog_images',NULL,'deny'),(349,5,'Magento_Backend::flush_js_css',NULL,'deny'),(350,5,'Magento_Backend::flush_static_files',NULL,'deny'),(351,5,'Magento_Backup::backup',NULL,'deny'),(352,5,'Magento_Backup::rollback',NULL,'deny'),(353,5,'Magento_Indexer::index',NULL,'deny'),(354,5,'Magento_Indexer::changeMode',NULL,'deny'),(355,5,'Magento_Indexer::invalidate',NULL,'deny'),(356,5,'Magento_User::acl',NULL,'deny'),(357,5,'Magento_User::acl_users',NULL,'deny'),(358,5,'Magento_User::locks',NULL,'deny'),(359,5,'Magento_User::acl_roles',NULL,'deny'),(360,5,'Magento_Logging::magento_logging',NULL,'deny'),(361,5,'Magento_Logging::magento_logging_events',NULL,'deny'),(362,5,'Magento_Logging::system_magento_logging_bulk_operations',NULL,'deny'),(363,5,'Magento_Backend::system_other_settings',NULL,'deny'),(364,5,'Magento_AdminNotification::adminnotification',NULL,'deny'),(365,5,'Magento_AdminNotification::show_toolbar',NULL,'deny'),(366,5,'Magento_AdminNotification::show_list',NULL,'deny'),(367,5,'Magento_AdminNotification::mark_as_read',NULL,'deny'),(368,5,'Magento_AdminNotification::adminnotification_remove',NULL,'deny'),(369,5,'Magento_Variable::variable',NULL,'deny'),(370,5,'Magento_EncryptionKey::crypt_key',NULL,'deny'),(371,5,'Magento_ServicesId::services',NULL,'deny'),(372,5,'Magento_ServicesId::configuration',NULL,'deny'),(373,5,'Magento_Backend::global_search',NULL,'deny'),(374,5,'Bss_ProductAttachment::product_attachment',NULL,'deny'),(375,5,'Bss_ProductAttachment::api',NULL,'deny');

--
-- Table structure for table `braintree_credit_prices`
--

CREATE TABLE `braintree_credit_prices` (
  `id` int unsigned NOT NULL AUTO_INCREMENT COMMENT 'Row ID',
  `product_id` int unsigned NOT NULL COMMENT 'Product Id',
  `term` int NOT NULL COMMENT 'Credit Term',
  `monthly_payment` decimal(12,2) NOT NULL COMMENT 'Monthly Payment',
  `instalment_rate` decimal(12,2) NOT NULL COMMENT 'Instalment Rate',
  `cost_of_purchase` decimal(12,2) NOT NULL COMMENT 'Cost of purchase',
  `total_inc_interest` decimal(12,2) NOT NULL COMMENT 'Total Inc Interest',
  PRIMARY KEY (`id`),
  UNIQUE KEY `BRAINTREE_CREDIT_PRICES_PRODUCT_ID_TERM` (`product_id`,`term`),
  KEY `BRAINTREE_CREDIT_PRICES_PRODUCT_ID` (`product_id`)
) ENGINE=InnoDB DEFAULT CHARSET=utf8mb3 COMMENT='Braintree credit rates';

--
-- Dumping data for table `braintree_credit_prices`
--


--
-- Table structure for table `braintree_transaction_details`
--

CREATE TABLE `braintree_transaction_details` (
  `entity_id` int unsigned NOT NULL AUTO_INCREMENT COMMENT 'Entity ID',
  `order_id` int unsigned NOT NULL COMMENT 'Order Id',
  `transaction_source` varchar(12) DEFAULT NULL COMMENT 'Transaction Source',
  PRIMARY KEY (`entity_id`),
  KEY `BRAINTREE_TRANSACTION_DETAILS_ORDER_ID` (`order_id`),
  CONSTRAINT `BRAINTREE_TRANSACTION_DETAILS_ORDER_ID_SALES_ORDER_ENTITY_ID` FOREIGN KEY (`order_id`) REFERENCES `sales_order` (`entity_id`) ON DELETE CASCADE
) ENGINE=InnoDB DEFAULT CHARSET=utf8mb3 COMMENT='Braintree transaction details table';

--
-- Dumping data for table `braintree_transaction_details`
--


--
-- Table structure for table `bss_productattachment_file`
--

CREATE TABLE `bss_productattachment_file` (
  `file_id` int unsigned NOT NULL AUTO_INCREMENT COMMENT 'ID',
  `title` text NOT NULL COMMENT 'Title',
  `description` text NOT NULL COMMENT 'Description',
  `status` smallint NOT NULL COMMENT 'Status',
  `type` smallint NOT NULL COMMENT 'Type',
  `uploaded_file` text NOT NULL COMMENT 'File Name',
  `size` int NOT NULL COMMENT 'Size',
  `store_id` text NOT NULL COMMENT 'Store View',
  `customer_group` text NOT NULL COMMENT 'Customer Group',
  `limit_time` int NOT NULL COMMENT 'Limit download',
  `position` int NOT NULL COMMENT 'Position',
  `downloaded_time` int NOT NULL COMMENT 'Downloaded Time',
  `show_footer` smallint NOT NULL COMMENT 'Show Footer',
  PRIMARY KEY (`file_id`),
  FULLTEXT KEY `BSS_PRODUCTATTACHMENT_FILE_TITLE_DESCRIPTION` (`title`,`description`)
) ENGINE=InnoDB DEFAULT CHARSET=utf8mb3 COMMENT='bss_productattachment_file';

--
-- Dumping data for table `bss_productattachment_file`
--


--
-- Table structure for table `bss_productlabel_flat`
--

CREATE TABLE `bss_productlabel_flat` (
  `label_id` int unsigned NOT NULL COMMENT 'Label Id',
  `product_id` int unsigned NOT NULL COMMENT 'Product Id',
  `store_views` varchar(255) DEFAULT NULL COMMENT 'Store view',
  `image` varchar(255) DEFAULT NULL COMMENT 'Image',
  `image_data` varchar(255) DEFAULT NULL COMMENT 'Image data: width, height, angle, left-percent, top-percent',
  `customer_groups` varchar(255) DEFAULT NULL COMMENT 'Customer groups',
  `valid_start_date` timestamp NULL DEFAULT NULL COMMENT 'Start date apply',
  `valid_end_date` timestamp NULL DEFAULT NULL COMMENT 'Valid end date',
  `priority` int DEFAULT '0' COMMENT 'Priority',
  KEY `BSS_PRODUCTLABEL_FLAT_LABEL_ID` (`label_id`),
  KEY `BSS_PRODUCTLABEL_FLAT_PRODUCT_ID` (`product_id`)
) ENGINE=InnoDB DEFAULT CHARSET=utf8mb3 COMMENT='Product Label Flat Table';

--
-- Dumping data for table `bss_productlabel_flat`
--


--
-- Table structure for table `bss_productlabel_label`
--

CREATE TABLE `bss_productlabel_label` (
  `id` int unsigned NOT NULL AUTO_INCREMENT COMMENT 'Id',
  `name` varchar(255) NOT NULL COMMENT 'Label Name',
  `active` tinyint(1) NOT NULL COMMENT 'Active',
  `store_views` varchar(255) DEFAULT NULL COMMENT 'Store view',
  `image` varchar(255) DEFAULT NULL COMMENT 'Image',
  `image_data` varchar(255) DEFAULT NULL COMMENT 'Image data: width, height, angle, left-percent, top-percent',
  `customer_groups` varchar(255) DEFAULT NULL COMMENT 'Customer groups',
  `valid_start_date` timestamp NULL DEFAULT NULL COMMENT 'Start date apply',
  `valid_end_date` timestamp NULL DEFAULT NULL COMMENT 'Valid end date',
  `priority` int DEFAULT '0' COMMENT 'Priority',
  `apply_outofstock_product` tinyint(1) NOT NULL COMMENT 'Apply for out of stock product',
  `conditions_serialized` mediumtext COMMENT 'Conditions Serialized',
  `created_at` timestamp NOT NULL DEFAULT CURRENT_TIMESTAMP COMMENT 'Created At',
  `updated_at` timestamp NOT NULL DEFAULT CURRENT_TIMESTAMP ON UPDATE CURRENT_TIMESTAMP COMMENT 'Updated At',
  PRIMARY KEY (`id`),
  KEY `BSS_PRODUCTLABEL_LABEL_ID` (`id`)
) ENGINE=InnoDB AUTO_INCREMENT=11 DEFAULT CHARSET=utf8mb3 COMMENT='Product Label Table';

--
-- Dumping data for table `bss_productlabel_label`
--

INSERT INTO `bss_productlabel_label` VALUES (1,'Trending',0,NULL,NULL,NULL,NULL,NULL,NULL,0,0,NULL,'2024-11-14 04:26:01','2024-11-14 04:26:01'),(2,'Limited',0,NULL,NULL,NULL,NULL,NULL,NULL,0,0,NULL,'2024-11-14 04:26:01','2024-11-14 04:26:01'),(3,'Best Choice',0,NULL,NULL,NULL,NULL,NULL,NULL,0,0,NULL,'2024-11-14 04:26:01','2024-11-14 04:26:01'),(4,'Top 3',0,NULL,NULL,NULL,NULL,NULL,NULL,0,0,NULL,'2024-11-14 04:26:01','2024-11-14 04:26:01'),(5,'Top 5',0,NULL,NULL,NULL,NULL,NULL,NULL,0,0,NULL,'2024-11-14 04:26:01','2024-11-14 04:26:01'),(6,'10% sale',0,NULL,NULL,NULL,NULL,NULL,NULL,0,0,NULL,'2024-11-14 04:26:01','2024-11-14 04:26:01'),(7,'20% sale',0,NULL,NULL,NULL,NULL,NULL,NULL,0,0,NULL,'2024-11-14 04:26:01','2024-11-14 04:26:01'),(8,'50% sale',0,NULL,NULL,NULL,NULL,NULL,NULL,0,0,NULL,'2024-11-14 04:26:01','2024-11-14 04:26:01'),(9,'90% sale',0,NULL,NULL,NULL,NULL,NULL,NULL,0,0,NULL,'2024-11-14 04:26:01','2024-11-14 04:26:01'),(10,'Out of stock',0,NULL,NULL,NULL,NULL,NULL,NULL,0,0,NULL,'2024-11-14 04:26:01','2024-11-14 04:26:01');

--
-- Table structure for table `cache`
--

CREATE TABLE `cache` (
  `id` varchar(200) NOT NULL COMMENT 'Cache Id',
  `data` mediumblob COMMENT 'Cache Data',
  `create_time` int DEFAULT NULL COMMENT 'Cache Creation Time',
  `update_time` int DEFAULT NULL COMMENT 'Time of Cache Updating',
  `expire_time` int DEFAULT NULL COMMENT 'Cache Expiration Time',
  PRIMARY KEY (`id`),
  KEY `CACHE_EXPIRE_TIME` (`expire_time`)
) ENGINE=InnoDB DEFAULT CHARSET=utf8mb3 COMMENT='Caches';

--
-- Dumping data for table `cache`
--


--
-- Table structure for table `cache_tag`
--

CREATE TABLE `cache_tag` (
  `tag` varchar(100) NOT NULL COMMENT 'Tag',
  `cache_id` varchar(200) NOT NULL COMMENT 'Cache Id',
  PRIMARY KEY (`tag`,`cache_id`),
  KEY `CACHE_TAG_CACHE_ID` (`cache_id`)
) ENGINE=InnoDB DEFAULT CHARSET=utf8mb3 COMMENT='Tag Caches';

--
-- Dumping data for table `cache_tag`
--


--
-- Table structure for table `captcha_log`
--

CREATE TABLE `captcha_log` (
  `type` varchar(32) NOT NULL COMMENT 'Type',
  `value` varchar(255) NOT NULL COMMENT 'Value',
  `count` int unsigned NOT NULL DEFAULT '0' COMMENT 'Count',
  `updated_at` timestamp NULL DEFAULT NULL COMMENT 'Update Time',
  PRIMARY KEY (`type`,`value`)
) ENGINE=InnoDB DEFAULT CHARSET=utf8mb3 COMMENT='Count Login Attempts';

--
-- Dumping data for table `captcha_log`
--

INSERT INTO `captcha_log` VALUES ('1','104.23.190.228',2,'2025-04-17 09:59:46'),('1','104.23.190.7',1,'2025-03-03 11:56:58'),('1','116.72.18.66',1,'2025-01-24 12:32:18'),('1','162.158.155.59',1,'2025-02-12 11:47:05'),('1','162.158.62.69',1,'2025-04-17 09:59:26'),('1','172.70.110.138',1,'2025-04-17 09:59:32'),('1','172.70.114.230',1,'2025-02-24 10:38:42'),('1','172.70.115.14',1,'2025-02-24 10:38:44'),('1','172.70.230.21',1,'2025-02-26 10:10:43'),('1','27.34.70.104',1,'2024-11-12 09:35:06'),('1','27.34.70.118',5,'2024-11-06 05:11:02'),('1','27.34.70.76',3,'2024-11-05 10:32:05'),('2','admin123',1,'2025-01-24 12:32:18'),('2','admin@gmail.com',1,'2024-11-05 10:16:31'),('2','amit',1,'2024-08-05 16:52:04'),('2','data-entrypk',2,'2025-02-24 10:38:44'),('2','DataU',1,'2025-01-10 13:01:06'),('2','hyva-new',1,'2025-02-26 10:10:43'),('2','maham',4,'2025-04-17 09:59:46'),('2','shakeel',10,'2024-11-04 11:48:10'),('2','shakeel@nexus-home.com',1,'2024-08-13 12:54:15'),('2','shakeel@nexus-nexus.com',1,'2024-08-13 12:53:40'),('2','sishamsingh999@gmail.com',8,'2024-11-12 09:35:06'),('2','UsamaJ',1,'2025-01-10 13:01:18'),('2','Zohaib',2,'2025-01-09 21:06:10'),('2','zohaib-new',2,'2025-01-31 13:36:39'),('2','zohaib1',2,'2025-01-09 10:07:18');

--
-- Table structure for table `catalog_category_entity`
--

CREATE TABLE `catalog_category_entity` (
  `entity_id` int unsigned NOT NULL AUTO_INCREMENT COMMENT 'Entity ID',
  `attribute_set_id` smallint unsigned NOT NULL DEFAULT '0' COMMENT 'Attribute Set ID',
  `parent_id` int unsigned NOT NULL DEFAULT '0' COMMENT 'Parent Category ID',
  `created_at` timestamp NOT NULL DEFAULT CURRENT_TIMESTAMP COMMENT 'Creation Time',
  `updated_at` timestamp NOT NULL DEFAULT CURRENT_TIMESTAMP ON UPDATE CURRENT_TIMESTAMP COMMENT 'Update Time',
  `path` varchar(255) NOT NULL COMMENT 'Tree Path',
  `position` int NOT NULL COMMENT 'Position',
  `level` int NOT NULL DEFAULT '0' COMMENT 'Tree Level',
  `children_count` int NOT NULL COMMENT 'Child Count',
  PRIMARY KEY (`entity_id`),
  KEY `CATALOG_CATEGORY_ENTITY_LEVEL` (`level`),
  KEY `CATALOG_CATEGORY_ENTITY_PATH` (`path`)
) ENGINE=InnoDB AUTO_INCREMENT=1205 DEFAULT CHARSET=utf8mb3 COMMENT='Catalog Category Table';

--
-- Dumping data for table `catalog_category_entity`
--

INSERT INTO `catalog_category_entity` VALUES (1,3,0,'2024-08-05 09:21:14','2025-02-18 13:52:28','1',0,0,719),(2,3,1,'2024-08-05 09:21:14','2025-02-18 13:52:28','1/2',1,1,388),(7,3,446,'2024-08-08 09:55:44','2025-02-14 10:28:05','1/446/7',2,2,35),(8,3,454,'2024-08-08 09:56:29','2025-02-12 12:18:02','1/546/454/8',2,3,19),(9,3,454,'2024-08-08 09:57:10','2025-02-14 10:49:09','1/546/454/9',1,3,20),(25,3,565,'2024-08-13 13:19:25','2025-02-14 00:59:08','1/446/565/25',2,3,5),(35,3,672,'2024-08-13 14:28:37','2025-02-13 11:05:33','1/446/226/672/35',5,4,0),(36,3,672,'2024-08-13 14:29:07','2025-02-13 11:03:54','1/446/226/672/36',4,4,0),(60,3,672,'2024-08-13 15:23:41','2025-02-13 11:11:58','1/446/226/672/60',10,4,0),(63,3,546,'2024-08-13 15:28:47','2025-02-14 02:32:19','1/546/63',2,2,0),(64,3,546,'2024-08-13 15:29:17','2025-02-12 12:25:34','1/546/64',3,2,0),(65,3,546,'2024-08-13 15:29:49','2025-02-12 12:25:34','1/546/65',4,2,0),(66,3,468,'2024-08-15 07:29:39','2025-04-17 14:24:56','1/546/468/66',1,3,-1),(135,3,548,'2024-08-16 11:14:23','2025-02-12 12:00:03','1/446/7/548/135',4,4,0),(150,3,8,'2024-08-16 11:58:03','2025-02-12 12:18:02','1/546/454/8/150',3,4,0),(151,3,159,'2024-08-16 11:59:55','2025-02-12 12:18:02','1/546/454/8/159/151',4,5,0),(152,3,8,'2024-08-16 12:00:44','2025-02-12 12:18:02','1/546/454/8/152',2,4,9),(153,3,152,'2024-08-16 12:02:23','2025-02-12 12:18:02','1/546/454/8/152/153',8,5,0),(154,3,152,'2024-08-16 12:04:57','2025-02-12 12:18:02','1/546/454/8/152/154',1,5,0),(155,3,152,'2024-08-16 12:10:33','2025-02-12 12:18:02','1/546/454/8/152/155',2,5,0),(156,3,152,'2024-08-16 12:54:39','2025-02-12 12:18:02','1/546/454/8/152/156',9,5,0),(157,3,152,'2024-08-16 12:56:42','2025-02-12 12:18:02','1/546/454/8/152/157',10,5,0),(158,3,152,'2024-08-16 12:58:03','2025-02-12 12:18:02','1/546/454/8/152/158',5,5,0),(159,3,8,'2024-08-16 13:03:39','2025-02-12 12:18:02','1/546/454/8/159',1,4,7),(160,3,159,'2024-08-16 13:04:15','2025-02-12 12:18:02','1/546/454/8/159/160',1,5,0),(161,3,159,'2024-08-16 13:09:30','2025-02-12 12:18:02','1/546/454/8/159/161',2,5,0),(162,3,159,'2024-08-16 13:09:53','2025-02-12 12:18:02','1/546/454/8/159/162',3,5,0),(163,3,2,'2024-08-20 10:15:03','2025-02-17 07:52:06','1/2/163',20,2,0),(164,3,2,'2024-08-20 10:56:14','2025-02-17 07:52:06','1/2/164',19,2,0),(165,3,9,'2024-09-23 12:35:56','2025-02-14 11:20:05','1/546/454/9/165',1,4,4),(166,3,165,'2024-09-23 12:39:04','2025-02-12 12:18:02','1/546/454/9/165/166',1,5,0),(167,3,165,'2024-09-23 12:41:55','2025-02-12 12:18:02','1/546/454/9/165/167',4,5,0),(169,3,9,'2024-09-23 12:43:36','2025-02-12 12:18:02','1/546/454/9/169',3,4,6),(170,3,9,'2024-09-23 12:46:25','2025-02-14 10:48:41','1/546/454/9/170',2,4,3),(171,3,170,'2024-09-23 12:50:48','2025-02-12 12:18:02','1/546/454/9/170/171',1,5,0),(172,3,170,'2024-09-23 12:51:15','2025-02-12 12:18:02','1/546/454/9/170/172',2,5,0),(175,3,169,'2024-09-23 12:53:56','2025-02-12 12:18:02','1/546/454/9/169/175',5,5,0),(176,3,165,'2024-09-23 12:54:47','2025-02-12 12:18:02','1/546/454/9/165/176',3,5,0),(177,3,169,'2024-09-23 12:59:15','2025-02-12 12:18:02','1/546/454/9/169/177',1,5,0),(178,3,169,'2024-09-23 13:00:38','2025-02-12 12:18:02','1/546/454/9/169/178',3,5,0),(179,3,169,'2024-09-23 13:02:45','2025-02-12 12:18:02','1/546/454/9/169/179',4,5,0),(180,3,169,'2024-09-23 13:46:02','2025-02-12 12:18:02','1/546/454/9/169/180',2,5,0),(181,3,169,'2024-09-23 13:48:14','2025-02-12 12:18:02','1/546/454/9/169/181',6,5,0),(226,3,446,'2024-10-03 09:36:48','2025-02-13 12:19:47','1/446/226',6,2,24),(238,3,165,'2024-10-03 13:53:30','2025-02-12 12:18:02','1/546/454/9/165/238',2,5,0),(239,3,170,'2024-10-03 13:57:07','2025-02-12 12:18:02','1/546/454/9/170/239',3,5,0),(240,3,9,'2024-10-03 14:45:24','2025-02-12 12:18:02','1/546/454/9/240',4,4,4),(241,3,240,'2024-10-03 14:58:30','2025-02-12 12:18:02','1/546/454/9/240/241',1,5,0),(242,3,240,'2024-10-03 14:59:07','2025-02-12 12:18:02','1/546/454/9/240/242',2,5,0),(243,3,240,'2024-10-03 14:59:17','2025-02-12 12:18:02','1/546/454/9/240/243',3,5,0),(244,3,240,'2024-10-03 14:59:27','2025-02-12 12:18:02','1/546/454/9/240/244',4,5,0),(276,3,159,'2024-10-04 13:48:49','2025-02-12 12:18:02','1/546/454/8/159/276',5,5,0),(277,3,159,'2024-10-04 13:49:05','2025-02-12 12:18:02','1/546/454/8/159/277',6,5,0),(278,3,159,'2024-10-04 13:53:39','2025-02-12 12:18:02','1/546/454/8/159/278',7,5,0),(279,3,152,'2024-10-04 13:56:12','2025-02-12 12:18:02','1/546/454/8/152/279',3,5,0),(280,3,152,'2024-10-04 13:57:12','2025-02-12 12:18:02','1/546/454/8/152/280',4,5,0),(282,3,152,'2024-10-04 13:57:52','2025-02-12 12:18:02','1/546/454/8/152/282',7,5,0),(366,3,548,'2024-10-07 12:14:09','2025-02-17 13:20:44','1/446/7/548/366',3,4,0),(446,3,1,'2025-01-30 15:20:51','2025-02-14 13:21:32','1/446',2,1,242),(449,3,2,'2025-01-30 15:23:57','2025-02-17 07:52:06','1/2/449',21,2,0),(451,3,2,'2025-02-06 09:47:06','2025-02-17 07:52:06','1/2/451',22,2,0),(454,3,546,'2025-02-06 11:55:27','2025-02-14 10:49:09','1/546/454',5,2,41),(456,3,546,'2025-02-06 11:56:02','2025-02-14 11:25:11','1/546/456',6,2,0),(457,3,546,'2025-02-06 11:56:20','2025-02-12 12:25:34','1/546/457',7,2,0),(465,3,446,'2025-02-06 12:41:28','2025-02-14 05:17:43','1/446/465',10,2,0),(468,3,546,'2025-02-06 12:43:20','2025-02-14 06:22:00','1/546/468',1,2,0),(508,3,446,'2025-02-11 07:16:16','2025-02-14 10:25:14','1/446/508',1,2,29),(522,3,627,'2025-02-11 14:31:43','2025-02-17 13:25:47','1/446/508/627/522',1,4,0),(523,3,627,'2025-02-11 14:36:49','2025-02-17 12:58:24','1/446/508/627/523',2,4,0),(524,3,627,'2025-02-11 14:38:04','2025-02-17 13:31:56','1/446/508/627/524',3,4,0),(525,3,627,'2025-02-11 14:40:38','2025-02-17 12:59:42','1/446/508/627/525',4,4,0),(526,3,627,'2025-02-11 14:41:47','2025-02-17 13:00:30','1/446/508/627/526',5,4,0),(527,3,627,'2025-02-11 14:42:57','2025-02-17 13:01:17','1/446/508/627/527',6,4,0),(528,3,627,'2025-02-11 14:43:37','2025-02-17 13:02:09','1/446/508/627/528',7,4,0),(529,3,627,'2025-02-11 14:45:10','2025-02-17 13:03:03','1/446/508/627/529',8,4,0),(530,3,627,'2025-02-11 14:45:52','2025-02-17 13:07:19','1/446/508/627/530',9,4,0),(531,3,627,'2025-02-11 14:46:27','2025-02-17 13:07:48','1/446/508/627/531',10,4,0),(532,3,627,'2025-02-11 14:47:26','2025-02-17 13:08:33','1/446/508/627/532',11,4,0),(533,3,627,'2025-02-11 14:47:59','2025-02-17 13:09:22','1/446/508/627/533',12,4,0),(534,3,627,'2025-02-11 14:52:10','2025-02-17 13:24:38','1/446/508/627/534',13,4,3),(535,3,534,'2025-02-11 14:53:53','2025-02-17 13:13:25','1/446/508/627/534/535',1,5,0),(536,3,534,'2025-02-11 14:54:39','2025-02-17 13:14:09','1/446/508/627/534/536',2,5,0),(537,3,534,'2025-02-11 14:55:49','2025-02-17 13:14:57','1/446/508/627/534/537',3,5,0),(538,3,628,'2025-02-11 14:57:08','2025-02-13 06:53:19','1/446/508/628/538',1,4,0),(539,3,628,'2025-02-11 14:57:44','2025-02-13 06:53:26','1/446/508/628/539',2,4,0),(540,3,628,'2025-02-11 14:58:19','2025-02-13 06:53:29','1/446/508/628/540',3,4,0),(541,3,628,'2025-02-11 14:58:52','2025-02-13 06:53:31','1/446/508/628/541',4,4,0),(542,3,628,'2025-02-11 14:59:52','2025-02-13 06:53:33','1/446/508/628/542',5,4,0),(543,3,628,'2025-02-11 15:00:39','2025-02-13 06:53:35','1/446/508/628/543',6,4,0),(545,3,548,'2025-02-11 15:52:34','2025-02-17 13:16:33','1/446/7/548/545',1,4,0),(546,3,1,'2025-02-11 16:04:27','2025-02-14 10:49:09','1/546',4,1,50),(547,3,548,'2025-02-11 16:04:40','2025-02-12 12:00:03','1/446/7/548/547',2,4,0),(548,3,7,'2025-02-11 16:10:27','2025-04-17 14:27:12','1/446/7/548',1,3,9),(549,3,629,'2025-02-12 07:10:39','2025-02-13 06:55:48','1/446/508/629/549',1,4,0),(550,3,629,'2025-02-12 07:15:06','2025-02-13 06:55:15','1/446/508/629/550',2,4,0),(551,3,629,'2025-02-12 07:33:13','2025-02-13 06:55:33','1/446/508/629/551',3,4,0),(552,3,629,'2025-02-12 07:35:25','2025-02-13 06:55:33','1/446/508/629/552',4,4,0),(553,3,548,'2025-02-12 07:57:20','2025-02-12 12:00:03','1/446/7/548/553',5,4,0),(554,3,548,'2025-02-12 08:01:16','2025-02-12 12:00:03','1/446/7/548/554',6,4,0),(555,3,548,'2025-02-12 08:02:23','2025-02-12 12:00:03','1/446/7/548/555',7,4,0),(556,3,548,'2025-02-12 08:03:06','2025-02-12 12:00:03','1/446/7/548/556',8,4,0),(557,3,548,'2025-02-12 08:04:01','2025-02-12 12:00:03','1/446/7/548/557',9,4,0),(565,3,446,'2025-02-12 12:09:04','2025-02-17 13:28:48','1/446/565',3,2,42),(566,3,565,'2025-02-12 12:13:30','2025-04-17 14:29:14','1/446/565/566',4,3,8),(567,3,566,'2025-02-12 12:18:35','2025-02-12 12:33:44','1/446/565/566/567',1,4,1),(568,3,446,'2025-02-12 12:19:48','2025-02-17 13:58:36','1/446/568',8,2,0),(569,3,446,'2025-02-12 12:20:26','2025-02-14 10:27:49','1/446/569',9,2,0),(570,3,546,'2025-02-12 12:20:51','2025-02-12 12:25:34','1/546/570',9,2,0),(571,3,546,'2025-02-12 12:21:23','2025-02-12 12:25:34','1/546/571',8,2,0),(572,3,566,'2025-02-12 12:28:42','2025-02-13 07:54:49','1/446/565/566/572',2,4,0),(573,3,566,'2025-02-12 12:38:18','2025-02-13 07:54:49','1/446/565/566/573',3,4,0),(574,3,566,'2025-02-12 12:40:32','2025-02-13 07:54:49','1/446/565/566/574',4,4,0),(575,3,446,'2025-02-12 12:56:17','2025-02-17 13:23:34','1/446/575',4,2,21),(576,3,625,'2025-02-12 13:00:47','2025-02-12 15:57:37','1/446/575/625/576',1,4,0),(577,3,625,'2025-02-12 13:01:24','2025-02-12 15:56:25','1/446/575/625/577',2,4,0),(578,3,625,'2025-02-12 13:03:01','2025-02-12 15:56:42','1/446/575/625/578',3,4,0),(579,3,625,'2025-02-12 13:03:31','2025-02-12 15:56:46','1/446/575/625/579',4,4,0),(580,3,625,'2025-02-12 13:04:05','2025-02-12 15:57:13','1/446/575/625/580',5,4,0),(581,3,625,'2025-02-12 13:04:43','2025-02-12 15:57:13','1/446/575/625/581',6,4,0),(582,3,625,'2025-02-12 13:05:33','2025-02-12 15:57:21','1/446/575/625/582',7,4,0),(583,3,625,'2025-02-12 13:06:12','2025-02-12 15:57:25','1/446/575/625/583',8,4,0),(584,3,625,'2025-02-12 13:06:47','2025-02-12 15:57:29','1/446/575/625/584',9,4,0),(585,3,625,'2025-02-12 13:07:16','2025-02-12 15:57:34','1/446/575/625/585',10,4,0),(586,3,625,'2025-02-12 13:07:57','2025-02-12 15:57:37','1/446/575/625/586',11,4,0),(587,3,575,'2025-02-12 13:22:24','2025-04-17 14:30:36','1/446/575/587',2,3,8),(588,3,566,'2025-02-12 13:28:53','2025-02-13 07:54:49','1/446/565/566/588',5,4,0),(589,3,566,'2025-02-12 13:29:42','2025-02-13 07:54:49','1/446/565/566/589',6,4,0),(590,3,566,'2025-02-12 13:30:34','2025-02-13 07:54:49','1/446/565/566/590',7,4,0),(591,3,566,'2025-02-12 13:32:35','2025-02-13 07:54:49','1/446/565/566/591',8,4,0),(592,3,565,'2025-02-12 13:36:39','2025-04-17 14:42:53','1/446/565/592',1,3,7),(593,3,592,'2025-02-12 13:38:06','2025-02-14 01:18:21','1/446/565/592/593',1,4,0),(594,3,592,'2025-02-12 13:51:08','2025-02-12 13:51:08','1/446/565/592/594',2,4,0),(595,3,592,'2025-02-12 13:52:02','2025-02-12 13:52:02','1/446/565/592/595',3,4,0),(596,3,592,'2025-02-12 13:52:41','2025-02-12 13:52:51','1/446/565/592/596',4,4,0),(597,3,592,'2025-02-12 13:55:35','2025-02-12 13:55:35','1/446/565/592/597',5,4,0),(598,3,592,'2025-02-12 13:56:22','2025-02-12 13:56:22','1/446/565/592/598',6,4,0),(599,3,592,'2025-02-12 13:56:53','2025-02-12 13:56:53','1/446/565/592/599',7,4,0),(600,3,25,'2025-02-12 14:06:35','2025-02-12 14:11:28','1/446/565/25/600',1,4,0),(601,3,25,'2025-02-12 14:07:24','2025-02-12 14:11:38','1/446/565/25/601',2,4,0),(602,3,25,'2025-02-12 14:07:59','2025-02-12 14:11:43','1/446/565/25/602',3,4,0),(603,3,25,'2025-02-12 14:08:43','2025-02-12 14:11:46','1/446/565/25/603',4,4,0),(604,3,25,'2025-02-12 14:09:17','2025-02-12 14:11:46','1/446/565/25/604',5,4,0),(605,3,613,'2025-02-12 14:16:03','2025-02-17 13:29:44','1/446/565/613/605',1,4,-1),(606,3,613,'2025-02-12 14:16:33','2025-02-12 14:24:02','1/446/565/613/606',2,4,0),(607,3,613,'2025-02-12 14:17:01','2025-02-17 13:30:15','1/446/565/613/607',3,4,0),(608,3,613,'2025-02-12 14:17:38','2025-02-12 14:24:07','1/446/565/613/608',4,4,0),(609,3,613,'2025-02-12 14:18:11','2025-02-12 14:24:12','1/446/565/613/609',5,4,0),(610,3,613,'2025-02-12 14:18:40','2025-02-12 14:24:15','1/446/565/613/610',6,4,0),(611,3,613,'2025-02-12 14:19:11','2025-02-12 14:24:18','1/446/565/613/611',7,4,0),(612,3,613,'2025-02-12 14:19:51','2025-02-17 13:30:46','1/446/565/613/612',8,4,0),(613,3,565,'2025-02-12 14:22:48','2025-02-14 00:59:08','1/446/565/613',5,3,7),(614,3,565,'2025-02-12 15:11:30','2025-02-14 00:59:08','1/446/565/614',6,3,4),(615,3,614,'2025-02-12 15:13:39','2025-02-17 13:31:15','1/446/565/614/615',1,4,0),(616,3,614,'2025-02-12 15:14:49','2025-02-12 15:14:49','1/446/565/614/616',2,4,0),(617,3,614,'2025-02-12 15:15:25','2025-02-12 15:15:25','1/446/565/614/617',3,4,0),(618,3,614,'2025-02-12 15:16:44','2025-02-14 01:24:14','1/446/565/614/618',4,4,0),(619,3,565,'2025-02-12 15:17:55','2025-02-14 00:59:08','1/446/565/619',7,3,4),(620,3,619,'2025-02-12 15:21:34','2025-02-12 15:21:34','1/446/565/619/620',1,4,0),(621,3,619,'2025-02-12 15:22:14','2025-02-12 15:22:14','1/446/565/619/621',2,4,0),(622,3,619,'2025-02-12 15:22:55','2025-02-12 15:22:55','1/446/565/619/622',3,4,0),(623,3,619,'2025-02-12 15:38:16','2025-02-12 15:38:16','1/446/565/619/623',4,4,0),(625,3,575,'2025-02-12 15:52:16','2025-02-17 13:19:13','1/446/575/625',1,3,11),(626,3,587,'2025-02-13 06:27:08','2025-02-13 06:27:08','1/446/575/587/626',1,4,0),(627,3,508,'2025-02-13 06:39:54','2025-02-17 13:25:34','1/446/508/627',1,3,16),(628,3,508,'2025-02-13 06:50:02','2025-02-13 06:54:00','1/446/508/628',2,3,6),(629,3,508,'2025-02-13 06:54:53','2025-02-13 06:56:01','1/446/508/629',3,3,4),(630,3,587,'2025-02-13 07:20:36','2025-02-13 07:20:54','1/446/575/587/630',2,4,0),(631,3,587,'2025-02-13 07:21:38','2025-02-13 07:21:38','1/446/575/587/631',3,4,0),(632,3,587,'2025-02-13 07:25:48','2025-02-13 07:25:48','1/446/575/587/632',4,4,0),(633,3,587,'2025-02-13 07:26:44','2025-02-13 07:26:44','1/446/575/587/633',5,4,0),(634,3,587,'2025-02-13 07:32:16','2025-02-13 07:32:16','1/446/575/587/634',6,4,0),(635,3,587,'2025-02-13 07:32:49','2025-02-13 07:32:49','1/446/575/587/635',7,4,0),(636,3,587,'2025-02-13 07:41:48','2025-02-13 07:41:48','1/446/575/587/636',8,4,0),(638,3,446,'2025-02-13 08:02:21','2025-02-14 01:35:16','1/446/638',5,2,33),(639,3,638,'2025-02-13 08:09:22','2025-02-14 01:35:16','1/446/638/639',3,3,8),(640,3,639,'2025-02-13 08:09:53','2025-02-13 08:09:53','1/446/638/639/640',1,4,0),(641,3,639,'2025-02-13 08:24:16','2025-02-13 08:24:16','1/446/638/639/641',2,4,0),(642,3,639,'2025-02-13 08:24:54','2025-02-13 08:24:54','1/446/638/639/642',3,4,0),(643,3,639,'2025-02-13 08:25:27','2025-02-13 08:25:27','1/446/638/639/643',4,4,0),(644,3,639,'2025-02-13 08:26:21','2025-02-13 08:26:21','1/446/638/639/644',5,4,0),(645,3,639,'2025-02-13 08:27:03','2025-02-13 08:27:03','1/446/638/639/645',6,4,0),(646,3,639,'2025-02-13 08:28:05','2025-02-13 08:28:05','1/446/638/639/646',7,4,0),(647,3,639,'2025-02-13 08:30:06','2025-02-13 08:30:06','1/446/638/639/647',8,4,0),(648,3,638,'2025-02-13 09:04:23','2025-02-14 01:35:16','1/446/638/648',4,3,2),(649,3,648,'2025-02-13 09:04:52','2025-02-13 09:04:52','1/446/638/648/649',1,4,0),(650,3,648,'2025-02-13 09:05:48','2025-02-13 09:05:48','1/446/638/648/650',2,4,0),(651,3,638,'2025-02-13 09:06:37','2025-02-14 01:35:16','1/446/638/651',5,3,3),(652,3,651,'2025-02-13 09:07:23','2025-02-13 09:07:23','1/446/638/651/652',1,4,0),(653,3,651,'2025-02-13 09:11:26','2025-02-13 09:11:26','1/446/638/651/653',2,4,0),(654,3,651,'2025-02-13 09:12:25','2025-02-13 09:12:25','1/446/638/651/654',3,4,0),(655,3,638,'2025-02-13 09:13:16','2025-02-14 01:35:16','1/446/638/655',6,3,2),(656,3,655,'2025-02-13 09:13:59','2025-02-13 09:14:44','1/446/638/655/656',1,4,1),(657,3,656,'2025-02-13 09:14:44','2025-02-13 09:14:44','1/446/638/655/656/657',1,5,0),(658,3,638,'2025-02-13 09:15:10','2025-02-14 01:35:04','1/446/638/658',1,3,8),(659,3,658,'2025-02-13 09:16:27','2025-02-13 09:16:27','1/446/638/658/659',1,4,0),(660,3,658,'2025-02-13 09:18:12','2025-02-13 09:18:12','1/446/638/658/660',2,4,0),(661,3,658,'2025-02-13 10:43:41','2025-02-13 10:43:41','1/446/638/658/661',3,4,0),(662,3,658,'2025-02-13 10:44:24','2025-02-13 10:44:24','1/446/638/658/662',4,4,0),(663,3,658,'2025-02-13 10:46:01','2025-02-13 10:46:01','1/446/638/658/663',5,4,0),(664,3,658,'2025-02-13 10:46:47','2025-02-13 10:46:47','1/446/638/658/664',6,4,0),(665,3,658,'2025-02-13 10:47:39','2025-02-13 10:47:39','1/446/638/658/665',7,4,0),(666,3,658,'2025-02-13 10:49:09','2025-02-13 10:49:09','1/446/638/658/666',8,4,0),(667,3,638,'2025-02-13 10:49:48','2025-02-14 01:35:16','1/446/638/667',2,3,4),(668,3,667,'2025-02-13 10:52:33','2025-02-17 13:28:00','1/446/638/667/668',1,4,0),(669,3,667,'2025-02-13 10:53:48','2025-02-13 10:53:48','1/446/638/667/669',2,4,0),(670,3,667,'2025-02-13 10:54:29','2025-02-13 10:54:29','1/446/638/667/670',3,4,0),(671,3,667,'2025-02-13 10:55:29','2025-02-13 10:55:29','1/446/638/667/671',4,4,0),(672,3,226,'2025-02-13 10:59:58','2025-02-13 11:17:17','1/446/226/672',1,3,13),(673,3,672,'2025-02-13 11:00:54','2025-02-13 11:00:54','1/446/226/672/673',1,4,0),(674,3,672,'2025-02-13 11:01:47','2025-02-13 11:01:47','1/446/226/672/674',2,4,0),(675,3,672,'2025-02-13 11:02:34','2025-02-13 11:02:34','1/446/226/672/675',3,4,0),(676,3,672,'2025-02-13 11:07:23','2025-02-13 11:07:23','1/446/226/672/676',6,4,0),(677,3,672,'2025-02-13 11:08:27','2025-02-13 11:08:27','1/446/226/672/677',7,4,0),(678,3,672,'2025-02-13 11:09:47','2025-02-13 11:09:47','1/446/226/672/678',8,4,0),(679,3,672,'2025-02-13 11:10:30','2025-02-13 11:10:31','1/446/226/672/679',9,4,0),(680,3,672,'2025-02-13 11:13:59','2025-02-13 11:13:59','1/446/226/672/680',11,4,0),(681,3,672,'2025-02-13 11:16:22','2025-02-13 11:16:22','1/446/226/672/681',12,4,0),(682,3,672,'2025-02-13 11:17:17','2025-02-13 11:17:17','1/446/226/672/682',13,4,0),(683,3,226,'2025-02-13 11:25:59','2025-02-13 11:57:41','1/446/226/683',2,3,4),(685,3,683,'2025-02-13 11:27:56','2025-02-13 11:27:56','1/446/226/683/685',1,4,0),(686,3,683,'2025-02-13 11:56:00','2025-02-13 11:56:00','1/446/226/683/686',2,4,0),(687,3,683,'2025-02-13 11:56:53','2025-02-13 11:56:53','1/446/226/683/687',3,4,0),(688,3,683,'2025-02-13 11:57:41','2025-02-13 12:03:38','1/446/226/683/688',4,4,0),(689,3,226,'2025-02-13 11:58:12','2025-02-13 11:59:50','1/446/226/689',3,3,1),(690,3,689,'2025-02-13 11:59:50','2025-02-13 11:59:50','1/446/226/689/690',1,4,0),(691,3,693,'2025-02-13 12:08:12','2025-02-13 12:18:40','1/446/226/693/691',1,4,0),(693,3,226,'2025-02-13 12:18:31','2025-02-13 12:19:47','1/446/226/693',4,3,1),(694,3,446,'2025-02-13 12:21:46','2025-02-13 12:21:46','1/446/694',11,2,0),(695,3,446,'2025-02-13 12:24:31','2025-02-14 13:21:32','1/446/695',12,2,83),(696,3,722,'2025-02-13 12:25:31','2025-02-13 16:32:49','1/446/695/722/696',1,4,0),(697,3,723,'2025-02-13 12:27:42','2025-02-13 16:36:18','1/446/695/723/697',1,4,0),(698,3,724,'2025-02-13 12:29:45','2025-02-13 16:40:10','1/446/695/724/698',1,4,0),(699,3,695,'2025-02-13 12:31:17','2025-02-13 16:42:19','1/446/695/699',3,3,1),(700,3,726,'2025-02-13 12:33:14','2025-02-13 16:42:22','1/446/695/726/700',1,4,0),(701,3,695,'2025-02-13 12:43:41','2025-02-13 16:44:03','1/446/695/701',6,3,1),(702,3,695,'2025-02-13 12:49:12','2025-02-13 16:44:03','1/446/695/702',7,3,1),(703,3,695,'2025-02-13 13:21:37','2025-02-13 16:45:33','1/446/695/703',8,3,0),(704,3,695,'2025-02-13 13:24:32','2025-02-13 16:45:33','1/446/695/704',10,3,0),(705,3,732,'2025-02-13 13:25:19','2025-02-13 16:55:48','1/446/695/732/705',1,4,0),(706,3,734,'2025-02-13 13:30:18','2025-02-13 16:56:04','1/446/695/734/706',1,4,0),(707,3,695,'2025-02-13 13:31:30','2025-02-13 16:56:04','1/446/695/707',13,3,0),(708,3,736,'2025-02-13 13:44:46','2025-02-13 16:56:14','1/446/695/736/708',1,4,0),(709,3,737,'2025-02-13 13:45:46','2025-02-13 16:56:20','1/446/695/737/709',1,4,0),(710,3,738,'2025-02-13 13:48:31','2025-02-13 16:56:30','1/446/695/738/710',1,4,0),(711,3,740,'2025-02-13 14:04:02','2025-02-14 10:28:11','1/446/695/740/711',1,4,0),(712,3,695,'2025-02-13 14:08:24','2025-02-13 16:56:38','1/446/695/712',18,3,1),(713,3,750,'2025-02-13 14:09:14','2025-02-13 17:10:14','1/446/695/750/713',1,4,0),(714,3,751,'2025-02-13 14:15:45','2025-02-13 17:12:13','1/446/695/751/714',1,4,0),(715,3,742,'2025-02-13 14:17:55','2025-02-13 17:06:42','1/446/695/742/715',1,4,0),(716,3,744,'2025-02-13 14:18:54','2025-02-13 17:06:49','1/446/695/744/716',1,4,0),(717,3,746,'2025-02-13 14:21:19','2025-02-13 17:06:55','1/446/695/746/717',1,4,0),(718,3,748,'2025-02-13 14:22:10','2025-02-14 10:58:30','1/446/695/748/718',1,4,0),(719,3,749,'2025-02-13 14:23:26','2025-02-13 17:07:17','1/446/695/749/719',1,4,0),(720,3,719,'2025-02-13 14:28:13','2025-02-13 17:12:13','1/446/695/751/714/715/716/717/718/719/720',25,10,0),(722,3,695,'2025-02-13 16:32:32','2025-02-13 16:32:49','1/446/695/722',1,3,1),(723,3,695,'2025-02-13 16:33:59','2025-02-13 16:40:42','1/446/695/723',2,3,1),(724,3,695,'2025-02-13 16:34:15','2025-02-13 16:40:57','1/446/695/724',4,3,1),(725,3,699,'2025-02-13 16:34:32','2025-02-13 16:42:19','1/446/695/699/725',1,4,0),(726,3,695,'2025-02-13 16:34:48','2025-02-13 16:43:43','1/446/695/726',5,3,1),(727,3,701,'2025-02-13 16:35:28','2025-02-13 16:44:03','1/446/695/701/727',1,4,0),(728,3,702,'2025-02-13 16:35:42','2025-02-13 16:44:03','1/446/695/702/728',1,4,0),(732,3,695,'2025-02-13 16:46:33','2025-02-13 16:55:48','1/446/695/732',11,3,1),(734,3,695,'2025-02-13 16:47:33','2025-02-13 16:56:04','1/446/695/734',12,3,1),(736,3,695,'2025-02-13 16:48:52','2025-02-13 16:56:14','1/446/695/736',14,3,1),(737,3,695,'2025-02-13 16:51:23','2025-02-13 16:56:20','1/446/695/737',15,3,1),(738,3,695,'2025-02-13 16:52:37','2025-02-13 16:56:30','1/446/695/738',16,3,1),(740,3,695,'2025-02-13 16:55:07','2025-02-13 16:56:38','1/446/695/740',17,3,1),(742,3,695,'2025-02-13 17:01:34','2025-02-13 17:12:13','1/446/695/742',21,3,1),(744,3,695,'2025-02-13 17:03:39','2025-02-13 17:12:13','1/446/695/744',22,3,1),(746,3,695,'2025-02-13 17:05:19','2025-02-13 17:12:13','1/446/695/746',23,3,1),(748,3,695,'2025-02-13 17:06:00','2025-02-13 17:12:13','1/446/695/748',25,3,1),(749,3,695,'2025-02-13 17:06:23','2025-02-13 17:12:13','1/446/695/749',24,3,1),(750,3,695,'2025-02-13 17:09:17','2025-02-13 17:10:14','1/446/695/750',19,3,1),(751,3,695,'2025-02-13 17:11:51','2025-02-13 17:12:16','1/446/695/751',20,3,0),(754,3,2,'2025-02-14 08:17:00','2025-04-18 14:40:29','1/2/754',1,2,58),(755,3,2,'2025-02-14 08:17:26','2025-02-14 15:05:48','1/2/755',2,2,24),(756,3,2,'2025-02-14 08:18:06','2025-02-17 07:29:12','1/2/756',3,2,28),(757,3,2,'2025-02-14 08:18:28','2025-02-17 14:12:38','1/2/757',4,2,27),(758,3,2,'2025-02-14 08:18:59','2025-04-18 14:30:48','1/2/758',5,2,12),(759,3,2,'2025-02-14 08:19:55','2025-02-17 08:20:15','1/2/759',6,2,20),(760,3,2,'2025-02-14 08:20:28','2025-02-17 08:42:00','1/2/760',7,2,19),(761,3,2,'2025-02-14 08:20:55','2025-02-17 09:06:17','1/2/761',8,2,19),(762,3,2,'2025-02-14 08:21:25','2025-02-18 13:52:28','1/2/762',9,2,192),(764,3,808,'2025-02-14 10:35:45','2025-02-14 14:05:40','1/2/754/808/764',1,4,0),(765,3,807,'2025-02-14 10:37:34','2025-04-18 12:50:26','1/2/754/807/765',1,4,0),(766,3,755,'2025-02-14 10:38:46','2025-02-14 15:01:31','1/2/755/766',2,3,11),(767,3,756,'2025-02-14 10:42:39','2025-02-17 07:29:12','1/2/756/767',5,3,5),(768,3,695,'2025-02-14 11:22:27','2025-02-14 12:23:43','1/446/695/768',26,3,1),(770,3,768,'2025-02-14 12:23:43','2025-02-14 12:23:43','1/446/695/768/770',1,4,0),(771,3,695,'2025-02-14 12:24:43','2025-02-14 12:25:46','1/446/695/771',27,3,1),(772,3,771,'2025-02-14 12:25:46','2025-02-14 12:25:46','1/446/695/771/772',1,4,0),(773,3,695,'2025-02-14 12:26:00','2025-02-14 12:26:35','1/446/695/773',28,3,1),(774,3,773,'2025-02-14 12:26:35','2025-02-14 12:26:35','1/446/695/773/774',1,4,0),(775,3,695,'2025-02-14 12:28:23','2025-02-14 12:28:35','1/446/695/775',29,3,1),(776,3,775,'2025-02-14 12:28:35','2025-02-14 12:28:45','1/446/695/775/776',1,4,0),(777,3,695,'2025-02-14 12:30:42','2025-02-14 12:30:42','1/446/695/777',30,3,0),(778,3,695,'2025-02-14 12:31:57','2025-02-14 12:34:12','1/446/695/778',31,3,1),(779,3,778,'2025-02-14 12:34:12','2025-02-14 12:34:12','1/446/695/778/779',1,4,0),(780,3,695,'2025-02-14 12:35:22','2025-02-14 12:35:53','1/446/695/780',32,3,1),(781,3,780,'2025-02-14 12:35:53','2025-02-14 12:35:53','1/446/695/780/781',1,4,0),(782,3,695,'2025-02-14 12:36:14','2025-02-14 12:36:50','1/446/695/782',33,3,1),(783,3,782,'2025-02-14 12:36:50','2025-02-14 12:36:50','1/446/695/782/783',1,4,0),(784,3,695,'2025-02-14 12:37:18','2025-02-14 12:38:44','1/446/695/784',34,3,1),(785,3,784,'2025-02-14 12:38:44','2025-02-14 12:38:44','1/446/695/784/785',1,4,0),(786,3,695,'2025-02-14 12:39:03','2025-02-14 12:39:48','1/446/695/786',35,3,1),(787,3,786,'2025-02-14 12:39:48','2025-02-14 12:39:48','1/446/695/786/787',1,4,0),(788,3,695,'2025-02-14 12:40:07','2025-02-14 12:41:05','1/446/695/788',36,3,0),(789,3,695,'2025-02-14 12:43:28','2025-02-14 12:43:53','1/446/695/789',37,3,1),(790,3,789,'2025-02-14 12:43:53','2025-02-14 12:43:53','1/446/695/789/790',1,4,0),(791,3,695,'2025-02-14 12:44:12','2025-02-14 12:44:48','1/446/695/791',38,3,1),(792,3,791,'2025-02-14 12:44:48','2025-02-14 12:44:48','1/446/695/791/792',1,4,0),(793,3,695,'2025-02-14 12:45:39','2025-02-14 12:46:21','1/446/695/793',39,3,1),(794,3,793,'2025-02-14 12:46:21','2025-02-14 12:46:21','1/446/695/793/794',1,4,0),(795,3,695,'2025-02-14 12:46:37','2025-02-14 12:47:23','1/446/695/795',40,3,1),(796,3,795,'2025-02-14 12:47:23','2025-02-14 12:47:23','1/446/695/795/796',1,4,0),(797,3,695,'2025-02-14 12:47:40','2025-02-14 12:48:16','1/446/695/797',41,3,1),(798,3,797,'2025-02-14 12:48:16','2025-02-14 12:48:16','1/446/695/797/798',1,4,0),(799,3,695,'2025-02-14 12:48:36','2025-02-14 12:49:04','1/446/695/799',42,3,1),(800,3,799,'2025-02-14 12:49:04','2025-02-14 12:49:04','1/446/695/799/800',1,4,0),(801,3,695,'2025-02-14 12:49:21','2025-02-14 12:49:55','1/446/695/801',43,3,1),(802,3,801,'2025-02-14 12:49:55','2025-02-14 12:49:55','1/446/695/801/802',1,4,0),(803,3,695,'2025-02-14 13:16:50','2025-02-14 13:20:31','1/446/695/803',44,3,1),(804,3,803,'2025-02-14 13:20:31','2025-02-14 13:20:31','1/446/695/803/804',1,4,0),(805,3,695,'2025-02-14 13:20:48','2025-02-14 13:49:17','1/446/695/805',45,3,1),(806,3,805,'2025-02-14 13:21:32','2025-02-14 13:21:32','1/446/695/805/806',1,4,0),(807,3,754,'2025-02-14 13:30:57','2025-02-14 13:46:10','1/2/754/807',1,3,9),(808,3,754,'2025-02-14 13:31:19','2025-02-14 14:14:11','1/2/754/808',3,3,9),(809,3,807,'2025-02-14 13:35:31','2025-02-14 13:35:31','1/2/754/807/809',2,4,0),(810,3,807,'2025-02-14 13:36:33','2025-02-14 13:36:33','1/2/754/807/810',3,4,0),(811,3,807,'2025-02-14 13:37:19','2025-02-14 13:38:00','1/2/754/807/811',4,4,0),(812,3,807,'2025-02-14 13:38:39','2025-02-14 13:38:39','1/2/754/807/812',5,4,0),(813,3,807,'2025-02-14 13:39:12','2025-02-14 13:39:12','1/2/754/807/813',6,4,0),(814,3,807,'2025-02-14 13:39:46','2025-02-14 13:39:46','1/2/754/807/814',7,4,0),(815,3,807,'2025-02-14 13:40:23','2025-02-14 13:40:23','1/2/754/807/815',8,4,0),(816,3,807,'2025-02-14 13:40:55','2025-02-14 13:40:55','1/2/754/807/816',9,4,0),(817,3,754,'2025-02-14 13:43:07','2025-02-14 13:59:09','1/2/754/817',2,3,12),(818,3,817,'2025-02-14 13:47:11','2025-02-14 13:48:14','1/2/754/817/818',1,4,0),(819,3,817,'2025-02-14 13:48:55','2025-02-14 13:48:55','1/2/754/817/819',2,4,0),(820,3,817,'2025-02-14 13:49:30','2025-02-14 13:49:30','1/2/754/817/820',3,4,0),(821,3,817,'2025-02-14 13:50:07','2025-02-14 13:50:07','1/2/754/817/821',4,4,0),(822,3,817,'2025-02-14 13:54:00','2025-02-14 13:54:00','1/2/754/817/822',5,4,0),(823,3,817,'2025-02-14 13:54:30','2025-02-14 13:54:31','1/2/754/817/823',6,4,0),(824,3,817,'2025-02-14 13:55:11','2025-02-14 13:55:11','1/2/754/817/824',7,4,0),(825,3,817,'2025-02-14 13:55:53','2025-02-14 13:55:53','1/2/754/817/825',8,4,0),(826,3,817,'2025-02-14 13:56:28','2025-02-14 13:56:28','1/2/754/817/826',9,4,0),(827,3,817,'2025-02-14 13:57:07','2025-02-14 13:57:07','1/2/754/817/827',10,4,0),(828,3,817,'2025-02-14 13:58:21','2025-02-14 13:58:21','1/2/754/817/828',11,4,0),(829,3,817,'2025-02-14 13:59:09','2025-02-14 13:59:09','1/2/754/817/829',12,4,0),(830,3,808,'2025-02-14 14:06:11','2025-02-14 14:06:11','1/2/754/808/830',2,4,0),(831,3,808,'2025-02-14 14:06:45','2025-02-14 14:06:45','1/2/754/808/831',3,4,0),(832,3,808,'2025-02-14 14:07:18','2025-02-14 14:07:18','1/2/754/808/832',4,4,0),(833,3,808,'2025-02-14 14:07:52','2025-02-14 14:07:52','1/2/754/808/833',5,4,0),(834,3,808,'2025-02-14 14:08:19','2025-02-14 14:08:19','1/2/754/808/834',6,4,0),(835,3,808,'2025-02-14 14:08:50','2025-02-14 14:08:50','1/2/754/808/835',7,4,0),(836,3,808,'2025-02-14 14:13:35','2025-02-14 14:13:35','1/2/754/808/836',8,4,0),(837,3,808,'2025-02-14 14:14:11','2025-02-14 14:14:11','1/2/754/808/837',9,4,0),(838,3,754,'2025-02-14 14:17:28','2025-02-14 14:21:44','1/2/754/838',4,3,5),(839,3,838,'2025-02-14 14:18:16','2025-02-14 14:18:16','1/2/754/838/839',1,4,0),(840,3,838,'2025-02-14 14:19:27','2025-02-14 14:19:27','1/2/754/838/840',2,4,0),(841,3,838,'2025-02-14 14:20:18','2025-02-14 14:20:18','1/2/754/838/841',3,4,0),(842,3,838,'2025-02-14 14:21:03','2025-02-14 14:21:03','1/2/754/838/842',4,4,0),(843,3,838,'2025-02-14 14:21:44','2025-02-14 14:21:45','1/2/754/838/843',5,4,0),(844,3,754,'2025-02-14 14:23:07','2025-02-14 14:25:39','1/2/754/844',5,3,3),(845,3,844,'2025-02-14 14:24:06','2025-02-14 14:24:06','1/2/754/844/845',1,4,0),(846,3,844,'2025-02-14 14:24:37','2025-02-14 14:24:37','1/2/754/844/846',2,4,0),(847,3,844,'2025-02-14 14:25:39','2025-02-14 14:25:39','1/2/754/844/847',3,4,0),(848,3,754,'2025-02-14 14:26:22','2025-02-14 14:27:58','1/2/754/848',6,3,3),(849,3,848,'2025-02-14 14:26:50','2025-02-14 14:26:50','1/2/754/848/849',1,4,0),(850,3,848,'2025-02-14 14:27:23','2025-02-14 14:27:23','1/2/754/848/850',2,4,0),(851,3,848,'2025-02-14 14:27:58','2025-02-14 14:27:58','1/2/754/848/851',3,4,0),(852,3,754,'2025-02-14 14:28:18','2025-02-14 14:33:01','1/2/754/852',7,3,5),(853,3,852,'2025-02-14 14:28:45','2025-02-14 14:28:45','1/2/754/852/853',1,4,0),(854,3,852,'2025-02-14 14:29:21','2025-02-14 14:29:21','1/2/754/852/854',2,4,0),(855,3,852,'2025-02-14 14:31:53','2025-02-14 14:31:53','1/2/754/852/855',3,4,0),(856,3,852,'2025-02-14 14:32:29','2025-02-14 14:32:29','1/2/754/852/856',4,4,0),(857,3,852,'2025-02-14 14:33:01','2025-02-14 14:33:01','1/2/754/852/857',5,4,0),(858,3,754,'2025-02-14 14:34:08','2025-02-14 14:36:42','1/2/754/858',8,3,4),(859,3,858,'2025-02-14 14:34:31','2025-02-14 14:34:46','1/2/754/858/859',1,4,0),(860,3,858,'2025-02-14 14:35:35','2025-02-14 14:35:36','1/2/754/858/860',2,4,0),(861,3,858,'2025-02-14 14:36:15','2025-02-14 14:36:15','1/2/754/858/861',3,4,0),(862,3,858,'2025-02-14 14:36:42','2025-02-14 14:36:42','1/2/754/858/862',4,4,0),(863,3,755,'2025-02-14 14:41:50','2025-02-14 14:53:38','1/2/755/863',1,3,4),(864,3,863,'2025-02-14 14:42:53','2025-02-14 14:54:09','1/2/755/863/864',1,4,0),(865,3,863,'2025-02-14 14:43:27','2025-02-14 14:43:27','1/2/755/863/865',2,4,0),(866,3,863,'2025-02-14 14:44:05','2025-02-14 14:46:55','1/2/755/863/866',4,4,0),(867,3,863,'2025-02-14 14:44:40','2025-02-14 14:46:55','1/2/755/863/867',3,4,0),(868,3,863,'2025-02-14 14:48:59','2025-02-14 14:48:59','1/2/755/863/868',5,4,0),(869,3,766,'2025-02-14 14:56:34','2025-02-14 14:56:34','1/2/755/766/869',1,4,0),(870,3,766,'2025-02-14 14:57:01','2025-02-14 14:57:01','1/2/755/766/870',2,4,0),(871,3,766,'2025-02-14 14:57:36','2025-02-14 14:57:36','1/2/755/766/871',3,4,0),(872,3,766,'2025-02-14 14:58:05','2025-02-14 14:58:05','1/2/755/766/872',4,4,0),(873,3,766,'2025-02-14 14:58:33','2025-02-14 14:58:33','1/2/755/766/873',5,4,0),(874,3,766,'2025-02-14 14:59:02','2025-02-14 14:59:02','1/2/755/766/874',6,4,0),(875,3,766,'2025-02-14 14:59:34','2025-02-14 14:59:34','1/2/755/766/875',7,4,0),(876,3,766,'2025-02-14 15:00:03','2025-02-14 15:00:03','1/2/755/766/876',8,4,0),(877,3,766,'2025-02-14 15:00:35','2025-02-14 15:00:35','1/2/755/766/877',9,4,0),(878,3,766,'2025-02-14 15:01:05','2025-02-14 15:01:05','1/2/755/766/878',10,4,0),(879,3,766,'2025-02-14 15:01:31','2025-02-14 15:01:31','1/2/755/766/879',11,4,0),(880,3,755,'2025-02-14 15:03:20','2025-02-14 15:05:48','1/2/755/880',3,3,5),(881,3,880,'2025-02-14 15:03:47','2025-02-14 15:03:47','1/2/755/880/881',1,4,0),(882,3,880,'2025-02-14 15:04:17','2025-02-14 15:04:17','1/2/755/880/882',2,4,0),(883,3,880,'2025-02-14 15:04:51','2025-02-14 15:04:51','1/2/755/880/883',3,4,0),(884,3,880,'2025-02-14 15:05:17','2025-02-14 15:05:17','1/2/755/880/884',4,4,0),(885,3,880,'2025-02-14 15:05:48','2025-02-14 15:05:48','1/2/755/880/885',5,4,0),(886,3,756,'2025-02-17 06:35:40','2025-02-17 06:55:53','1/2/756/886',1,3,9),(887,3,886,'2025-02-17 06:37:40','2025-02-17 06:37:40','1/2/756/886/887',1,4,0),(888,3,886,'2025-02-17 06:38:18','2025-02-17 06:55:53','1/2/756/886/888',3,4,0),(889,3,886,'2025-02-17 06:51:33','2025-02-17 06:55:53','1/2/756/886/889',4,4,0),(890,3,886,'2025-02-17 06:52:09','2025-02-17 06:55:53','1/2/756/886/890',5,4,0),(891,3,886,'2025-02-17 06:52:34','2025-02-17 06:55:53','1/2/756/886/891',6,4,0),(892,3,886,'2025-02-17 06:53:03','2025-02-17 06:55:53','1/2/756/886/892',7,4,0),(893,3,886,'2025-02-17 06:53:35','2025-02-17 06:55:53','1/2/756/886/893',8,4,0),(894,3,886,'2025-02-17 06:54:14','2025-02-17 06:55:53','1/2/756/886/894',9,4,0),(895,3,886,'2025-02-17 06:55:45','2025-02-17 06:55:58','1/2/756/886/895',2,4,0),(896,3,756,'2025-02-17 06:56:53','2025-02-17 07:01:23','1/2/756/896',2,3,2),(897,3,896,'2025-02-17 06:58:58','2025-02-17 06:58:58','1/2/756/896/897',1,4,0),(898,3,896,'2025-02-17 07:01:23','2025-02-17 07:01:23','1/2/756/896/898',2,4,0),(899,3,756,'2025-02-17 07:02:14','2025-02-17 07:20:17','1/2/756/899',3,3,2),(900,3,899,'2025-02-17 07:02:49','2025-02-17 07:02:49','1/2/756/899/900',1,4,0),(901,3,899,'2025-02-17 07:03:18','2025-02-17 07:03:18','1/2/756/899/901',2,4,0),(902,3,756,'2025-02-17 07:04:28','2025-02-17 07:20:17','1/2/756/902',4,3,5),(903,3,902,'2025-02-17 07:05:08','2025-02-17 07:05:08','1/2/756/902/903',1,4,0),(907,3,902,'2025-02-17 07:17:21','2025-02-17 07:17:21','1/2/756/902/907',2,4,0),(908,3,902,'2025-02-17 07:17:50','2025-02-17 07:17:50','1/2/756/902/908',3,4,0),(909,3,902,'2025-02-17 07:18:20','2025-02-17 07:18:20','1/2/756/902/909',4,4,0),(910,3,902,'2025-02-17 07:18:47','2025-02-17 07:20:30','1/2/756/902/910',5,4,0),(911,3,767,'2025-02-17 07:27:05','2025-02-17 07:27:05','1/2/756/767/911',1,4,0),(912,3,767,'2025-02-17 07:27:57','2025-02-17 07:27:57','1/2/756/767/912',2,4,0),(913,3,767,'2025-02-17 07:28:22','2025-02-17 07:28:23','1/2/756/767/913',3,4,0),(914,3,767,'2025-02-17 07:28:50','2025-02-17 07:28:50','1/2/756/767/914',4,4,0),(915,3,767,'2025-02-17 07:29:12','2025-02-17 07:29:12','1/2/756/767/915',5,4,0),(916,3,757,'2025-02-17 07:32:23','2025-02-17 07:40:46','1/2/757/916',1,3,13),(917,3,916,'2025-02-17 07:33:41','2025-02-17 07:33:41','1/2/757/916/917',1,4,0),(918,3,916,'2025-02-17 07:34:17','2025-02-17 07:34:17','1/2/757/916/918',2,4,0),(919,3,916,'2025-02-17 07:34:45','2025-02-17 07:34:45','1/2/757/916/919',3,4,0),(920,3,916,'2025-02-17 07:35:52','2025-02-17 07:35:52','1/2/757/916/920',4,4,0),(921,3,916,'2025-02-17 07:36:23','2025-02-17 07:36:23','1/2/757/916/921',5,4,0),(922,3,916,'2025-02-17 07:36:48','2025-02-17 07:36:48','1/2/757/916/922',6,4,0),(923,3,916,'2025-02-17 07:37:16','2025-02-17 07:37:16','1/2/757/916/923',7,4,0),(924,3,916,'2025-02-17 07:37:50','2025-02-17 07:37:50','1/2/757/916/924',8,4,0),(925,3,916,'2025-02-17 07:38:17','2025-02-17 07:38:17','1/2/757/916/925',9,4,0),(926,3,916,'2025-02-17 07:38:46','2025-02-17 07:38:46','1/2/757/916/926',10,4,0),(927,3,916,'2025-02-17 07:39:19','2025-02-17 07:39:19','1/2/757/916/927',11,4,0),(928,3,916,'2025-02-17 07:39:52','2025-02-17 07:39:52','1/2/757/916/928',12,4,0),(929,3,916,'2025-02-17 07:40:46','2025-02-17 07:40:46','1/2/757/916/929',13,4,0),(930,3,757,'2025-02-17 07:41:43','2025-02-17 07:44:36','1/2/757/930',2,3,5),(931,3,930,'2025-02-17 07:42:11','2025-02-17 07:42:11','1/2/757/930/931',1,4,0),(932,3,930,'2025-02-17 07:43:03','2025-02-17 07:43:03','1/2/757/930/932',2,4,0),(933,3,930,'2025-02-17 07:43:37','2025-02-17 07:43:37','1/2/757/930/933',3,4,0),(934,3,930,'2025-02-17 07:44:08','2025-02-17 07:44:08','1/2/757/930/934',4,4,0),(935,3,930,'2025-02-17 07:44:36','2025-02-17 07:44:36','1/2/757/930/935',5,4,0),(936,3,757,'2025-02-17 07:44:54','2025-02-17 07:51:37','1/2/757/936',4,3,3),(937,3,936,'2025-02-17 07:45:36','2025-02-17 07:52:46','1/2/757/936/937',1,4,0),(938,3,936,'2025-02-17 07:46:20','2025-02-17 07:46:20','1/2/757/936/938',2,4,0),(939,3,936,'2025-02-17 07:47:10','2025-02-17 07:47:10','1/2/757/936/939',3,4,0),(940,3,936,'2025-02-17 07:47:52','2025-02-17 07:50:35','1/2/757/936/940',3,4,0),(941,3,757,'2025-02-17 07:48:22','2025-02-17 14:12:38','1/2/757/941',5,3,1),(942,3,758,'2025-02-17 07:57:44','2025-02-17 08:04:18','1/2/758/942',1,3,7),(943,3,942,'2025-02-17 07:58:10','2025-02-17 07:58:10','1/2/758/942/943',1,4,0),(944,3,942,'2025-02-17 07:58:48','2025-02-17 07:58:48','1/2/758/942/944',2,4,0),(945,3,942,'2025-02-17 08:00:30','2025-02-17 08:00:30','1/2/758/942/945',3,4,0),(946,3,942,'2025-02-17 08:01:44','2025-02-17 08:02:23','1/2/758/942/946',4,4,0),(947,3,942,'2025-02-17 08:03:11','2025-02-17 08:03:11','1/2/758/942/947',5,4,0),(948,3,942,'2025-02-17 08:03:48','2025-02-17 08:03:48','1/2/758/942/948',6,4,0),(949,3,942,'2025-02-17 08:04:18','2025-02-17 08:04:18','1/2/758/942/949',7,4,0),(950,3,758,'2025-02-17 08:04:39','2025-02-17 08:06:20','1/2/758/950',2,3,3),(951,3,950,'2025-02-17 08:05:11','2025-02-17 08:05:11','1/2/758/950/951',1,4,0),(952,3,950,'2025-02-17 08:05:48','2025-02-17 08:05:48','1/2/758/950/952',2,4,0),(953,3,950,'2025-02-17 08:06:20','2025-02-17 08:06:20','1/2/758/950/953',3,4,0),(954,3,759,'2025-02-17 08:08:15','2025-02-17 08:11:22','1/2/759/954',1,3,5),(955,3,954,'2025-02-17 08:08:43','2025-02-17 08:08:43','1/2/759/954/955',1,4,0),(956,3,954,'2025-02-17 08:09:39','2025-02-17 08:09:39','1/2/759/954/956',2,4,0),(957,3,954,'2025-02-17 08:10:22','2025-02-17 08:10:22','1/2/759/954/957',3,4,0),(958,3,954,'2025-02-17 08:10:53','2025-02-17 08:10:53','1/2/759/954/958',4,4,0),(959,3,954,'2025-02-17 08:11:22','2025-02-17 08:11:22','1/2/759/954/959',5,4,0),(960,3,759,'2025-02-17 08:11:54','2025-02-17 08:20:15','1/2/759/960',2,3,13),(961,3,960,'2025-02-17 08:12:17','2025-02-17 08:12:17','1/2/759/960/961',1,4,0),(962,3,960,'2025-02-17 08:12:45','2025-02-17 08:12:45','1/2/759/960/962',2,4,0),(963,3,960,'2025-02-17 08:13:49','2025-02-17 08:17:14','1/2/759/960/963',3,4,6),(964,3,963,'2025-02-17 08:14:28','2025-02-17 08:14:28','1/2/759/960/963/964',1,5,0),(965,3,963,'2025-02-17 08:15:09','2025-02-17 08:15:09','1/2/759/960/963/965',2,5,0),(966,3,963,'2025-02-17 08:15:40','2025-02-17 08:15:40','1/2/759/960/963/966',3,5,0),(967,3,963,'2025-02-17 08:16:08','2025-02-17 08:16:08','1/2/759/960/963/967',4,5,0),(968,3,963,'2025-02-17 08:16:41','2025-02-17 08:16:41','1/2/759/960/963/968',5,5,0),(969,3,963,'2025-02-17 08:17:14','2025-02-17 08:17:14','1/2/759/960/963/969',6,5,0),(970,3,960,'2025-02-17 08:18:49','2025-02-17 08:20:15','1/2/759/960/970',4,4,3),(971,3,970,'2025-02-17 08:19:13','2025-02-17 08:19:13','1/2/759/960/970/971',1,5,0),(972,3,970,'2025-02-17 08:19:46','2025-02-17 08:19:46','1/2/759/960/970/972',2,5,0),(973,3,970,'2025-02-17 08:20:15','2025-02-17 08:21:34','1/2/759/960/970/973',3,5,0),(974,3,760,'2025-02-17 08:29:23','2025-02-17 08:32:09','1/2/760/974',1,3,4),(975,3,974,'2025-02-17 08:30:00','2025-02-17 08:30:00','1/2/760/974/975',1,4,0),(976,3,974,'2025-02-17 08:31:08','2025-02-17 08:31:08','1/2/760/974/976',2,4,0),(977,3,974,'2025-02-17 08:31:42','2025-02-17 08:31:42','1/2/760/974/977',3,4,0),(978,3,974,'2025-02-17 08:32:09','2025-02-17 08:32:09','1/2/760/974/978',4,4,0),(979,3,760,'2025-02-17 08:32:25','2025-02-17 08:42:00','1/2/760/979',2,3,13),(980,3,979,'2025-02-17 08:32:45','2025-02-17 08:32:45','1/2/760/979/980',1,4,0),(981,3,979,'2025-02-17 08:33:18','2025-02-17 08:37:08','1/2/760/979/981',2,4,4),(982,3,981,'2025-02-17 08:34:07','2025-02-17 08:37:02','1/2/760/979/981/982',1,5,0),(983,3,981,'2025-02-17 08:34:36','2025-02-17 08:37:02','1/2/760/979/981/983',2,5,0),(984,3,981,'2025-02-17 08:35:14','2025-02-17 08:37:08','1/2/760/979/981/984',3,5,0),(985,3,981,'2025-02-17 08:35:47','2025-02-17 08:37:08','1/2/760/979/981/985',4,5,0),(986,3,979,'2025-02-17 08:38:09','2025-02-17 08:38:09','1/2/760/979/986',3,4,0),(987,3,979,'2025-02-17 08:38:48','2025-02-17 08:38:48','1/2/760/979/987',4,4,0),(988,3,979,'2025-02-17 08:39:44','2025-02-17 08:39:44','1/2/760/979/988',5,4,0),(989,3,979,'2025-02-17 08:40:09','2025-02-17 08:40:09','1/2/760/979/989',6,4,0),(990,3,979,'2025-02-17 08:40:51','2025-02-17 08:40:51','1/2/760/979/990',7,4,0),(991,3,979,'2025-02-17 08:41:23','2025-02-17 08:41:23','1/2/760/979/991',8,4,0),(992,3,979,'2025-02-17 08:42:00','2025-02-17 08:42:00','1/2/760/979/992',9,4,0),(993,3,761,'2025-02-17 08:44:24','2025-02-17 08:49:57','1/2/761/993',1,3,9),(994,3,993,'2025-02-17 08:44:51','2025-02-17 08:45:08','1/2/761/993/994',1,4,0),(995,3,993,'2025-02-17 08:45:32','2025-02-17 08:45:32','1/2/761/993/995',2,4,0),(996,3,993,'2025-02-17 08:46:08','2025-02-17 08:46:08','1/2/761/993/996',3,4,0),(997,3,993,'2025-02-17 08:46:36','2025-02-17 08:46:36','1/2/761/993/997',4,4,0),(998,3,993,'2025-02-17 08:48:07','2025-02-17 08:48:08','1/2/761/993/998',5,4,0),(999,3,993,'2025-02-17 08:48:35','2025-02-17 08:48:35','1/2/761/993/999',6,4,0),(1000,3,993,'2025-02-17 08:49:02','2025-02-17 08:49:02','1/2/761/993/1000',7,4,0),(1001,3,993,'2025-02-17 08:49:30','2025-02-17 08:49:30','1/2/761/993/1001',8,4,0),(1002,3,993,'2025-02-17 08:49:57','2025-02-17 08:49:57','1/2/761/993/1002',9,4,0),(1003,3,761,'2025-02-17 09:01:00','2025-02-17 09:02:53','1/2/761/1003',2,3,3),(1004,3,1003,'2025-02-17 09:01:45','2025-02-17 09:01:45','1/2/761/1003/1004',1,4,0),(1005,3,1003,'2025-02-17 09:02:19','2025-02-17 09:02:19','1/2/761/1003/1005',2,4,0),(1006,3,1003,'2025-02-17 09:02:53','2025-02-17 09:02:53','1/2/761/1003/1006',3,4,0),(1007,3,761,'2025-02-17 09:03:40','2025-02-17 09:06:17','1/2/761/1007',3,3,4),(1008,3,1007,'2025-02-17 09:04:29','2025-02-17 09:04:29','1/2/761/1007/1008',1,4,0),(1009,3,1007,'2025-02-17 09:05:06','2025-02-17 09:05:06','1/2/761/1007/1009',2,4,0),(1010,3,1007,'2025-02-17 09:05:38','2025-02-17 09:05:38','1/2/761/1007/1010',3,4,0),(1011,3,1007,'2025-02-17 09:06:17','2025-02-17 09:06:17','1/2/761/1007/1011',4,4,0),(1012,3,762,'2025-02-17 09:14:57','2025-02-17 09:15:53','1/2/762/1012',1,3,1),(1013,3,1012,'2025-02-17 09:15:53','2025-02-17 09:15:53','1/2/762/1012/1013',1,4,0),(1014,3,762,'2025-02-17 09:34:12','2025-02-17 09:34:59','1/2/762/1014',2,3,1),(1015,3,1014,'2025-02-17 09:34:59','2025-02-17 09:34:59','1/2/762/1014/1015',1,4,0),(1016,3,762,'2025-02-17 09:36:49','2025-02-17 09:51:12','1/2/762/1016',3,3,7),(1017,3,1016,'2025-02-17 09:37:25','2025-02-17 09:45:59','1/2/762/1016/1017',1,4,-2),(1018,3,1016,'2025-02-17 09:41:19','2025-02-17 09:45:59','1/2/762/1016/1018',2,4,0),(1019,3,1016,'2025-02-17 09:47:17','2025-02-17 09:47:17','1/2/762/1016/1019',3,4,0),(1020,3,1016,'2025-02-17 09:47:49','2025-02-17 09:47:49','1/2/762/1016/1020',4,4,0),(1021,3,1016,'2025-02-17 09:49:50','2025-02-17 09:49:50','1/2/762/1016/1021',5,4,0),(1022,3,1016,'2025-02-17 09:50:41','2025-02-17 09:50:41','1/2/762/1016/1022',6,4,0),(1023,3,1016,'2025-02-17 09:51:12','2025-02-17 09:51:12','1/2/762/1016/1023',7,4,0),(1024,3,762,'2025-02-17 10:00:11','2025-02-17 10:01:10','1/2/762/1024',4,3,1),(1025,3,1024,'2025-02-17 10:01:10','2025-02-17 10:01:10','1/2/762/1024/1025',1,4,0),(1026,3,762,'2025-02-17 10:02:32','2025-02-17 10:22:02','1/2/762/1026',5,3,7),(1027,3,1026,'2025-02-17 10:05:04','2025-02-17 10:05:04','1/2/762/1026/1027',1,4,0),(1028,3,1026,'2025-02-17 10:06:50','2025-02-17 10:06:50','1/2/762/1026/1028',2,4,0),(1029,3,1026,'2025-02-17 10:09:57','2025-02-17 10:09:57','1/2/762/1026/1029',3,4,0),(1030,3,1026,'2025-02-17 10:20:06','2025-02-17 10:20:06','1/2/762/1026/1030',4,4,0),(1031,3,1026,'2025-02-17 10:20:52','2025-02-17 10:20:52','1/2/762/1026/1031',5,4,0),(1032,3,1026,'2025-02-17 10:21:31','2025-02-17 10:21:31','1/2/762/1026/1032',6,4,0),(1033,3,1026,'2025-02-17 10:22:02','2025-02-17 10:22:02','1/2/762/1026/1033',7,4,0),(1034,3,762,'2025-02-17 11:11:24','2025-02-17 11:16:55','1/2/762/1034',6,3,10),(1035,3,1034,'2025-02-17 11:11:59','2025-02-17 11:11:59','1/2/762/1034/1035',1,4,0),(1036,3,1034,'2025-02-17 11:12:47','2025-02-17 11:12:47','1/2/762/1034/1036',2,4,0),(1037,3,1034,'2025-02-17 11:13:17','2025-02-17 11:13:17','1/2/762/1034/1037',3,4,0),(1038,3,1034,'2025-02-17 11:13:49','2025-02-17 11:13:49','1/2/762/1034/1038',4,4,0),(1039,3,1034,'2025-02-17 11:14:21','2025-02-17 11:14:21','1/2/762/1034/1039',5,4,0),(1040,3,1034,'2025-02-17 11:14:51','2025-02-17 11:14:51','1/2/762/1034/1040',6,4,0),(1041,3,1034,'2025-02-17 11:15:18','2025-02-17 11:15:18','1/2/762/1034/1041',7,4,0),(1042,3,1034,'2025-02-17 11:15:56','2025-02-17 11:15:56','1/2/762/1034/1042',8,4,0),(1043,3,1034,'2025-02-17 11:16:27','2025-02-17 11:16:27','1/2/762/1034/1043',9,4,0),(1044,3,1034,'2025-02-17 11:16:55','2025-02-17 11:16:55','1/2/762/1034/1044',10,4,0),(1045,3,941,'2025-02-17 14:12:38','2025-02-17 14:12:38','1/2/757/941/1045',1,4,0),(1046,3,762,'2025-02-18 06:08:54','2025-02-18 06:19:25','1/2/762/1046',8,3,1),(1047,3,762,'2025-02-18 06:10:07','2025-02-18 06:20:33','1/2/762/1047',10,3,1),(1048,3,1047,'2025-02-18 06:13:05','2025-02-18 06:13:05','1/2/762/1047/1048',1,4,0),(1049,3,1046,'2025-02-18 06:13:56','2025-02-18 06:13:56','1/2/762/1046/1049',1,4,0),(1050,3,762,'2025-02-18 06:15:12','2025-02-18 06:20:33','1/2/762/1050',11,3,0),(1051,3,762,'2025-02-18 06:18:20','2025-02-18 11:08:11','1/2/762/1051',7,3,3),(1052,3,762,'2025-02-18 06:20:10','2025-02-18 11:25:07','1/2/762/1052',9,3,8),(1053,3,762,'2025-02-18 06:22:24','2025-02-18 11:35:29','1/2/762/1053',12,3,8),(1054,3,762,'2025-02-18 06:22:52','2025-02-18 06:23:23','1/2/762/1054',13,3,1),(1055,3,1054,'2025-02-18 06:23:23','2025-02-18 06:23:23','1/2/762/1054/1055',1,4,0),(1056,3,762,'2025-02-18 06:25:27','2025-02-18 06:26:06','1/2/762/1056',14,3,1),(1057,3,1056,'2025-02-18 06:26:06','2025-02-18 06:26:06','1/2/762/1056/1057',1,4,0),(1058,3,762,'2025-02-18 06:26:56','2025-02-18 06:27:29','1/2/762/1058',15,3,1),(1059,3,1058,'2025-02-18 06:27:29','2025-02-18 06:27:29','1/2/762/1058/1059',1,4,0),(1060,3,762,'2025-02-18 06:28:32','2025-02-18 06:28:32','1/2/762/1060',16,3,0),(1061,3,762,'2025-02-18 06:29:33','2025-02-18 06:30:02','1/2/762/1061',17,3,1),(1062,3,1061,'2025-02-18 06:30:02','2025-02-18 06:30:02','1/2/762/1061/1062',1,4,0),(1063,3,762,'2025-02-18 06:31:03','2025-02-18 11:40:27','1/2/762/1063',18,3,1),(1064,3,762,'2025-02-18 06:32:49','2025-02-18 12:18:39','1/2/762/1064',19,3,8),(1065,3,762,'2025-02-18 06:33:46','2025-02-18 06:34:42','1/2/762/1065',20,3,1),(1066,3,1065,'2025-02-18 06:34:42','2025-02-18 06:34:42','1/2/762/1065/1066',1,4,0),(1067,3,762,'2025-02-18 06:35:54','2025-02-18 12:35:14','1/2/762/1067',21,3,11),(1068,3,1067,'2025-02-18 06:37:08','2025-02-18 06:37:08','1/2/762/1067/1068',1,4,0),(1069,3,762,'2025-02-18 06:39:17','2025-02-18 12:41:55','1/2/762/1069',22,3,4),(1070,3,762,'2025-02-18 06:40:29','2025-02-18 06:41:05','1/2/762/1070',23,3,1),(1071,3,1070,'2025-02-18 06:41:05','2025-02-18 06:41:05','1/2/762/1070/1071',1,4,0),(1072,3,762,'2025-02-18 06:41:50','2025-02-18 12:46:49','1/2/762/1072',24,3,5),(1073,3,762,'2025-02-18 06:43:01','2025-02-18 06:43:34','1/2/762/1073',25,3,1),(1074,3,1073,'2025-02-18 06:43:34','2025-02-18 06:43:34','1/2/762/1073/1074',1,4,0),(1075,3,762,'2025-02-18 06:45:28','2025-02-18 12:49:33','1/2/762/1075',26,3,4),(1076,3,762,'2025-02-18 06:46:24','2025-02-18 06:46:54','1/2/762/1076',27,3,1),(1077,3,1076,'2025-02-18 06:46:54','2025-02-18 06:46:54','1/2/762/1076/1077',1,4,0),(1078,3,762,'2025-02-18 06:47:25','2025-02-18 06:47:25','1/2/762/1078',28,3,0),(1079,3,762,'2025-02-18 06:48:15','2025-02-18 06:48:15','1/2/762/1079',29,3,0),(1080,3,762,'2025-02-18 06:49:13','2025-02-18 13:07:49','1/2/762/1080',30,3,17),(1081,3,762,'2025-02-18 06:49:54','2025-02-18 13:17:20','1/2/762/1081',31,3,9),(1082,3,762,'2025-02-18 06:50:34','2025-02-18 06:51:13','1/2/762/1082',32,3,1),(1083,3,1082,'2025-02-18 06:51:13','2025-02-18 06:51:13','1/2/762/1082/1083',1,4,0),(1084,3,762,'2025-02-18 06:51:47','2025-02-18 06:53:51','1/2/762/1084',33,3,1),(1085,3,1084,'2025-02-18 06:53:51','2025-02-18 06:53:51','1/2/762/1084/1085',1,4,0),(1086,3,762,'2025-02-18 06:54:20','2025-02-18 06:55:15','1/2/762/1086',34,3,1),(1087,3,1086,'2025-02-18 06:55:15','2025-02-18 06:55:15','1/2/762/1086/1087',1,4,0),(1088,3,762,'2025-02-18 06:55:45','2025-02-18 06:56:19','1/2/762/1088',35,3,1),(1089,3,1088,'2025-02-18 06:56:19','2025-02-18 06:56:20','1/2/762/1088/1089',1,4,0),(1090,3,762,'2025-02-18 07:01:20','2025-02-18 13:33:56','1/2/762/1090',36,3,5),(1091,3,762,'2025-02-18 07:02:05','2025-02-18 07:02:52','1/2/762/1091',37,3,1),(1092,3,1091,'2025-02-18 07:02:52','2025-02-18 07:02:52','1/2/762/1091/1092',1,4,0),(1093,3,762,'2025-02-18 07:03:31','2025-02-18 13:40:33','1/2/762/1093',38,3,7),(1094,3,762,'2025-02-18 07:04:18','2025-02-18 07:05:07','1/2/762/1094',39,3,1),(1095,3,1094,'2025-02-18 07:05:07','2025-02-18 07:05:07','1/2/762/1094/1095',1,4,0),(1096,3,762,'2025-02-18 07:06:06','2025-02-18 13:48:49','1/2/762/1096',40,3,8),(1097,3,762,'2025-02-18 07:06:44','2025-02-18 07:07:19','1/2/762/1097',41,3,1),(1098,3,1097,'2025-02-18 07:07:19','2025-02-18 07:07:19','1/2/762/1097/1098',1,4,0),(1099,3,762,'2025-02-18 07:07:49','2025-02-18 07:08:32','1/2/762/1099',42,3,1),(1100,3,1099,'2025-02-18 07:08:32','2025-02-18 07:08:32','1/2/762/1099/1100',1,4,0),(1101,3,762,'2025-02-18 07:09:00','2025-02-18 13:52:28','1/2/762/1101',43,3,4),(1102,3,762,'2025-02-18 07:09:37','2025-02-18 07:10:36','1/2/762/1102',44,3,1),(1103,3,1102,'2025-02-18 07:10:36','2025-02-18 07:10:36','1/2/762/1102/1103',1,4,0),(1104,3,1051,'2025-02-18 11:06:09','2025-02-18 11:06:09','1/2/762/1051/1104',1,4,0),(1105,3,1051,'2025-02-18 11:07:12','2025-02-18 11:07:12','1/2/762/1051/1105',2,4,0),(1106,3,1051,'2025-02-18 11:08:11','2025-02-18 11:08:11','1/2/762/1051/1106',3,4,0),(1107,3,1052,'2025-02-18 11:10:57','2025-02-18 11:10:57','1/2/762/1052/1107',1,4,0),(1108,3,1052,'2025-02-18 11:16:05','2025-02-18 11:16:05','1/2/762/1052/1108',2,4,0),(1109,3,1052,'2025-02-18 11:17:49','2025-02-18 11:17:49','1/2/762/1052/1109',3,4,0),(1110,3,1052,'2025-02-18 11:20:00','2025-02-18 11:20:00','1/2/762/1052/1110',4,4,0),(1111,3,1052,'2025-02-18 11:20:56','2025-02-18 11:20:56','1/2/762/1052/1111',5,4,0),(1112,3,1052,'2025-02-18 11:21:44','2025-02-18 11:21:44','1/2/762/1052/1112',6,4,0),(1113,3,1052,'2025-02-18 11:23:58','2025-02-18 11:23:58','1/2/762/1052/1113',7,4,0),(1114,3,1052,'2025-02-18 11:25:07','2025-02-18 11:25:07','1/2/762/1052/1114',8,4,0),(1115,3,1053,'2025-02-18 11:28:18','2025-02-18 11:28:18','1/2/762/1053/1115',1,4,0),(1116,3,1053,'2025-02-18 11:29:10','2025-02-18 11:29:10','1/2/762/1053/1116',2,4,0),(1117,3,1053,'2025-02-18 11:30:04','2025-02-18 11:30:04','1/2/762/1053/1117',3,4,0),(1118,3,1053,'2025-02-18 11:31:29','2025-02-18 11:31:29','1/2/762/1053/1118',4,4,0),(1119,3,1053,'2025-02-18 11:32:13','2025-02-18 11:32:13','1/2/762/1053/1119',5,4,0),(1120,3,1053,'2025-02-18 11:32:52','2025-02-18 11:32:52','1/2/762/1053/1120',6,4,0),(1121,3,1053,'2025-02-18 11:34:30','2025-02-18 11:34:30','1/2/762/1053/1121',7,4,0),(1122,3,1053,'2025-02-18 11:35:29','2025-02-18 11:35:29','1/2/762/1053/1122',8,4,0),(1123,3,1063,'2025-02-18 11:40:27','2025-02-18 11:40:27','1/2/762/1063/1123',1,4,0),(1124,3,1064,'2025-02-18 11:42:54','2025-02-18 11:42:54','1/2/762/1064/1124',1,4,0),(1125,3,1064,'2025-02-18 11:43:59','2025-02-18 11:43:59','1/2/762/1064/1125',2,4,0),(1126,3,1064,'2025-02-18 11:44:55','2025-02-18 11:44:55','1/2/762/1064/1126',3,4,0),(1127,3,1064,'2025-02-18 11:45:36','2025-02-18 11:45:36','1/2/762/1064/1127',4,4,0),(1128,3,1064,'2025-02-18 11:46:22','2025-02-18 11:46:22','1/2/762/1064/1128',5,4,0),(1129,3,1064,'2025-02-18 12:17:11','2025-02-18 12:17:11','1/2/762/1064/1129',6,4,0),(1130,3,1064,'2025-02-18 12:17:56','2025-02-18 12:17:56','1/2/762/1064/1130',7,4,0),(1131,3,1064,'2025-02-18 12:18:39','2025-02-18 12:18:39','1/2/762/1064/1131',8,4,0),(1132,3,1067,'2025-02-18 12:21:29','2025-02-18 12:21:29','1/2/762/1067/1132',2,4,0),(1133,3,1067,'2025-02-18 12:22:13','2025-02-18 12:22:13','1/2/762/1067/1133',3,4,0),(1134,3,1067,'2025-02-18 12:25:53','2025-02-18 12:28:42','1/2/762/1067/1134',4,4,2),(1135,3,1134,'2025-02-18 12:26:27','2025-02-18 12:26:27','1/2/762/1067/1134/1135',1,5,0),(1136,3,1134,'2025-02-18 12:28:42','2025-02-18 12:28:42','1/2/762/1067/1134/1136',2,5,0),(1137,3,1067,'2025-02-18 12:29:24','2025-02-18 12:29:24','1/2/762/1067/1137',5,4,0),(1138,3,1067,'2025-02-18 12:30:01','2025-02-18 12:30:01','1/2/762/1067/1138',6,4,0),(1139,3,1067,'2025-02-18 12:30:46','2025-02-18 12:30:46','1/2/762/1067/1139',7,4,0),(1140,3,1067,'2025-02-18 12:33:48','2025-02-18 12:33:48','1/2/762/1067/1140',8,4,0),(1141,3,1067,'2025-02-18 12:35:14','2025-02-18 12:35:14','1/2/762/1067/1141',9,4,0),(1142,3,1069,'2025-02-18 12:39:33','2025-02-18 12:39:33','1/2/762/1069/1142',1,4,0),(1143,3,1069,'2025-02-18 12:40:17','2025-02-18 12:40:17','1/2/762/1069/1143',2,4,0),(1144,3,1069,'2025-02-18 12:41:14','2025-02-18 12:41:14','1/2/762/1069/1144',3,4,0),(1145,3,1069,'2025-02-18 12:41:55','2025-02-18 12:41:55','1/2/762/1069/1145',4,4,0),(1146,3,1072,'2025-02-18 12:42:52','2025-02-18 12:42:52','1/2/762/1072/1146',1,4,0),(1147,3,1072,'2025-02-18 12:43:32','2025-02-18 12:43:32','1/2/762/1072/1147',2,4,0),(1148,3,1072,'2025-02-18 12:45:35','2025-02-18 12:45:35','1/2/762/1072/1148',3,4,0),(1149,3,1072,'2025-02-18 12:46:14','2025-02-18 12:46:14','1/2/762/1072/1149',4,4,0),(1150,3,1072,'2025-02-18 12:46:49','2025-02-18 12:46:49','1/2/762/1072/1150',5,4,0),(1151,3,1075,'2025-02-18 12:47:36','2025-02-18 12:47:36','1/2/762/1075/1151',1,4,0),(1152,3,1075,'2025-02-18 12:48:21','2025-02-18 12:48:21','1/2/762/1075/1152',2,4,0),(1153,3,1075,'2025-02-18 12:49:00','2025-02-18 12:49:00','1/2/762/1075/1153',3,4,0),(1154,3,1075,'2025-02-18 12:49:33','2025-02-18 12:49:33','1/2/762/1075/1154',4,4,0),(1155,3,1080,'2025-02-18 12:51:37','2025-02-18 12:51:37','1/2/762/1080/1155',1,4,0),(1156,3,1080,'2025-02-18 12:52:21','2025-02-18 12:52:21','1/2/762/1080/1156',2,4,0),(1157,3,1080,'2025-02-18 12:53:08','2025-02-18 12:53:08','1/2/762/1080/1157',3,4,0),(1158,3,1080,'2025-02-18 12:53:43','2025-02-18 12:53:43','1/2/762/1080/1158',4,4,0),(1159,3,1080,'2025-02-18 12:54:25','2025-02-18 12:54:25','1/2/762/1080/1159',5,4,0),(1160,3,1080,'2025-02-18 12:55:42','2025-02-18 12:55:42','1/2/762/1080/1160',6,4,0),(1161,3,1080,'2025-02-18 12:57:10','2025-02-18 12:57:10','1/2/762/1080/1161',7,4,0),(1162,3,1080,'2025-02-18 12:57:44','2025-02-18 12:57:44','1/2/762/1080/1162',8,4,0),(1163,3,1080,'2025-02-18 12:59:05','2025-02-18 12:59:05','1/2/762/1080/1163',9,4,0),(1164,3,1080,'2025-02-18 13:01:03','2025-02-18 13:01:03','1/2/762/1080/1164',10,4,0),(1165,3,1080,'2025-02-18 13:01:49','2025-02-18 13:01:49','1/2/762/1080/1165',11,4,0),(1166,3,1080,'2025-02-18 13:02:49','2025-02-18 13:02:49','1/2/762/1080/1166',12,4,0),(1167,3,1080,'2025-02-18 13:03:40','2025-02-18 13:03:40','1/2/762/1080/1167',13,4,0),(1168,3,1080,'2025-02-18 13:04:45','2025-02-18 13:04:45','1/2/762/1080/1168',14,4,0),(1169,3,1080,'2025-02-18 13:05:39','2025-02-18 13:07:54','1/2/762/1080/1169',15,4,1),(1170,3,1080,'2025-02-18 13:06:25','2025-02-18 13:07:49','1/2/762/1080/1170',16,4,0),(1171,3,1080,'2025-02-18 13:07:14','2025-02-18 13:07:49','1/2/762/1080/1171',17,4,0),(1172,3,1081,'2025-02-18 13:09:35','2025-02-18 13:09:35','1/2/762/1081/1172',1,4,0),(1173,3,1081,'2025-02-18 13:11:35','2025-02-18 13:11:35','1/2/762/1081/1173',2,4,0),(1174,3,1081,'2025-02-18 13:12:42','2025-02-18 13:12:43','1/2/762/1081/1174',3,4,0),(1175,3,1081,'2025-02-18 13:13:27','2025-02-18 13:13:27','1/2/762/1081/1175',4,4,0),(1176,3,1081,'2025-02-18 13:14:09','2025-02-18 13:14:09','1/2/762/1081/1176',5,4,0),(1177,3,1081,'2025-02-18 13:14:51','2025-02-18 13:14:51','1/2/762/1081/1177',6,4,0),(1178,3,1081,'2025-02-18 13:15:38','2025-02-18 13:15:38','1/2/762/1081/1178',7,4,0),(1179,3,1081,'2025-02-18 13:16:20','2025-02-18 13:16:20','1/2/762/1081/1179',8,4,0),(1180,3,1081,'2025-02-18 13:17:20','2025-02-18 13:17:20','1/2/762/1081/1180',9,4,0),(1181,3,1090,'2025-02-18 13:31:06','2025-02-18 13:31:06','1/2/762/1090/1181',1,4,0),(1182,3,1090,'2025-02-18 13:31:46','2025-02-18 13:31:46','1/2/762/1090/1182',2,4,0),(1183,3,1090,'2025-02-18 13:32:33','2025-02-18 13:32:33','1/2/762/1090/1183',3,4,0),(1184,3,1090,'2025-02-18 13:33:14','2025-02-18 13:33:14','1/2/762/1090/1184',4,4,0),(1185,3,1090,'2025-02-18 13:33:56','2025-02-18 13:33:56','1/2/762/1090/1185',5,4,0),(1186,3,1093,'2025-02-18 13:34:42','2025-02-18 13:34:42','1/2/762/1093/1186',1,4,0),(1187,3,1093,'2025-02-18 13:35:35','2025-02-18 13:35:35','1/2/762/1093/1187',2,4,0),(1188,3,1093,'2025-02-18 13:36:09','2025-02-18 13:36:09','1/2/762/1093/1188',3,4,0),(1189,3,1093,'2025-02-18 13:36:41','2025-02-18 13:36:41','1/2/762/1093/1189',4,4,0),(1190,3,1093,'2025-02-18 13:39:11','2025-02-18 13:39:11','1/2/762/1093/1190',5,4,0),(1191,3,1093,'2025-02-18 13:39:45','2025-02-18 13:39:45','1/2/762/1093/1191',6,4,0),(1192,3,1093,'2025-02-18 13:40:33','2025-02-18 13:40:33','1/2/762/1093/1192',7,4,0),(1193,3,1096,'2025-02-18 13:42:08','2025-02-18 13:42:08','1/2/762/1096/1193',1,4,0),(1194,3,1096,'2025-02-18 13:42:47','2025-02-18 13:42:47','1/2/762/1096/1194',2,4,0),(1195,3,1096,'2025-02-18 13:44:40','2025-02-18 13:44:40','1/2/762/1096/1195',3,4,0),(1196,3,1096,'2025-02-18 13:45:35','2025-02-18 13:45:35','1/2/762/1096/1196',4,4,0),(1197,3,1096,'2025-02-18 13:46:53','2025-02-18 13:46:53','1/2/762/1096/1197',5,4,0),(1198,3,1096,'2025-02-18 13:47:28','2025-02-18 13:47:28','1/2/762/1096/1198',6,4,0),(1199,3,1096,'2025-02-18 13:48:04','2025-02-18 13:48:04','1/2/762/1096/1199',7,4,0),(1200,3,1096,'2025-02-18 13:48:49','2025-02-18 13:48:49','1/2/762/1096/1200',8,4,0),(1201,3,1101,'2025-02-18 13:50:44','2025-02-18 13:50:44','1/2/762/1101/1201',1,4,0),(1202,3,1101,'2025-02-18 13:51:18','2025-02-18 13:51:18','1/2/762/1101/1202',2,4,0),(1203,3,1101,'2025-02-18 13:51:55','2025-02-18 13:51:55','1/2/762/1101/1203',3,4,0),(1204,3,1101,'2025-02-18 13:52:28','2025-02-18 13:52:28','1/2/762/1101/1204',4,4,0);
DELIMITER ;;
/*!50003 CREATE*/ /*!50017 DEFINER=`root`@`localhost`*/ /*!50003 TRIGGER `trg_catalog_category_entity_after_insert` AFTER INSERT ON `catalog_category_entity` FOR EACH ROW BEGIN
INSERT IGNORE INTO `catalog_category_product_cl` (`entity_id`) VALUES (NEW.`entity_id`);
END */;;
DELIMITER ;
DELIMITER ;;
/*!50003 CREATE*/ /*!50017 DEFINER=`root`@`localhost`*/ /*!50003 TRIGGER `trg_catalog_category_entity_after_update` AFTER UPDATE ON `catalog_category_entity` FOR EACH ROW BEGIN
IF (NOT(NEW.`entity_id` <=> OLD.`entity_id`) OR NOT(NEW.`attribute_set_id` <=> OLD.`attribute_set_id`) OR NOT(NEW.`parent_id` <=> OLD.`parent_id`) OR NOT(NEW.`created_at` <=> OLD.`created_at`) OR NOT(NEW.`path` <=> OLD.`path`) OR NOT(NEW.`position` <=> OLD.`position`) OR NOT(NEW.`level` <=> OLD.`level`) OR NOT(NEW.`children_count` <=> OLD.`children_count`)) THEN INSERT IGNORE INTO `catalog_category_product_cl` (`entity_id`) VALUES (NEW.`entity_id`); END IF;
END */;;
DELIMITER ;
DELIMITER ;;
/*!50003 CREATE*/ /*!50017 DEFINER=`root`@`localhost`*/ /*!50003 TRIGGER `trg_catalog_category_entity_after_delete` AFTER DELETE ON `catalog_category_entity` FOR EACH ROW BEGIN
INSERT IGNORE INTO `catalog_category_product_cl` (`entity_id`) VALUES (OLD.`entity_id`);
END */;;
DELIMITER ;

--
-- Table structure for table `catalog_category_entity_datetime`
--

CREATE TABLE `catalog_category_entity_datetime` (
  `value_id` int NOT NULL AUTO_INCREMENT COMMENT 'Value ID',
  `attribute_id` smallint unsigned NOT NULL DEFAULT '0' COMMENT 'Attribute ID',
  `store_id` smallint unsigned NOT NULL DEFAULT '0' COMMENT 'Store ID',
  `entity_id` int unsigned NOT NULL DEFAULT '0' COMMENT 'Entity ID',
  `value` datetime DEFAULT NULL COMMENT 'Value',
  PRIMARY KEY (`value_id`),
  UNIQUE KEY `CATALOG_CATEGORY_ENTITY_DATETIME_ENTITY_ID_ATTRIBUTE_ID_STORE_ID` (`entity_id`,`attribute_id`,`store_id`),
  KEY `CATALOG_CATEGORY_ENTITY_DATETIME_ENTITY_ID` (`entity_id`),
  KEY `CATALOG_CATEGORY_ENTITY_DATETIME_ATTRIBUTE_ID` (`attribute_id`),
  KEY `CATALOG_CATEGORY_ENTITY_DATETIME_STORE_ID` (`store_id`),
  CONSTRAINT `CAT_CTGR_ENTT_DTIME_ATTR_ID_EAV_ATTR_ATTR_ID` FOREIGN KEY (`attribute_id`) REFERENCES `eav_attribute` (`attribute_id`) ON DELETE CASCADE,
  CONSTRAINT `CAT_CTGR_ENTT_DTIME_ENTT_ID_CAT_CTGR_ENTT_ENTT_ID` FOREIGN KEY (`entity_id`) REFERENCES `catalog_category_entity` (`entity_id`) ON DELETE CASCADE,
  CONSTRAINT `CATALOG_CATEGORY_ENTITY_DATETIME_STORE_ID_STORE_STORE_ID` FOREIGN KEY (`store_id`) REFERENCES `store` (`store_id`) ON DELETE CASCADE
) ENGINE=InnoDB AUTO_INCREMENT=845 DEFAULT CHARSET=utf8mb3 COMMENT='Catalog Category Datetime Attribute Backend Table';

--
-- Dumping data for table `catalog_category_entity_datetime`
--

INSERT INTO `catalog_category_entity_datetime` VALUES (17,61,0,7,NULL),(18,62,0,7,NULL),(19,61,0,8,NULL),(20,62,0,8,NULL),(21,61,0,154,NULL),(22,62,0,154,NULL),(23,61,0,9,NULL),(24,62,0,9,NULL),(25,61,0,163,NULL),(26,62,0,163,NULL),(41,61,0,164,NULL),(42,62,0,164,NULL),(43,61,0,25,NULL),(44,62,0,25,NULL),(73,61,0,2,NULL),(74,62,0,2,NULL),(81,61,0,35,NULL),(82,62,0,35,NULL),(83,61,0,36,NULL),(84,62,0,36,NULL),(117,61,0,60,NULL),(118,62,0,60,NULL),(255,61,0,135,NULL),(256,62,0,135,NULL),(283,61,0,151,NULL),(284,62,0,151,NULL),(285,61,0,152,NULL),(286,62,0,152,NULL),(287,61,0,153,NULL),(288,62,0,153,NULL),(289,61,0,155,NULL),(290,62,0,155,NULL),(291,61,0,156,NULL),(292,62,0,156,NULL),(293,61,0,157,NULL),(294,62,0,157,NULL),(295,61,0,158,NULL),(296,62,0,158,NULL),(297,61,0,159,NULL),(298,62,0,159,NULL),(299,61,0,162,NULL),(300,62,0,162,NULL),(301,61,0,161,NULL),(302,62,0,161,NULL),(303,61,0,160,NULL),(304,62,0,160,NULL),(305,61,0,150,NULL),(306,62,0,150,NULL),(307,61,0,166,NULL),(308,62,0,166,NULL),(309,61,0,165,NULL),(310,62,0,165,NULL),(311,61,0,167,NULL),(312,62,0,167,NULL),(313,61,0,169,NULL),(314,62,0,169,NULL),(315,61,0,175,NULL),(316,62,0,175,NULL),(317,61,0,176,NULL),(318,62,0,176,NULL),(319,61,0,177,NULL),(320,62,0,177,NULL),(321,61,0,178,NULL),(322,62,0,178,NULL),(323,61,0,179,NULL),(324,62,0,179,NULL),(325,61,0,180,NULL),(326,62,0,180,NULL),(327,61,0,181,NULL),(328,62,0,181,NULL),(329,61,0,171,NULL),(330,62,0,171,NULL),(331,61,0,172,NULL),(332,62,0,172,NULL),(479,61,0,366,NULL),(480,62,0,366,NULL),(615,61,0,238,NULL),(616,62,0,238,NULL),(617,61,0,239,NULL),(618,62,0,239,NULL),(619,61,0,241,NULL),(620,62,0,241,NULL),(621,61,0,242,NULL),(622,62,0,242,NULL),(623,61,0,243,NULL),(624,62,0,243,NULL),(625,61,0,244,NULL),(626,62,0,244,NULL),(627,61,0,449,NULL),(628,62,0,449,NULL),(633,61,0,451,NULL),(634,62,0,451,NULL),(645,61,0,545,NULL),(646,62,0,545,NULL),(647,61,0,548,NULL),(648,62,0,548,NULL),(655,61,0,446,NULL),(656,62,0,446,NULL),(659,61,0,568,NULL),(660,62,0,568,NULL),(661,61,0,569,NULL),(662,62,0,569,NULL),(663,61,0,567,NULL),(664,62,0,567,NULL),(665,61,0,572,NULL),(666,62,0,572,NULL),(669,61,0,575,NULL),(670,62,0,575,NULL),(671,61,0,576,NULL),(672,62,0,576,NULL),(673,61,0,592,NULL),(674,62,0,592,NULL),(675,61,0,566,NULL),(676,62,0,566,NULL),(677,61,0,596,NULL),(678,62,0,596,NULL),(679,61,0,613,NULL),(680,62,0,613,NULL),(681,61,0,605,NULL),(682,62,0,605,NULL),(683,61,0,614,NULL),(684,62,0,614,NULL),(685,61,0,619,NULL),(686,62,0,619,NULL),(687,61,0,625,NULL),(688,62,0,625,NULL),(689,61,0,587,NULL),(690,62,0,587,NULL),(691,61,0,627,NULL),(692,62,0,627,NULL),(693,61,0,628,NULL),(694,62,0,628,NULL),(695,61,0,538,NULL),(696,62,0,538,NULL),(697,61,0,549,NULL),(698,62,0,549,NULL),(699,61,0,629,NULL),(700,62,0,629,NULL),(701,61,0,522,NULL),(702,62,0,522,NULL),(703,61,0,630,NULL),(704,62,0,630,NULL),(707,61,0,226,NULL),(708,62,0,226,NULL),(709,61,0,688,NULL),(710,62,0,688,NULL),(713,61,0,696,NULL),(714,62,0,696,NULL),(715,61,0,700,NULL),(716,62,0,700,NULL),(717,61,0,705,NULL),(718,62,0,705,NULL),(719,61,0,712,NULL),(720,62,0,712,NULL),(721,61,0,716,NULL),(722,62,0,716,NULL),(723,61,0,720,NULL),(724,62,0,720,NULL),(725,61,0,724,NULL),(726,62,0,724,NULL),(727,61,0,726,NULL),(728,62,0,726,NULL),(731,61,0,749,NULL),(732,62,0,749,NULL),(733,61,0,751,NULL),(734,62,0,751,NULL),(735,61,0,565,NULL),(736,62,0,565,NULL),(739,61,0,695,NULL),(740,62,0,695,NULL),(741,61,0,468,NULL),(742,62,0,468,NULL),(743,61,0,63,NULL),(744,62,0,63,NULL),(745,61,0,456,NULL),(746,62,0,456,NULL),(747,61,0,508,NULL),(748,62,0,508,NULL),(749,61,0,754,NULL),(750,62,0,754,NULL),(751,61,0,755,NULL),(752,62,0,755,NULL),(753,61,0,756,NULL),(754,62,0,756,NULL),(755,61,0,757,NULL),(756,62,0,757,NULL),(757,61,0,758,NULL),(758,62,0,758,NULL),(759,61,0,711,NULL),(760,62,0,711,NULL),(761,61,0,764,NULL),(762,62,0,764,NULL),(763,61,0,766,NULL),(764,62,0,766,NULL),(765,61,0,765,NULL),(766,62,0,765,NULL),(767,61,0,170,NULL),(768,62,0,170,NULL),(769,61,0,718,NULL),(770,62,0,718,NULL),(771,61,0,771,NULL),(772,62,0,771,NULL),(773,61,0,776,NULL),(774,62,0,776,NULL),(775,61,0,788,NULL),(776,62,0,788,NULL),(777,61,0,803,NULL),(778,62,0,803,NULL),(779,61,0,811,NULL),(780,62,0,811,NULL),(781,61,0,807,NULL),(782,62,0,807,NULL),(783,61,0,817,NULL),(784,62,0,817,NULL),(785,61,0,818,NULL),(786,62,0,818,NULL),(787,61,0,805,NULL),(788,62,0,805,NULL),(789,61,0,808,NULL),(790,62,0,808,NULL),(791,61,0,844,NULL),(792,62,0,844,NULL),(793,61,0,859,NULL),(794,62,0,859,NULL),(795,61,0,863,NULL),(796,62,0,863,NULL),(797,61,0,864,NULL),(798,62,0,864,NULL),(799,61,0,886,NULL),(800,62,0,886,NULL),(801,61,0,895,NULL),(802,62,0,895,NULL),(803,61,0,896,NULL),(804,62,0,896,NULL),(805,61,0,899,NULL),(806,62,0,899,NULL),(807,61,0,902,NULL),(808,62,0,902,NULL),(809,61,0,910,NULL),(810,62,0,910,NULL),(811,61,0,767,NULL),(812,62,0,767,NULL),(813,61,0,941,NULL),(814,62,0,941,NULL),(815,61,0,937,NULL),(816,62,0,937,NULL),(817,61,0,946,NULL),(818,62,0,946,NULL),(819,61,0,973,NULL),(820,62,0,973,NULL),(821,61,0,994,NULL),(822,62,0,994,NULL),(823,61,0,1007,NULL),(824,62,0,1007,NULL),(825,61,0,1012,NULL),(826,62,0,1012,NULL),(827,61,0,1018,NULL),(828,62,0,1018,NULL),(829,61,0,1024,NULL),(830,62,0,1024,NULL),(831,61,0,1026,NULL),(832,62,0,1026,NULL),(833,61,0,1047,NULL),(834,62,0,1047,NULL),(835,61,0,1051,NULL),(836,62,0,1051,NULL),(837,61,0,1052,NULL),(838,62,0,1052,NULL),(839,61,0,1169,NULL),(840,62,0,1169,NULL),(841,61,0,1081,NULL),(842,62,0,1081,NULL),(843,61,0,66,NULL),(844,62,0,66,NULL);

--
-- Table structure for table `catalog_category_entity_decimal`
--

CREATE TABLE `catalog_category_entity_decimal` (
  `value_id` int NOT NULL AUTO_INCREMENT COMMENT 'Value ID',
  `attribute_id` smallint unsigned NOT NULL DEFAULT '0' COMMENT 'Attribute ID',
  `store_id` smallint unsigned NOT NULL DEFAULT '0' COMMENT 'Store ID',
  `entity_id` int unsigned NOT NULL DEFAULT '0' COMMENT 'Entity ID',
  `value` decimal(20,6) DEFAULT NULL COMMENT 'Value',
  PRIMARY KEY (`value_id`),
  UNIQUE KEY `CATALOG_CATEGORY_ENTITY_DECIMAL_ENTITY_ID_ATTRIBUTE_ID_STORE_ID` (`entity_id`,`attribute_id`,`store_id`),
  KEY `CATALOG_CATEGORY_ENTITY_DECIMAL_ENTITY_ID` (`entity_id`),
  KEY `CATALOG_CATEGORY_ENTITY_DECIMAL_ATTRIBUTE_ID` (`attribute_id`),
  KEY `CATALOG_CATEGORY_ENTITY_DECIMAL_STORE_ID` (`store_id`),
  CONSTRAINT `CAT_CTGR_ENTT_DEC_ATTR_ID_EAV_ATTR_ATTR_ID` FOREIGN KEY (`attribute_id`) REFERENCES `eav_attribute` (`attribute_id`) ON DELETE CASCADE,
  CONSTRAINT `CAT_CTGR_ENTT_DEC_ENTT_ID_CAT_CTGR_ENTT_ENTT_ID` FOREIGN KEY (`entity_id`) REFERENCES `catalog_category_entity` (`entity_id`) ON DELETE CASCADE,
  CONSTRAINT `CATALOG_CATEGORY_ENTITY_DECIMAL_STORE_ID_STORE_STORE_ID` FOREIGN KEY (`store_id`) REFERENCES `store` (`store_id`) ON DELETE CASCADE
) ENGINE=InnoDB DEFAULT CHARSET=utf8mb3 COMMENT='Catalog Category Decimal Attribute Backend Table';

--
-- Dumping data for table `catalog_category_entity_decimal`
--


--
-- Table structure for table `catalog_category_entity_int`
--

CREATE TABLE `catalog_category_entity_int` (
  `value_id` int NOT NULL AUTO_INCREMENT COMMENT 'Value ID',
  `attribute_id` smallint unsigned NOT NULL DEFAULT '0' COMMENT 'Attribute ID',
  `store_id` smallint unsigned NOT NULL DEFAULT '0' COMMENT 'Store ID',
  `entity_id` int unsigned NOT NULL DEFAULT '0' COMMENT 'Entity ID',
  `value` int DEFAULT NULL COMMENT 'Value',
  PRIMARY KEY (`value_id`),
  UNIQUE KEY `CATALOG_CATEGORY_ENTITY_INT_ENTITY_ID_ATTRIBUTE_ID_STORE_ID` (`entity_id`,`attribute_id`,`store_id`),
  KEY `CATALOG_CATEGORY_ENTITY_INT_ENTITY_ID` (`entity_id`),
  KEY `CATALOG_CATEGORY_ENTITY_INT_ATTRIBUTE_ID` (`attribute_id`),
  KEY `CATALOG_CATEGORY_ENTITY_INT_STORE_ID` (`store_id`),
  CONSTRAINT `CAT_CTGR_ENTT_INT_ATTR_ID_EAV_ATTR_ATTR_ID` FOREIGN KEY (`attribute_id`) REFERENCES `eav_attribute` (`attribute_id`) ON DELETE CASCADE,
  CONSTRAINT `CAT_CTGR_ENTT_INT_ENTT_ID_CAT_CTGR_ENTT_ENTT_ID` FOREIGN KEY (`entity_id`) REFERENCES `catalog_category_entity` (`entity_id`) ON DELETE CASCADE,
  CONSTRAINT `CATALOG_CATEGORY_ENTITY_INT_STORE_ID_STORE_STORE_ID` FOREIGN KEY (`store_id`) REFERENCES `store` (`store_id`) ON DELETE CASCADE
) ENGINE=InnoDB AUTO_INCREMENT=20156 DEFAULT CHARSET=utf8mb3 COMMENT='Catalog Category Integer Attribute Backend Table';

--
-- Dumping data for table `catalog_category_entity_int`
--

INSERT INTO `catalog_category_entity_int` VALUES (1,69,0,1,1),(2,69,0,2,1),(3,46,0,2,1),(24,46,0,7,1),(25,54,0,7,1),(26,69,0,7,1),(27,70,0,7,0),(28,71,0,7,0),(29,46,0,8,1),(30,54,0,8,1),(31,69,0,8,1),(32,70,0,8,0),(33,71,0,8,0),(34,46,0,9,1),(35,54,0,9,1),(36,69,0,9,1),(37,70,0,9,0),(38,71,0,9,0),(112,46,0,25,1),(113,54,0,25,1),(114,69,0,25,1),(115,70,0,25,0),(116,71,0,25,0),(162,46,0,35,1),(163,54,0,35,1),(164,69,0,35,1),(165,70,0,35,0),(166,71,0,35,0),(167,46,0,36,1),(168,54,0,36,1),(169,69,0,36,1),(170,70,0,36,0),(171,71,0,36,0),(288,46,0,60,1),(289,54,0,60,1),(290,69,0,60,1),(291,70,0,60,0),(292,71,0,60,0),(303,46,0,63,1),(304,54,0,63,1),(305,69,0,63,1),(306,70,0,63,0),(307,71,0,63,0),(308,46,0,64,1),(309,54,0,64,1),(310,69,0,64,1),(311,70,0,64,0),(312,71,0,64,0),(313,46,0,65,1),(314,54,0,65,1),(315,69,0,65,1),(316,70,0,65,0),(317,71,0,65,0),(319,46,0,66,1),(320,54,0,66,1),(321,69,0,66,1),(322,70,0,66,0),(323,71,0,66,0),(668,53,0,7,NULL),(669,46,0,135,1),(670,54,0,135,1),(671,69,0,135,1),(672,70,0,135,0),(673,71,0,135,0),(719,53,0,8,NULL),(745,46,0,150,0),(746,54,0,150,1),(747,69,0,150,0),(748,70,0,150,0),(749,71,0,150,0),(750,46,0,151,1),(751,54,0,151,1),(752,69,0,151,1),(753,70,0,151,0),(754,71,0,151,0),(755,46,0,152,1),(756,54,0,152,1),(757,69,0,152,1),(758,70,0,152,0),(759,71,0,152,0),(760,46,0,153,0),(761,54,0,153,1),(762,69,0,153,0),(763,70,0,153,0),(764,71,0,153,0),(765,46,0,154,1),(766,54,0,154,1),(767,69,0,154,1),(768,70,0,154,0),(769,71,0,154,0),(770,53,0,154,NULL),(771,46,0,155,1),(772,54,0,155,1),(773,69,0,155,1),(774,70,0,155,0),(775,71,0,155,0),(776,46,0,156,0),(777,54,0,156,1),(778,69,0,156,0),(779,70,0,156,0),(780,71,0,156,0),(781,46,0,157,0),(782,54,0,157,1),(783,69,0,157,0),(784,70,0,157,0),(785,71,0,157,0),(786,46,0,158,1),(787,54,0,158,1),(788,69,0,158,1),(789,70,0,158,0),(790,71,0,158,0),(791,46,0,159,1),(792,54,0,159,1),(793,69,0,159,1),(794,70,0,159,0),(795,71,0,159,0),(796,46,0,160,1),(797,54,0,160,1),(798,69,0,160,1),(799,70,0,160,0),(800,71,0,160,0),(801,46,0,161,1),(802,54,0,161,1),(803,69,0,161,1),(804,70,0,161,0),(805,71,0,161,0),(806,46,0,162,1),(807,54,0,162,1),(808,69,0,162,1),(809,70,0,162,0),(810,71,0,162,0),(811,53,0,9,NULL),(812,46,0,163,1),(813,54,0,163,1),(814,69,0,163,0),(815,70,0,163,0),(816,71,0,163,0),(817,53,0,163,NULL),(818,46,0,164,1),(819,54,0,164,1),(820,69,0,164,0),(821,70,0,164,0),(822,71,0,164,0),(832,53,0,164,NULL),(833,53,0,25,NULL),(848,53,0,2,NULL),(849,54,0,2,1),(850,70,0,2,0),(851,71,0,2,0),(855,53,0,35,NULL),(856,53,0,36,NULL),(873,53,0,60,NULL),(942,53,0,135,NULL),(956,53,0,151,NULL),(957,53,0,152,NULL),(958,53,0,153,NULL),(959,53,0,155,NULL),(960,53,0,156,NULL),(961,53,0,157,NULL),(962,53,0,158,NULL),(963,53,0,159,NULL),(964,53,0,162,NULL),(965,53,0,161,NULL),(966,53,0,160,NULL),(967,53,0,150,NULL),(968,46,0,165,1),(969,54,0,165,1),(970,69,0,165,1),(971,70,0,165,0),(972,71,0,165,0),(973,46,0,166,1),(974,54,0,166,1),(975,69,0,166,1),(976,70,0,166,0),(977,71,0,166,0),(978,53,0,166,NULL),(979,46,0,167,1),(980,54,0,167,1),(981,69,0,167,1),(982,70,0,167,0),(983,71,0,167,0),(989,46,0,169,1),(990,54,0,169,1),(991,69,0,169,1),(992,70,0,169,0),(993,71,0,169,0),(994,46,0,170,1),(995,54,0,170,1),(996,69,0,170,1),(997,70,0,170,0),(998,71,0,170,0),(999,53,0,165,NULL),(1000,46,0,171,1),(1001,54,0,171,1),(1002,69,0,171,1),(1003,70,0,171,0),(1004,71,0,171,0),(1005,46,0,172,1),(1006,54,0,172,1),(1007,69,0,172,1),(1008,70,0,172,0),(1009,71,0,172,0),(1020,53,0,167,NULL),(1021,46,0,175,0),(1022,54,0,175,1),(1023,69,0,175,0),(1024,70,0,175,0),(1025,71,0,175,0),(1026,46,0,176,1),(1027,54,0,176,1),(1028,69,0,176,1),(1029,70,0,176,0),(1030,71,0,176,0),(1031,53,0,169,NULL),(1032,46,0,177,1),(1033,54,0,177,1),(1034,69,0,177,1),(1035,70,0,177,0),(1036,71,0,177,0),(1037,53,0,175,NULL),(1038,46,0,178,1),(1039,54,0,178,1),(1040,69,0,178,1),(1041,70,0,178,0),(1042,71,0,178,0),(1043,46,0,179,1),(1044,54,0,179,1),(1045,69,0,179,1),(1046,70,0,179,0),(1047,71,0,179,0),(1048,53,0,176,NULL),(1049,53,0,177,NULL),(1050,46,0,180,1),(1051,54,0,180,1),(1052,69,0,180,1),(1053,70,0,180,0),(1054,71,0,180,0),(1055,46,0,181,1),(1056,54,0,181,1),(1057,69,0,181,1),(1058,70,0,181,0),(1059,71,0,181,0),(1060,53,0,178,NULL),(1061,53,0,179,NULL),(1062,53,0,180,NULL),(1063,53,0,181,NULL),(1064,53,0,171,NULL),(1065,53,0,172,NULL),(1310,151,0,25,0),(1344,151,0,35,0),(1345,151,0,36,0),(1346,46,0,226,1),(1347,54,0,226,1),(1348,69,0,226,1),(1349,70,0,226,0),(1350,71,0,226,0),(1351,151,0,226,0),(1418,151,0,165,0),(1419,151,0,166,0),(1422,46,0,238,1),(1423,54,0,238,1),(1424,69,0,238,1),(1425,70,0,238,0),(1426,71,0,238,0),(1427,151,0,238,0),(1430,46,0,239,1),(1431,54,0,239,1),(1432,69,0,239,1),(1433,70,0,239,0),(1434,71,0,239,0),(1435,151,0,239,0),(1436,151,0,169,0),(1437,151,0,175,0),(1438,151,0,181,0),(1439,46,0,240,1),(1440,54,0,240,1),(1441,69,0,240,1),(1442,70,0,240,0),(1443,71,0,240,0),(1444,151,0,240,0),(1445,46,0,241,1),(1446,54,0,241,1),(1447,69,0,241,1),(1448,70,0,241,0),(1449,71,0,241,0),(1450,151,0,241,0),(1451,46,0,242,1),(1452,54,0,242,1),(1453,69,0,242,1),(1454,70,0,242,0),(1455,71,0,242,0),(1456,151,0,242,0),(1457,46,0,243,1),(1458,54,0,243,1),(1459,69,0,243,1),(1460,70,0,243,0),(1461,71,0,243,0),(1462,151,0,243,0),(1463,46,0,244,1),(1464,54,0,244,1),(1465,69,0,244,1),(1466,70,0,244,0),(1467,71,0,244,0),(1468,151,0,244,0),(1684,151,0,151,0),(1685,46,0,276,1),(1686,54,0,276,1),(1687,69,0,276,1),(1688,70,0,276,0),(1689,71,0,276,0),(1690,151,0,276,0),(1691,46,0,277,1),(1692,54,0,277,1),(1693,69,0,277,1),(1694,70,0,277,0),(1695,71,0,277,0),(1696,151,0,277,0),(1697,46,0,278,1),(1698,54,0,278,1),(1699,69,0,278,1),(1700,70,0,278,0),(1701,71,0,278,0),(1702,151,0,278,0),(1703,151,0,154,0),(1704,46,0,279,1),(1705,54,0,279,1),(1706,69,0,279,1),(1707,70,0,279,0),(1708,71,0,279,0),(1709,151,0,279,0),(1710,46,0,280,1),(1711,54,0,280,1),(1712,69,0,280,1),(1713,70,0,280,0),(1714,71,0,280,0),(1715,151,0,280,0),(1722,46,0,282,1),(1723,54,0,282,1),(1724,69,0,282,1),(1725,70,0,282,0),(1726,71,0,282,0),(1727,151,0,282,0),(1728,151,0,153,0),(1729,151,0,156,0),(1730,151,0,157,0),(1731,151,0,150,0),(2254,46,0,366,1),(2255,54,0,366,1),(2256,69,0,366,1),(2257,70,0,366,0),(2258,71,0,366,0),(2259,151,0,366,0),(2788,53,0,366,NULL),(2889,151,0,60,0),(2900,53,0,238,NULL),(2901,151,0,176,0),(2902,151,0,167,0),(2903,151,0,172,0),(2904,53,0,239,NULL),(2905,151,0,177,0),(2906,151,0,180,0),(2907,151,0,178,0),(2908,53,0,241,NULL),(2909,53,0,242,NULL),(2910,53,0,243,NULL),(2911,53,0,244,NULL),(2912,46,0,446,1),(2913,54,0,446,1),(2914,69,0,446,1),(2915,70,0,446,0),(2916,71,0,446,0),(2917,151,0,446,0),(2930,46,0,449,1),(2931,54,0,449,1),(2932,69,0,449,1),(2933,70,0,449,0),(2934,71,0,449,0),(2935,151,0,449,0),(2936,53,0,449,NULL),(2937,151,0,2,0),(2938,163,0,2,0),(2939,163,0,449,0),(2948,163,0,25,0),(2952,151,0,7,0),(2953,163,0,7,0),(2956,151,0,8,0),(2957,163,0,8,1),(2958,151,0,9,0),(2959,163,0,9,1),(2961,163,4,8,0),(2963,163,1,165,0),(2965,163,1,8,1),(2966,163,3,8,0),(2970,163,3,135,0),(2987,163,4,7,1),(2994,46,5,7,1),(2995,69,5,7,1),(2996,163,5,7,1),(2997,46,5,366,1),(2998,69,5,366,1),(2999,163,5,366,0),(3006,163,1,163,0),(3020,46,3,25,1),(3021,69,3,25,1),(3022,163,3,25,0),(3023,46,3,9,1),(3024,69,3,9,1),(3025,163,3,9,1),(3047,163,3,159,0),(3048,46,1,2,1),(3049,69,1,2,1),(3050,70,1,2,0),(3051,71,1,2,0),(3052,151,1,2,0),(3053,163,1,2,0),(3076,46,1,7,1),(3077,69,1,7,1),(3078,70,1,7,0),(3079,71,1,7,0),(3080,151,1,7,0),(3082,46,1,8,1),(3083,69,1,8,1),(3084,70,1,8,0),(3085,71,1,8,0),(3086,151,1,8,0),(3087,46,1,9,1),(3088,69,1,9,1),(3089,70,1,9,0),(3090,71,1,9,0),(3091,151,1,9,0),(3092,163,1,9,0),(3134,46,1,25,1),(3135,69,1,25,1),(3136,70,1,25,0),(3137,71,1,25,0),(3138,151,1,25,0),(3139,163,1,25,0),(3296,46,1,60,1),(3297,69,1,60,1),(3298,70,1,60,0),(3299,71,1,60,0),(3300,151,1,60,0),(3301,163,1,60,0),(3308,46,1,63,0),(3309,69,1,63,0),(3310,70,1,63,0),(3311,71,1,63,0),(3312,151,1,63,0),(3313,163,1,63,0),(3314,46,1,64,0),(3315,69,1,64,0),(3316,70,1,64,0),(3317,71,1,64,0),(3318,151,1,64,0),(3319,163,1,64,0),(3320,46,1,65,0),(3321,69,1,65,0),(3322,70,1,65,0),(3323,71,1,65,0),(3324,151,1,65,0),(3325,163,1,65,0),(3326,46,1,66,1),(3327,69,1,66,1),(3328,70,1,66,0),(3329,71,1,66,0),(3330,151,1,66,0),(3331,163,1,66,0),(3650,46,1,135,1),(3651,69,1,135,1),(3652,70,1,135,0),(3653,71,1,135,0),(3654,151,1,135,0),(3655,163,1,135,0),(3710,46,1,151,1),(3711,69,1,151,1),(3712,70,1,151,0),(3713,71,1,151,0),(3714,151,1,151,0),(3715,163,1,151,0),(3716,46,1,152,1),(3717,69,1,152,1),(3718,70,1,152,0),(3719,71,1,152,0),(3720,151,1,152,0),(3721,163,1,152,0),(3722,46,1,154,1),(3723,69,1,154,1),(3724,70,1,154,0),(3725,71,1,154,0),(3726,151,1,154,0),(3727,163,1,154,0),(3728,46,1,155,1),(3729,69,1,155,1),(3730,70,1,155,0),(3731,71,1,155,0),(3732,151,1,155,0),(3733,163,1,155,0),(3734,46,1,158,1),(3735,69,1,158,1),(3736,70,1,158,0),(3737,71,1,158,0),(3738,151,1,158,0),(3739,163,1,158,0),(3740,46,1,159,1),(3741,69,1,159,1),(3742,70,1,159,0),(3743,71,1,159,0),(3744,151,1,159,0),(3745,163,1,159,0),(3746,46,1,160,1),(3747,69,1,160,1),(3748,70,1,160,0),(3749,71,1,160,0),(3750,151,1,160,0),(3751,163,1,160,0),(3752,46,1,161,1),(3753,69,1,161,1),(3754,70,1,161,0),(3755,71,1,161,0),(3756,151,1,161,0),(3757,163,1,161,0),(3758,46,1,162,1),(3759,69,1,162,1),(3760,70,1,162,0),(3761,71,1,162,0),(3762,151,1,162,0),(3763,163,1,162,0),(3764,46,1,165,1),(3765,69,1,165,1),(3766,70,1,165,0),(3767,71,1,165,0),(3768,151,1,165,0),(3769,46,1,166,1),(3770,69,1,166,1),(3771,70,1,166,0),(3772,71,1,166,0),(3773,151,1,166,0),(3774,163,1,166,0),(3775,46,1,167,1),(3776,69,1,167,1),(3777,70,1,167,0),(3778,71,1,167,0),(3779,151,1,167,0),(3780,163,1,167,0),(3787,46,1,169,1),(3788,69,1,169,1),(3789,70,1,169,0),(3790,71,1,169,0),(3791,151,1,169,0),(3792,163,1,169,0),(3793,46,1,170,1),(3794,69,1,170,1),(3795,70,1,170,0),(3796,71,1,170,0),(3797,151,1,170,0),(3798,163,1,170,0),(3799,46,1,171,1),(3800,69,1,171,1),(3801,70,1,171,0),(3802,71,1,171,0),(3803,151,1,171,0),(3804,163,1,171,0),(3805,46,1,172,1),(3806,69,1,172,1),(3807,70,1,172,0),(3808,71,1,172,0),(3809,151,1,172,0),(3810,163,1,172,0),(3811,46,1,176,1),(3812,69,1,176,1),(3813,70,1,176,0),(3814,71,1,176,0),(3815,151,1,176,0),(3816,163,1,176,0),(3817,46,1,177,1),(3818,69,1,177,1),(3819,70,1,177,0),(3820,71,1,177,0),(3821,151,1,177,0),(3822,163,1,177,0),(3823,46,1,178,1),(3824,69,1,178,1),(3825,70,1,178,0),(3826,71,1,178,0),(3827,151,1,178,0),(3828,163,1,178,0),(3829,46,1,179,1),(3830,69,1,179,1),(3831,70,1,179,0),(3832,71,1,179,0),(3833,151,1,179,0),(3834,163,1,179,0),(3835,46,1,180,1),(3836,69,1,180,1),(3837,70,1,180,0),(3838,71,1,180,0),(3839,151,1,180,0),(3840,163,1,180,0),(3841,46,1,181,1),(3842,69,1,181,1),(3843,70,1,181,0),(3844,71,1,181,0),(3845,151,1,181,0),(3846,163,1,181,0),(4045,46,1,226,1),(4046,69,1,226,1),(4047,70,1,226,0),(4048,71,1,226,0),(4049,151,1,226,0),(4050,163,1,226,0),(4111,46,1,238,1),(4112,69,1,238,1),(4113,70,1,238,0),(4114,71,1,238,0),(4115,151,1,238,0),(4116,163,1,238,0),(4117,46,1,239,1),(4118,69,1,239,1),(4119,70,1,239,0),(4120,71,1,239,0),(4121,151,1,239,0),(4122,163,1,239,0),(4123,46,1,240,1),(4124,69,1,240,1),(4125,70,1,240,0),(4126,71,1,240,0),(4127,151,1,240,0),(4128,163,1,240,0),(4129,46,1,241,1),(4130,69,1,241,1),(4131,70,1,241,0),(4132,71,1,241,0),(4133,151,1,241,0),(4134,163,1,241,0),(4135,46,1,242,1),(4136,69,1,242,1),(4137,70,1,242,0),(4138,71,1,242,0),(4139,151,1,242,0),(4140,163,1,242,0),(4141,46,1,243,1),(4142,69,1,243,1),(4143,70,1,243,0),(4144,71,1,243,0),(4145,151,1,243,0),(4146,163,1,243,0),(4147,46,1,244,1),(4148,69,1,244,1),(4149,70,1,244,0),(4150,71,1,244,0),(4151,151,1,244,0),(4152,163,1,244,0),(4339,46,1,276,1),(4340,69,1,276,1),(4341,70,1,276,0),(4342,71,1,276,0),(4343,151,1,276,0),(4344,163,1,276,0),(4345,46,1,277,1),(4346,69,1,277,1),(4347,70,1,277,0),(4348,71,1,277,0),(4349,151,1,277,0),(4350,163,1,277,0),(4351,46,1,278,1),(4352,69,1,278,1),(4353,70,1,278,0),(4354,71,1,278,0),(4355,151,1,278,0),(4356,163,1,278,0),(4357,46,1,279,1),(4358,69,1,279,1),(4359,70,1,279,0),(4360,71,1,279,0),(4361,151,1,279,0),(4362,163,1,279,0),(4363,46,1,280,1),(4364,69,1,280,1),(4365,70,1,280,0),(4366,71,1,280,0),(4367,151,1,280,0),(4368,163,1,280,0),(4369,46,1,282,1),(4370,69,1,282,1),(4371,70,1,282,0),(4372,71,1,282,0),(4373,151,1,282,0),(4374,163,1,282,0),(4845,46,1,366,1),(4846,69,1,366,1),(4847,70,1,366,0),(4848,71,1,366,0),(4849,151,1,366,0),(4850,163,1,366,0),(5325,46,1,446,1),(5326,69,1,446,1),(5327,70,1,446,0),(5328,71,1,446,0),(5329,151,1,446,0),(5330,163,1,446,0),(5337,46,1,449,1),(5338,69,1,449,1),(5339,70,1,449,0),(5340,71,1,449,0),(5341,151,1,449,0),(5342,163,1,449,0),(5343,46,2,2,1),(5344,69,2,2,1),(5345,70,2,2,0),(5346,71,2,2,0),(5347,151,2,2,0),(5348,163,2,2,0),(5367,46,2,7,1),(5368,69,2,7,1),(5369,70,2,7,0),(5370,71,2,7,0),(5371,151,2,7,0),(5372,163,2,7,0),(5373,46,2,8,1),(5374,69,2,8,1),(5375,70,2,8,0),(5376,71,2,8,0),(5377,151,2,8,0),(5378,163,2,8,0),(5379,46,2,9,1),(5380,69,2,9,1),(5381,70,2,9,0),(5382,71,2,9,0),(5383,151,2,9,0),(5384,163,2,9,0),(5427,46,2,25,1),(5428,69,2,25,1),(5429,70,2,25,0),(5430,71,2,25,0),(5431,151,2,25,0),(5432,163,2,25,0),(5589,46,2,60,1),(5590,69,2,60,1),(5591,70,2,60,0),(5592,71,2,60,0),(5593,151,2,60,0),(5594,163,2,60,0),(5601,46,2,63,1),(5602,69,2,63,1),(5603,70,2,63,0),(5604,71,2,63,0),(5605,151,2,63,0),(5606,163,2,63,0),(5607,46,2,64,1),(5608,69,2,64,1),(5609,70,2,64,0),(5610,71,2,64,0),(5611,151,2,64,0),(5612,163,2,64,0),(5613,46,2,65,1),(5614,69,2,65,1),(5615,70,2,65,0),(5616,71,2,65,0),(5617,151,2,65,0),(5618,163,2,65,0),(5619,46,2,66,1),(5620,69,2,66,1),(5621,70,2,66,0),(5622,71,2,66,0),(5623,151,2,66,0),(5624,163,2,66,0),(5943,46,2,135,1),(5944,69,2,135,1),(5945,70,2,135,0),(5946,71,2,135,0),(5947,151,2,135,0),(5948,163,2,135,0),(6003,46,2,151,1),(6004,69,2,151,1),(6005,70,2,151,0),(6006,71,2,151,0),(6007,151,2,151,0),(6008,163,2,151,0),(6009,46,2,152,1),(6010,69,2,152,1),(6011,70,2,152,0),(6012,71,2,152,0),(6013,151,2,152,0),(6014,163,2,152,0),(6015,46,2,154,1),(6016,69,2,154,1),(6017,70,2,154,0),(6018,71,2,154,0),(6019,151,2,154,0),(6020,163,2,154,0),(6021,46,2,155,1),(6022,69,2,155,1),(6023,70,2,155,0),(6024,71,2,155,0),(6025,151,2,155,0),(6026,163,2,155,0),(6027,46,2,158,1),(6028,69,2,158,1),(6029,70,2,158,0),(6030,71,2,158,0),(6031,151,2,158,0),(6032,163,2,158,0),(6033,46,2,159,1),(6034,69,2,159,1),(6035,70,2,159,0),(6036,71,2,159,0),(6037,151,2,159,0),(6038,163,2,159,0),(6039,46,2,160,1),(6040,69,2,160,1),(6041,70,2,160,0),(6042,71,2,160,0),(6043,151,2,160,0),(6044,163,2,160,0),(6045,46,2,161,1),(6046,69,2,161,1),(6047,70,2,161,0),(6048,71,2,161,0),(6049,151,2,161,0),(6050,163,2,161,0),(6051,46,2,162,1),(6052,69,2,162,1),(6053,70,2,162,0),(6054,71,2,162,0),(6055,151,2,162,0),(6056,163,2,162,0),(6057,46,2,165,1),(6058,69,2,165,1),(6059,70,2,165,0),(6060,71,2,165,0),(6061,151,2,165,0),(6062,163,2,165,0),(6063,46,2,166,1),(6064,69,2,166,1),(6065,70,2,166,0),(6066,71,2,166,0),(6067,151,2,166,0),(6068,163,2,166,0),(6069,46,2,167,1),(6070,69,2,167,1),(6071,70,2,167,0),(6072,71,2,167,0),(6073,151,2,167,0),(6074,163,2,167,0),(6081,46,2,169,1),(6082,69,2,169,1),(6083,70,2,169,0),(6084,71,2,169,0),(6085,151,2,169,0),(6086,163,2,169,0),(6087,46,2,170,1),(6088,69,2,170,1),(6089,70,2,170,0),(6090,71,2,170,0),(6091,151,2,170,0),(6092,163,2,170,0),(6093,46,2,171,1),(6094,69,2,171,1),(6095,70,2,171,0),(6096,71,2,171,0),(6097,151,2,171,0),(6098,163,2,171,0),(6099,46,2,172,1),(6100,69,2,172,1),(6101,70,2,172,0),(6102,71,2,172,0),(6103,151,2,172,0),(6104,163,2,172,0),(6105,46,2,176,1),(6106,69,2,176,1),(6107,70,2,176,0),(6108,71,2,176,0),(6109,151,2,176,0),(6110,163,2,176,0),(6111,46,2,177,1),(6112,69,2,177,1),(6113,70,2,177,0),(6114,71,2,177,0),(6115,151,2,177,0),(6116,163,2,177,0),(6117,46,2,178,1),(6118,69,2,178,1),(6119,70,2,178,0),(6120,71,2,178,0),(6121,151,2,178,0),(6122,163,2,178,0),(6123,46,2,179,1),(6124,69,2,179,1),(6125,70,2,179,0),(6126,71,2,179,0),(6127,151,2,179,0),(6128,163,2,179,0),(6129,46,2,180,1),(6130,69,2,180,1),(6131,70,2,180,0),(6132,71,2,180,0),(6133,151,2,180,0),(6134,163,2,180,0),(6135,46,2,181,1),(6136,69,2,181,1),(6137,70,2,181,0),(6138,71,2,181,0),(6139,151,2,181,0),(6140,163,2,181,0),(6339,46,2,226,1),(6340,69,2,226,1),(6341,70,2,226,0),(6342,71,2,226,0),(6343,151,2,226,0),(6344,163,2,226,0),(6405,46,2,238,1),(6406,69,2,238,1),(6407,70,2,238,0),(6408,71,2,238,0),(6409,151,2,238,0),(6410,163,2,238,0),(6411,46,2,239,1),(6412,69,2,239,1),(6413,70,2,239,0),(6414,71,2,239,0),(6415,151,2,239,0),(6416,163,2,239,0),(6417,46,2,240,1),(6418,69,2,240,1),(6419,70,2,240,0),(6420,71,2,240,0),(6421,151,2,240,0),(6422,163,2,240,0),(6423,46,2,241,1),(6424,69,2,241,1),(6425,70,2,241,0),(6426,71,2,241,0),(6427,151,2,241,0),(6428,163,2,241,0),(6429,46,2,242,1),(6430,69,2,242,1),(6431,70,2,242,0),(6432,71,2,242,0),(6433,151,2,242,0),(6434,163,2,242,0),(6435,46,2,243,1),(6436,69,2,243,1),(6437,70,2,243,0),(6438,71,2,243,0),(6439,151,2,243,0),(6440,163,2,243,0),(6441,46,2,244,1),(6442,69,2,244,1),(6443,70,2,244,0),(6444,71,2,244,0),(6445,151,2,244,0),(6446,163,2,244,0),(6633,46,2,276,1),(6634,69,2,276,1),(6635,70,2,276,0),(6636,71,2,276,0),(6637,151,2,276,0),(6638,163,2,276,0),(6639,46,2,277,1),(6640,69,2,277,1),(6641,70,2,277,0),(6642,71,2,277,0),(6643,151,2,277,0),(6644,163,2,277,0),(6645,46,2,278,1),(6646,69,2,278,1),(6647,70,2,278,0),(6648,71,2,278,0),(6649,151,2,278,0),(6650,163,2,278,0),(6651,46,2,279,1),(6652,69,2,279,1),(6653,70,2,279,0),(6654,71,2,279,0),(6655,151,2,279,0),(6656,163,2,279,0),(6657,46,2,280,1),(6658,69,2,280,1),(6659,70,2,280,0),(6660,71,2,280,0),(6661,151,2,280,0),(6662,163,2,280,0),(6663,46,2,282,1),(6664,69,2,282,1),(6665,70,2,282,0),(6666,71,2,282,0),(6667,151,2,282,0),(6668,163,2,282,0),(7143,46,2,366,1),(7144,69,2,366,1),(7145,70,2,366,0),(7146,71,2,366,0),(7147,151,2,366,0),(7148,163,2,366,0),(7623,46,2,446,1),(7624,69,2,446,1),(7625,70,2,446,0),(7626,71,2,446,0),(7627,151,2,446,0),(7628,163,2,446,0),(7635,46,2,449,1),(7636,69,2,449,1),(7637,70,2,449,0),(7638,71,2,449,0),(7639,151,2,449,0),(7640,163,2,449,0),(7641,46,3,2,1),(7642,69,3,2,1),(7643,70,3,2,0),(7644,71,3,2,0),(7645,151,3,2,0),(7646,163,3,2,0),(7661,46,3,7,1),(7662,69,3,7,1),(7663,70,3,7,0),(7664,71,3,7,0),(7665,151,3,7,0),(7666,163,3,7,0),(7667,46,3,8,1),(7668,69,3,8,1),(7669,70,3,8,0),(7670,71,3,8,0),(7671,151,3,8,0),(7672,70,3,9,0),(7673,71,3,9,0),(7674,151,3,9,0),(7715,70,3,25,0),(7716,71,3,25,0),(7717,151,3,25,0),(7873,46,3,60,1),(7874,69,3,60,1),(7875,70,3,60,0),(7876,71,3,60,0),(7877,151,3,60,0),(7878,163,3,60,0),(7885,46,3,63,0),(7886,69,3,63,0),(7887,70,3,63,0),(7888,71,3,63,0),(7889,151,3,63,0),(7890,163,3,63,0),(7891,46,3,64,0),(7892,69,3,64,0),(7893,70,3,64,0),(7894,71,3,64,0),(7895,151,3,64,0),(7896,163,3,64,0),(7897,46,3,65,0),(7898,69,3,65,0),(7899,70,3,65,0),(7900,71,3,65,0),(7901,151,3,65,0),(7902,163,3,65,0),(7903,46,3,66,1),(7904,69,3,66,1),(7905,70,3,66,0),(7906,71,3,66,0),(7907,151,3,66,0),(7908,163,3,66,0),(8224,46,3,135,0),(8225,69,3,135,0),(8226,70,3,135,0),(8227,71,3,135,0),(8228,151,3,135,0),(8280,46,3,151,1),(8281,69,3,151,1),(8282,70,3,151,0),(8283,71,3,151,0),(8284,151,3,151,0),(8285,163,3,151,0),(8286,46,3,152,1),(8287,69,3,152,1),(8288,70,3,152,0),(8289,71,3,152,0),(8290,151,3,152,0),(8291,163,3,152,0),(8292,46,3,154,1),(8293,69,3,154,1),(8294,70,3,154,0),(8295,71,3,154,0),(8296,151,3,154,0),(8297,163,3,154,0),(8298,46,3,155,1),(8299,69,3,155,1),(8300,70,3,155,0),(8301,71,3,155,0),(8302,151,3,155,0),(8303,163,3,155,0),(8304,46,3,158,1),(8305,69,3,158,1),(8306,70,3,158,0),(8307,71,3,158,0),(8308,151,3,158,0),(8309,163,3,158,0),(8310,46,3,159,1),(8311,69,3,159,1),(8312,70,3,159,0),(8313,71,3,159,0),(8314,151,3,159,0),(8315,46,3,160,1),(8316,69,3,160,1),(8317,70,3,160,0),(8318,71,3,160,0),(8319,151,3,160,0),(8320,163,3,160,0),(8321,46,3,161,1),(8322,69,3,161,1),(8323,70,3,161,0),(8324,71,3,161,0),(8325,151,3,161,0),(8326,163,3,161,0),(8327,46,3,162,1),(8328,69,3,162,1),(8329,70,3,162,0),(8330,71,3,162,0),(8331,151,3,162,0),(8332,163,3,162,0),(8333,46,3,165,1),(8334,69,3,165,1),(8335,70,3,165,0),(8336,71,3,165,0),(8337,151,3,165,0),(8338,163,3,165,0),(8339,46,3,166,1),(8340,69,3,166,1),(8341,70,3,166,0),(8342,71,3,166,0),(8343,151,3,166,0),(8344,163,3,166,0),(8345,46,3,167,1),(8346,69,3,167,1),(8347,70,3,167,0),(8348,71,3,167,0),(8349,151,3,167,0),(8350,163,3,167,0),(8357,46,3,169,1),(8358,69,3,169,1),(8359,70,3,169,0),(8360,71,3,169,0),(8361,151,3,169,0),(8362,163,3,169,0),(8363,46,3,170,1),(8364,69,3,170,1),(8365,70,3,170,0),(8366,71,3,170,0),(8367,151,3,170,0),(8368,163,3,170,0),(8369,46,3,171,1),(8370,69,3,171,1),(8371,70,3,171,0),(8372,71,3,171,0),(8373,151,3,171,0),(8374,163,3,171,0),(8375,46,3,172,1),(8376,69,3,172,1),(8377,70,3,172,0),(8378,71,3,172,0),(8379,151,3,172,0),(8380,163,3,172,0),(8381,46,3,176,1),(8382,69,3,176,1),(8383,70,3,176,0),(8384,71,3,176,0),(8385,151,3,176,0),(8386,163,3,176,0),(8387,46,3,177,1),(8388,69,3,177,1),(8389,70,3,177,0),(8390,71,3,177,0),(8391,151,3,177,0),(8392,163,3,177,0),(8393,46,3,178,1),(8394,69,3,178,1),(8395,70,3,178,0),(8396,71,3,178,0),(8397,151,3,178,0),(8398,163,3,178,0),(8399,46,3,179,1),(8400,69,3,179,1),(8401,70,3,179,0),(8402,71,3,179,0),(8403,151,3,179,0),(8404,163,3,179,0),(8405,46,3,180,1),(8406,69,3,180,1),(8407,70,3,180,0),(8408,71,3,180,0),(8409,151,3,180,0),(8410,163,3,180,0),(8411,46,3,181,1),(8412,69,3,181,1),(8413,70,3,181,0),(8414,71,3,181,0),(8415,151,3,181,0),(8416,163,3,181,0),(8612,46,3,226,1),(8613,69,3,226,1),(8614,70,3,226,0),(8615,71,3,226,0),(8616,151,3,226,0),(8617,163,3,226,0),(8678,46,3,238,1),(8679,69,3,238,1),(8680,70,3,238,0),(8681,71,3,238,0),(8682,151,3,238,0),(8683,163,3,238,0),(8684,46,3,239,1),(8685,69,3,239,1),(8686,70,3,239,0),(8687,71,3,239,0),(8688,151,3,239,0),(8689,163,3,239,0),(8690,46,3,240,1),(8691,69,3,240,1),(8692,70,3,240,0),(8693,71,3,240,0),(8694,151,3,240,0),(8695,163,3,240,0),(8696,46,3,241,1),(8697,69,3,241,1),(8698,70,3,241,0),(8699,71,3,241,0),(8700,151,3,241,0),(8701,163,3,241,0),(8702,46,3,242,1),(8703,69,3,242,1),(8704,70,3,242,0),(8705,71,3,242,0),(8706,151,3,242,0),(8707,163,3,242,0),(8708,46,3,243,1),(8709,69,3,243,1),(8710,70,3,243,0),(8711,71,3,243,0),(8712,151,3,243,0),(8713,163,3,243,0),(8714,46,3,244,1),(8715,69,3,244,1),(8716,70,3,244,0),(8717,71,3,244,0),(8718,151,3,244,0),(8719,163,3,244,0),(8903,46,3,276,1),(8904,69,3,276,1),(8905,70,3,276,0),(8906,71,3,276,0),(8907,151,3,276,0),(8908,163,3,276,0),(8909,46,3,277,1),(8910,69,3,277,1),(8911,70,3,277,0),(8912,71,3,277,0),(8913,151,3,277,0),(8914,163,3,277,0),(8915,46,3,278,1),(8916,69,3,278,1),(8917,70,3,278,0),(8918,71,3,278,0),(8919,151,3,278,0),(8920,163,3,278,0),(8921,46,3,279,1),(8922,69,3,279,1),(8923,70,3,279,0),(8924,71,3,279,0),(8925,151,3,279,0),(8926,163,3,279,0),(8927,46,3,280,1),(8928,69,3,280,1),(8929,70,3,280,0),(8930,71,3,280,0),(8931,151,3,280,0),(8932,163,3,280,0),(8933,46,3,282,1),(8934,69,3,282,1),(8935,70,3,282,0),(8936,71,3,282,0),(8937,151,3,282,0),(8938,163,3,282,0),(9409,46,3,366,1),(9410,69,3,366,1),(9411,70,3,366,0),(9412,71,3,366,0),(9413,151,3,366,0),(9414,163,3,366,1),(9888,46,3,446,1),(9889,69,3,446,1),(9890,70,3,446,0),(9891,71,3,446,0),(9892,151,3,446,0),(9893,163,3,446,0),(9900,46,3,449,1),(9901,69,3,449,1),(9902,70,3,449,0),(9903,71,3,449,0),(9904,151,3,449,0),(9905,163,3,449,0),(9906,46,4,2,1),(9907,69,4,2,1),(9908,70,4,2,0),(9909,71,4,2,0),(9910,151,4,2,0),(9911,163,4,2,0),(9936,46,4,7,1),(9937,69,4,7,1),(9938,70,4,7,0),(9939,71,4,7,0),(9940,151,4,7,0),(9941,46,4,8,1),(9942,69,4,8,1),(9943,70,4,8,0),(9944,71,4,8,0),(9945,151,4,8,0),(9946,46,4,9,1),(9947,69,4,9,1),(9948,70,4,9,0),(9949,71,4,9,0),(9950,151,4,9,0),(9951,163,4,9,1),(9994,46,4,25,1),(9995,69,4,25,1),(9996,70,4,25,0),(9997,71,4,25,0),(9998,151,4,25,0),(9999,163,4,25,0),(10156,46,4,60,1),(10157,69,4,60,1),(10158,70,4,60,0),(10159,71,4,60,0),(10160,151,4,60,0),(10161,163,4,60,0),(10168,46,4,63,1),(10169,69,4,63,1),(10170,70,4,63,0),(10171,71,4,63,0),(10172,151,4,63,0),(10173,163,4,63,0),(10174,46,4,64,1),(10175,69,4,64,1),(10176,70,4,64,0),(10177,71,4,64,0),(10178,151,4,64,0),(10179,163,4,64,0),(10180,46,4,65,1),(10181,69,4,65,1),(10182,70,4,65,0),(10183,71,4,65,0),(10184,151,4,65,0),(10185,163,4,65,0),(10186,46,4,66,1),(10187,69,4,66,1),(10188,70,4,66,0),(10189,71,4,66,0),(10190,151,4,66,0),(10191,163,4,66,0),(10510,46,4,135,1),(10511,69,4,135,1),(10512,70,4,135,0),(10513,71,4,135,0),(10514,151,4,135,0),(10515,163,4,135,0),(10570,46,4,151,1),(10571,69,4,151,1),(10572,70,4,151,0),(10573,71,4,151,0),(10574,151,4,151,0),(10575,163,4,151,0),(10576,46,4,152,1),(10577,69,4,152,1),(10578,70,4,152,0),(10579,71,4,152,0),(10580,151,4,152,0),(10581,163,4,152,0),(10582,46,4,154,1),(10583,69,4,154,1),(10584,70,4,154,0),(10585,71,4,154,0),(10586,151,4,154,0),(10587,163,4,154,0),(10588,46,4,155,1),(10589,69,4,155,1),(10590,70,4,155,0),(10591,71,4,155,0),(10592,151,4,155,0),(10593,163,4,155,0),(10594,46,4,158,1),(10595,69,4,158,1),(10596,70,4,158,0),(10597,71,4,158,0),(10598,151,4,158,0),(10599,163,4,158,0),(10600,46,4,159,1),(10601,69,4,159,1),(10602,70,4,159,0),(10603,71,4,159,0),(10604,151,4,159,0),(10605,163,4,159,0),(10606,46,4,160,1),(10607,69,4,160,1),(10608,70,4,160,0),(10609,71,4,160,0),(10610,151,4,160,0),(10611,163,4,160,0),(10612,46,4,161,1),(10613,69,4,161,1),(10614,70,4,161,0),(10615,71,4,161,0),(10616,151,4,161,0),(10617,163,4,161,0),(10618,46,4,162,1),(10619,69,4,162,1),(10620,70,4,162,0),(10621,71,4,162,0),(10622,151,4,162,0),(10623,163,4,162,0),(10624,46,4,165,1),(10625,69,4,165,1),(10626,70,4,165,0),(10627,71,4,165,0),(10628,151,4,165,0),(10629,163,4,165,0),(10630,46,4,166,1),(10631,69,4,166,1),(10632,70,4,166,0),(10633,71,4,166,0),(10634,151,4,166,0),(10635,163,4,166,0),(10636,46,4,167,1),(10637,69,4,167,1),(10638,70,4,167,0),(10639,71,4,167,0),(10640,151,4,167,0),(10641,163,4,167,0),(10648,46,4,169,1),(10649,69,4,169,1),(10650,70,4,169,0),(10651,71,4,169,0),(10652,151,4,169,0),(10653,163,4,169,0),(10654,46,4,170,1),(10655,69,4,170,1),(10656,70,4,170,0),(10657,71,4,170,0),(10658,151,4,170,0),(10659,163,4,170,0),(10660,46,4,171,1),(10661,69,4,171,1),(10662,70,4,171,0),(10663,71,4,171,0),(10664,151,4,171,0),(10665,163,4,171,0),(10666,46,4,172,1),(10667,69,4,172,1),(10668,70,4,172,0),(10669,71,4,172,0),(10670,151,4,172,0),(10671,163,4,172,0),(10672,46,4,176,1),(10673,69,4,176,1),(10674,70,4,176,0),(10675,71,4,176,0),(10676,151,4,176,0),(10677,163,4,176,0),(10678,46,4,177,1),(10679,69,4,177,1),(10680,70,4,177,0),(10681,71,4,177,0),(10682,151,4,177,0),(10683,163,4,177,0),(10684,46,4,178,1),(10685,69,4,178,1),(10686,70,4,178,0),(10687,71,4,178,0),(10688,151,4,178,0),(10689,163,4,178,0),(10690,46,4,179,1),(10691,69,4,179,1),(10692,70,4,179,0),(10693,71,4,179,0),(10694,151,4,179,0),(10695,163,4,179,0),(10696,46,4,180,1),(10697,69,4,180,1),(10698,70,4,180,0),(10699,71,4,180,0),(10700,151,4,180,0),(10701,163,4,180,0),(10702,46,4,181,1),(10703,69,4,181,1),(10704,70,4,181,0),(10705,71,4,181,0),(10706,151,4,181,0),(10707,163,4,181,0),(10906,46,4,226,1),(10907,69,4,226,1),(10908,70,4,226,0),(10909,71,4,226,0),(10910,151,4,226,0),(10911,163,4,226,0),(10972,46,4,238,1),(10973,69,4,238,1),(10974,70,4,238,0),(10975,71,4,238,0),(10976,151,4,238,0),(10977,163,4,238,0),(10978,46,4,239,1),(10979,69,4,239,1),(10980,70,4,239,0),(10981,71,4,239,0),(10982,151,4,239,0),(10983,163,4,239,0),(10984,46,4,240,1),(10985,69,4,240,1),(10986,70,4,240,0),(10987,71,4,240,0),(10988,151,4,240,0),(10989,163,4,240,0),(10990,46,4,241,1),(10991,69,4,241,1),(10992,70,4,241,0),(10993,71,4,241,0),(10994,151,4,241,0),(10995,163,4,241,0),(10996,46,4,242,1),(10997,69,4,242,1),(10998,70,4,242,0),(10999,71,4,242,0),(11000,151,4,242,0),(11001,163,4,242,0),(11002,46,4,243,1),(11003,69,4,243,1),(11004,70,4,243,0),(11005,71,4,243,0),(11006,151,4,243,0),(11007,163,4,243,0),(11008,46,4,244,1),(11009,69,4,244,1),(11010,70,4,244,0),(11011,71,4,244,0),(11012,151,4,244,0),(11013,163,4,244,0),(11200,46,4,276,1),(11201,69,4,276,1),(11202,70,4,276,0),(11203,71,4,276,0),(11204,151,4,276,0),(11205,163,4,276,0),(11206,46,4,277,1),(11207,69,4,277,1),(11208,70,4,277,0),(11209,71,4,277,0),(11210,151,4,277,0),(11211,163,4,277,0),(11212,46,4,278,1),(11213,69,4,278,1),(11214,70,4,278,0),(11215,71,4,278,0),(11216,151,4,278,0),(11217,163,4,278,0),(11218,46,4,279,1),(11219,69,4,279,1),(11220,70,4,279,0),(11221,71,4,279,0),(11222,151,4,279,0),(11223,163,4,279,0),(11224,46,4,280,1),(11225,69,4,280,1),(11226,70,4,280,0),(11227,71,4,280,0),(11228,151,4,280,0),(11229,163,4,280,0),(11230,46,4,282,1),(11231,69,4,282,1),(11232,70,4,282,0),(11233,71,4,282,0),(11234,151,4,282,0),(11235,163,4,282,0),(11709,46,4,366,1),(11710,69,4,366,1),(11711,70,4,366,0),(11712,71,4,366,0),(11713,151,4,366,0),(11714,163,4,366,0),(12189,46,4,446,1),(12190,69,4,446,1),(12191,70,4,446,0),(12192,71,4,446,0),(12193,151,4,446,0),(12194,163,4,446,0),(12201,46,4,449,1),(12202,69,4,449,1),(12203,70,4,449,0),(12204,71,4,449,0),(12205,151,4,449,0),(12206,163,4,449,1),(12207,46,5,2,1),(12208,69,5,2,1),(12209,70,5,2,0),(12210,71,5,2,0),(12211,151,5,2,0),(12212,163,5,2,0),(12234,70,5,7,0),(12235,71,5,7,0),(12236,151,5,7,0),(12237,46,5,8,1),(12238,69,5,8,1),(12239,70,5,8,0),(12240,71,5,8,0),(12241,151,5,8,0),(12242,163,5,8,0),(12243,46,5,9,1),(12244,69,5,9,1),(12245,70,5,9,0),(12246,71,5,9,0),(12247,151,5,9,0),(12248,163,5,9,0),(12291,46,5,25,1),(12292,69,5,25,1),(12293,70,5,25,0),(12294,71,5,25,0),(12295,151,5,25,0),(12296,163,5,25,0),(12453,46,5,60,1),(12454,69,5,60,1),(12455,70,5,60,0),(12456,71,5,60,0),(12457,151,5,60,0),(12458,163,5,60,0),(12465,46,5,63,1),(12466,69,5,63,1),(12467,70,5,63,0),(12468,71,5,63,0),(12469,151,5,63,0),(12470,163,5,63,0),(12471,46,5,64,1),(12472,69,5,64,1),(12473,70,5,64,0),(12474,71,5,64,0),(12475,151,5,64,0),(12476,163,5,64,0),(12477,46,5,65,1),(12478,69,5,65,1),(12479,70,5,65,0),(12480,71,5,65,0),(12481,151,5,65,0),(12482,163,5,65,0),(12483,46,5,66,1),(12484,69,5,66,1),(12485,70,5,66,0),(12486,71,5,66,0),(12487,151,5,66,0),(12488,163,5,66,0),(12807,46,5,135,1),(12808,69,5,135,1),(12809,70,5,135,0),(12810,71,5,135,0),(12811,151,5,135,0),(12812,163,5,135,0),(12867,46,5,151,1),(12868,69,5,151,1),(12869,70,5,151,0),(12870,71,5,151,0),(12871,151,5,151,0),(12872,163,5,151,0),(12873,46,5,152,1),(12874,69,5,152,1),(12875,70,5,152,0),(12876,71,5,152,0),(12877,151,5,152,0),(12878,163,5,152,0),(12879,46,5,154,1),(12880,69,5,154,1),(12881,70,5,154,0),(12882,71,5,154,0),(12883,151,5,154,0),(12884,163,5,154,0),(12885,46,5,155,1),(12886,69,5,155,1),(12887,70,5,155,0),(12888,71,5,155,0),(12889,151,5,155,0),(12890,163,5,155,0),(12891,46,5,158,1),(12892,69,5,158,1),(12893,70,5,158,0),(12894,71,5,158,0),(12895,151,5,158,0),(12896,163,5,158,0),(12897,46,5,159,1),(12898,69,5,159,1),(12899,70,5,159,0),(12900,71,5,159,0),(12901,151,5,159,0),(12902,163,5,159,0),(12903,46,5,160,1),(12904,69,5,160,1),(12905,70,5,160,0),(12906,71,5,160,0),(12907,151,5,160,0),(12908,163,5,160,0),(12909,46,5,161,1),(12910,69,5,161,1),(12911,70,5,161,0),(12912,71,5,161,0),(12913,151,5,161,0),(12914,163,5,161,0),(12915,46,5,162,1),(12916,69,5,162,1),(12917,70,5,162,0),(12918,71,5,162,0),(12919,151,5,162,0),(12920,163,5,162,0),(12921,46,5,165,1),(12922,69,5,165,1),(12923,70,5,165,0),(12924,71,5,165,0),(12925,151,5,165,0),(12926,163,5,165,0),(12927,46,5,166,1),(12928,69,5,166,1),(12929,70,5,166,0),(12930,71,5,166,0),(12931,151,5,166,0),(12932,163,5,166,0),(12933,46,5,167,1),(12934,69,5,167,1),(12935,70,5,167,0),(12936,71,5,167,0),(12937,151,5,167,0),(12938,163,5,167,0),(12945,46,5,169,1),(12946,69,5,169,1),(12947,70,5,169,0),(12948,71,5,169,0),(12949,151,5,169,0),(12950,163,5,169,0),(12951,46,5,170,1),(12952,69,5,170,1),(12953,70,5,170,0),(12954,71,5,170,0),(12955,151,5,170,0),(12956,163,5,170,0),(12957,46,5,171,1),(12958,69,5,171,1),(12959,70,5,171,0),(12960,71,5,171,0),(12961,151,5,171,0),(12962,163,5,171,0),(12963,46,5,172,1),(12964,69,5,172,1),(12965,70,5,172,0),(12966,71,5,172,0),(12967,151,5,172,0),(12968,163,5,172,0),(12969,46,5,176,1),(12970,69,5,176,1),(12971,70,5,176,0),(12972,71,5,176,0),(12973,151,5,176,0),(12974,163,5,176,0),(12975,46,5,177,1),(12976,69,5,177,1),(12977,70,5,177,0),(12978,71,5,177,0),(12979,151,5,177,0),(12980,163,5,177,0),(12981,46,5,178,1),(12982,69,5,178,1),(12983,70,5,178,0),(12984,71,5,178,0),(12985,151,5,178,0),(12986,163,5,178,0),(12987,46,5,179,1),(12988,69,5,179,1),(12989,70,5,179,0),(12990,71,5,179,0),(12991,151,5,179,0),(12992,163,5,179,0),(12993,46,5,180,1),(12994,69,5,180,1),(12995,70,5,180,0),(12996,71,5,180,0),(12997,151,5,180,0),(12998,163,5,180,0),(12999,46,5,181,1),(13000,69,5,181,1),(13001,70,5,181,0),(13002,71,5,181,0),(13003,151,5,181,0),(13004,163,5,181,0),(13200,46,5,226,1),(13201,69,5,226,1),(13202,70,5,226,0),(13203,71,5,226,0),(13204,151,5,226,0),(13205,163,5,226,0),(13266,46,5,238,1),(13267,69,5,238,1),(13268,70,5,238,0),(13269,71,5,238,0),(13270,151,5,238,0),(13271,163,5,238,0),(13272,46,5,239,1),(13273,69,5,239,1),(13274,70,5,239,0),(13275,71,5,239,0),(13276,151,5,239,0),(13277,163,5,239,0),(13278,46,5,240,1),(13279,69,5,240,1),(13280,70,5,240,0),(13281,71,5,240,0),(13282,151,5,240,0),(13283,163,5,240,0),(13284,46,5,241,1),(13285,69,5,241,1),(13286,70,5,241,0),(13287,71,5,241,0),(13288,151,5,241,0),(13289,163,5,241,0),(13290,46,5,242,1),(13291,69,5,242,1),(13292,70,5,242,0),(13293,71,5,242,0),(13294,151,5,242,0),(13295,163,5,242,0),(13296,46,5,243,1),(13297,69,5,243,1),(13298,70,5,243,0),(13299,71,5,243,0),(13300,151,5,243,0),(13301,163,5,243,0),(13302,46,5,244,1),(13303,69,5,244,1),(13304,70,5,244,0),(13305,71,5,244,0),(13306,151,5,244,0),(13307,163,5,244,0),(13494,46,5,276,1),(13495,69,5,276,1),(13496,70,5,276,0),(13497,71,5,276,0),(13498,151,5,276,0),(13499,163,5,276,0),(13500,46,5,277,1),(13501,69,5,277,1),(13502,70,5,277,0),(13503,71,5,277,0),(13504,151,5,277,0),(13505,163,5,277,0),(13506,46,5,278,1),(13507,69,5,278,1),(13508,70,5,278,0),(13509,71,5,278,0),(13510,151,5,278,0),(13511,163,5,278,0),(13512,46,5,279,1),(13513,69,5,279,1),(13514,70,5,279,0),(13515,71,5,279,0),(13516,151,5,279,0),(13517,163,5,279,0),(13518,46,5,280,1),(13519,69,5,280,1),(13520,70,5,280,0),(13521,71,5,280,0),(13522,151,5,280,0),(13523,163,5,280,0),(13524,46,5,282,1),(13525,69,5,282,1),(13526,70,5,282,0),(13527,71,5,282,0),(13528,151,5,282,0),(13529,163,5,282,0),(14001,70,5,366,0),(14002,71,5,366,0),(14003,151,5,366,0),(14478,46,5,446,1),(14479,69,5,446,1),(14480,70,5,446,0),(14481,71,5,446,0),(14482,151,5,446,0),(14483,163,5,446,0),(14490,46,5,449,1),(14491,69,5,449,1),(14492,70,5,449,0),(14493,71,5,449,0),(14494,151,5,449,0),(14495,163,5,449,0),(14502,151,0,163,0),(14503,163,0,163,0),(14504,163,3,163,0),(14505,163,1,164,0),(14506,151,0,164,0),(14507,163,0,164,1),(14509,46,0,451,0),(14510,54,0,451,1),(14511,69,0,451,0),(14512,70,0,451,0),(14513,71,0,451,0),(14514,151,0,451,0),(14515,163,0,451,0),(14516,53,0,451,NULL),(14517,163,5,451,0),(14518,163,1,7,1),(14538,46,0,454,1),(14539,54,0,454,1),(14540,69,0,454,1),(14541,70,0,454,0),(14542,71,0,454,0),(14543,151,0,454,0),(14544,163,0,454,0),(14552,46,0,456,1),(14553,54,0,456,1),(14554,69,0,456,1),(14555,70,0,456,0),(14556,71,0,456,0),(14557,151,0,456,0),(14558,163,0,456,0),(14559,46,0,457,1),(14560,54,0,457,1),(14561,69,0,457,1),(14562,70,0,457,0),(14563,71,0,457,0),(14564,151,0,457,0),(14565,163,0,457,0),(14584,46,1,457,0),(14585,69,1,457,0),(14586,46,1,456,0),(14587,69,1,456,0),(14588,46,1,454,0),(14589,69,1,454,0),(14596,46,3,457,0),(14597,69,3,457,0),(14598,46,3,456,0),(14599,69,3,456,0),(14600,46,3,454,0),(14601,69,3,454,0),(14650,46,0,465,1),(14651,54,0,465,1),(14652,69,0,465,1),(14653,70,0,465,0),(14654,71,0,465,0),(14655,151,0,465,0),(14656,163,0,465,0),(14671,46,0,468,1),(14672,54,0,468,1),(14673,69,0,468,1),(14674,70,0,468,0),(14675,71,0,468,0),(14676,151,0,468,0),(14677,163,0,468,0),(14678,46,4,465,0),(14679,69,4,465,0),(14680,163,4,465,0),(14681,46,4,468,0),(14682,69,4,468,0),(14687,46,1,465,0),(14688,69,1,465,0),(14691,46,1,468,0),(14692,69,1,468,0),(14991,46,3,163,1),(14992,69,3,163,0),(15000,46,0,508,1),(15001,54,0,508,1),(15002,69,0,508,1),(15003,70,0,508,0),(15004,71,0,508,0),(15005,151,0,508,0),(15006,163,0,508,1),(15007,46,1,508,0),(15008,69,1,508,0),(15009,46,3,508,1),(15010,69,3,508,1),(15151,46,0,522,1),(15152,54,0,522,1),(15153,69,0,522,1),(15154,70,0,522,0),(15155,71,0,522,0),(15156,151,0,522,0),(15157,163,0,522,0),(15158,46,1,522,0),(15159,69,1,522,0),(15160,46,0,523,1),(15161,54,0,523,1),(15162,69,0,523,1),(15163,70,0,523,0),(15164,71,0,523,0),(15165,151,0,523,0),(15166,163,0,523,0),(15167,46,0,524,1),(15168,54,0,524,1),(15169,69,0,524,1),(15170,70,0,524,0),(15171,71,0,524,0),(15172,151,0,524,0),(15173,163,0,524,0),(15174,46,0,525,1),(15175,54,0,525,1),(15176,69,0,525,1),(15177,70,0,525,0),(15178,71,0,525,0),(15179,151,0,525,0),(15180,163,0,525,0),(15181,46,0,526,1),(15182,54,0,526,1),(15183,69,0,526,1),(15184,70,0,526,0),(15185,71,0,526,0),(15186,151,0,526,0),(15187,163,0,526,0),(15188,46,0,527,1),(15189,54,0,527,1),(15190,69,0,527,1),(15191,70,0,527,0),(15192,71,0,527,0),(15193,151,0,527,0),(15194,163,0,527,0),(15195,46,0,528,1),(15196,54,0,528,1),(15197,69,0,528,1),(15198,70,0,528,0),(15199,71,0,528,0),(15200,151,0,528,0),(15201,163,0,528,0),(15202,46,0,529,1),(15203,54,0,529,1),(15204,69,0,529,1),(15205,70,0,529,0),(15206,71,0,529,0),(15207,151,0,529,0),(15208,163,0,529,0),(15209,46,0,530,1),(15210,54,0,530,1),(15211,69,0,530,1),(15212,70,0,530,0),(15213,71,0,530,0),(15214,151,0,530,0),(15215,163,0,530,0),(15216,46,0,531,1),(15217,54,0,531,1),(15218,69,0,531,1),(15219,70,0,531,0),(15220,71,0,531,0),(15221,151,0,531,0),(15222,163,0,531,0),(15223,46,0,532,1),(15224,54,0,532,1),(15225,69,0,532,1),(15226,70,0,532,0),(15227,71,0,532,0),(15228,151,0,532,0),(15229,163,0,532,0),(15230,46,0,533,1),(15231,54,0,533,1),(15232,69,0,533,1),(15233,70,0,533,0),(15234,71,0,533,0),(15235,151,0,533,0),(15236,163,0,533,0),(15237,46,0,534,1),(15238,54,0,534,1),(15239,69,0,534,1),(15240,70,0,534,0),(15241,71,0,534,0),(15242,151,0,534,0),(15243,163,0,534,0),(15244,46,0,535,1),(15245,54,0,535,1),(15246,69,0,535,1),(15247,70,0,535,0),(15248,71,0,535,0),(15249,151,0,535,0),(15250,163,0,535,0),(15251,46,0,536,1),(15252,54,0,536,1),(15253,69,0,536,1),(15254,70,0,536,0),(15255,71,0,536,0),(15256,151,0,536,0),(15257,163,0,536,0),(15258,46,0,537,1),(15259,54,0,537,1),(15260,69,0,537,1),(15261,70,0,537,0),(15262,71,0,537,0),(15263,151,0,537,0),(15264,163,0,537,0),(15265,46,0,538,1),(15266,54,0,538,1),(15267,69,0,538,1),(15268,70,0,538,0),(15269,71,0,538,0),(15270,151,0,538,0),(15271,163,0,538,0),(15272,46,0,539,1),(15273,54,0,539,1),(15274,69,0,539,1),(15275,70,0,539,0),(15276,71,0,539,0),(15277,151,0,539,0),(15278,163,0,539,0),(15279,46,0,540,1),(15280,54,0,540,1),(15281,69,0,540,1),(15282,70,0,540,0),(15283,71,0,540,0),(15284,151,0,540,0),(15285,163,0,540,0),(15286,46,0,541,1),(15287,54,0,541,1),(15288,69,0,541,1),(15289,70,0,541,0),(15290,71,0,541,0),(15291,151,0,541,0),(15292,163,0,541,0),(15293,46,0,542,1),(15294,54,0,542,1),(15295,69,0,542,1),(15296,70,0,542,0),(15297,71,0,542,0),(15298,151,0,542,0),(15299,163,0,542,0),(15300,46,0,543,1),(15301,54,0,543,1),(15302,69,0,543,1),(15303,70,0,543,0),(15304,71,0,543,0),(15305,151,0,543,0),(15306,163,0,543,0),(15314,46,0,545,1),(15315,54,0,545,1),(15316,69,0,545,1),(15317,70,0,545,0),(15318,71,0,545,0),(15319,151,0,545,0),(15320,163,0,545,0),(15321,53,0,545,NULL),(15322,46,1,545,0),(15323,69,1,545,0),(15324,46,3,545,1),(15325,69,3,545,1),(15326,163,3,545,0),(15327,46,0,546,1),(15328,54,0,546,1),(15329,69,0,546,1),(15330,70,0,546,0),(15331,71,0,546,0),(15332,151,0,546,0),(15333,163,0,546,0),(15334,46,0,547,1),(15335,54,0,547,1),(15336,69,0,547,1),(15337,70,0,547,0),(15338,71,0,547,0),(15339,151,0,547,0),(15340,163,0,547,0),(15341,46,0,548,1),(15342,54,0,548,1),(15343,69,0,548,1),(15344,70,0,548,0),(15345,71,0,548,0),(15346,151,0,548,0),(15347,163,0,548,0),(15348,163,0,366,0),(15349,46,0,549,1),(15350,54,0,549,1),(15351,69,0,549,1),(15352,70,0,549,0),(15353,71,0,549,0),(15354,151,0,549,0),(15355,163,0,549,0),(15356,46,0,550,1),(15357,54,0,550,1),(15358,69,0,550,1),(15359,70,0,550,0),(15360,71,0,550,0),(15361,151,0,550,0),(15362,163,0,550,0),(15363,46,0,551,1),(15364,54,0,551,1),(15365,69,0,551,1),(15366,70,0,551,0),(15367,71,0,551,0),(15368,151,0,551,0),(15369,163,0,551,0),(15370,46,0,552,1),(15371,54,0,552,1),(15372,69,0,552,1),(15373,70,0,552,0),(15374,71,0,552,0),(15375,151,0,552,0),(15376,163,0,552,0),(15377,46,0,553,1),(15378,54,0,553,1),(15379,69,0,553,1),(15380,70,0,553,0),(15381,71,0,553,0),(15382,151,0,553,0),(15383,163,0,553,0),(15384,46,0,554,1),(15385,54,0,554,1),(15386,69,0,554,1),(15387,70,0,554,0),(15388,71,0,554,0),(15389,151,0,554,0),(15390,163,0,554,0),(15391,46,0,555,1),(15392,54,0,555,1),(15393,69,0,555,1),(15394,70,0,555,0),(15395,71,0,555,0),(15396,151,0,555,0),(15397,163,0,555,0),(15398,46,0,556,1),(15399,54,0,556,1),(15400,69,0,556,1),(15401,70,0,556,0),(15402,71,0,556,0),(15403,151,0,556,0),(15404,163,0,556,0),(15405,46,0,557,1),(15406,54,0,557,1),(15407,69,0,557,1),(15408,70,0,557,0),(15409,71,0,557,0),(15410,151,0,557,0),(15411,163,0,557,0),(15412,53,0,548,NULL),(15420,151,0,135,0),(15421,163,0,135,0),(15460,46,3,451,1),(15461,69,3,451,1),(15462,163,3,451,0),(15463,53,0,446,NULL),(15464,163,0,446,0),(15473,46,1,451,0),(15474,69,1,451,0),(15475,163,1,451,0),(15476,46,3,549,1),(15477,69,3,549,1),(15478,163,3,549,0),(15479,46,3,523,1),(15480,69,3,523,1),(15481,163,3,523,0),(15482,46,0,565,1),(15483,54,0,565,1),(15484,69,0,565,1),(15485,70,0,565,0),(15486,71,0,565,0),(15487,151,0,565,0),(15488,163,0,565,0),(15489,46,0,566,1),(15490,54,0,566,1),(15491,69,0,566,1),(15492,70,0,566,0),(15493,71,0,566,0),(15494,151,0,566,0),(15495,163,0,566,0),(15496,46,0,567,1),(15497,54,0,567,1),(15498,69,0,567,1),(15499,70,0,567,0),(15500,71,0,567,0),(15501,151,0,567,0),(15502,163,0,567,0),(15503,46,0,568,1),(15504,54,0,568,1),(15505,69,0,568,0),(15506,70,0,568,0),(15507,71,0,568,0),(15508,151,0,568,0),(15509,163,0,568,0),(15510,46,0,569,1),(15511,54,0,569,1),(15512,69,0,569,0),(15513,70,0,569,0),(15514,71,0,569,0),(15515,151,0,569,0),(15516,163,0,569,0),(15517,46,0,570,1),(15518,54,0,570,1),(15519,69,0,570,1),(15520,70,0,570,0),(15521,71,0,570,0),(15522,151,0,570,0),(15523,163,0,570,0),(15524,46,0,571,1),(15525,54,0,571,1),(15526,69,0,571,0),(15527,70,0,571,0),(15528,71,0,571,0),(15529,151,0,571,0),(15530,163,0,571,0),(15531,53,0,568,NULL),(15532,53,0,569,NULL),(15533,53,0,567,NULL),(15534,46,0,572,1),(15535,54,0,572,1),(15536,69,0,572,1),(15537,70,0,572,0),(15538,71,0,572,0),(15539,151,0,572,0),(15540,163,0,572,0),(15541,53,0,572,NULL),(15544,46,0,573,1),(15545,54,0,573,1),(15546,69,0,573,1),(15547,70,0,573,0),(15548,71,0,573,0),(15549,151,0,573,0),(15550,163,0,573,0),(15551,46,0,574,1),(15552,54,0,574,1),(15553,69,0,574,1),(15554,70,0,574,0),(15555,71,0,574,0),(15556,151,0,574,0),(15557,163,0,574,0),(15558,46,0,575,1),(15559,54,0,575,1),(15560,69,0,575,1),(15561,70,0,575,0),(15562,71,0,575,0),(15563,151,0,575,0),(15564,163,0,575,1),(15565,46,0,576,1),(15566,54,0,576,1),(15567,69,0,576,1),(15568,70,0,576,0),(15569,71,0,576,0),(15570,151,0,576,0),(15571,163,0,576,0),(15572,46,0,577,1),(15573,54,0,577,1),(15574,69,0,577,1),(15575,70,0,577,0),(15576,71,0,577,0),(15577,151,0,577,0),(15578,163,0,577,0),(15579,46,0,578,1),(15580,54,0,578,1),(15581,69,0,578,1),(15582,70,0,578,0),(15583,71,0,578,0),(15584,151,0,578,0),(15585,163,0,578,0),(15586,46,0,579,1),(15587,54,0,579,1),(15588,69,0,579,1),(15589,70,0,579,0),(15590,71,0,579,0),(15591,151,0,579,0),(15592,163,0,579,0),(15593,46,0,580,1),(15594,54,0,580,1),(15595,69,0,580,1),(15596,70,0,580,0),(15597,71,0,580,0),(15598,151,0,580,0),(15599,163,0,580,0),(15600,46,0,581,1),(15601,54,0,581,1),(15602,69,0,581,1),(15603,70,0,581,0),(15604,71,0,581,0),(15605,151,0,581,0),(15606,163,0,581,0),(15607,46,0,582,1),(15608,54,0,582,1),(15609,69,0,582,1),(15610,70,0,582,0),(15611,71,0,582,0),(15612,151,0,582,0),(15613,163,0,582,0),(15614,46,0,583,1),(15615,54,0,583,1),(15616,69,0,583,1),(15617,70,0,583,0),(15618,71,0,583,0),(15619,151,0,583,0),(15620,163,0,583,0),(15621,46,0,584,1),(15622,54,0,584,1),(15623,69,0,584,1),(15624,70,0,584,0),(15625,71,0,584,0),(15626,151,0,584,0),(15627,163,0,584,0),(15628,46,0,585,1),(15629,54,0,585,1),(15630,69,0,585,1),(15631,70,0,585,0),(15632,71,0,585,0),(15633,151,0,585,0),(15634,163,0,585,0),(15635,46,0,586,1),(15636,54,0,586,1),(15637,69,0,586,1),(15638,70,0,586,0),(15639,71,0,586,0),(15640,151,0,586,0),(15641,163,0,586,0),(15642,53,0,575,NULL),(15643,53,0,576,NULL),(15644,46,0,587,1),(15645,54,0,587,1),(15646,69,0,587,1),(15647,70,0,587,0),(15648,71,0,587,0),(15649,151,0,587,0),(15650,163,0,587,0),(15651,46,0,588,1),(15652,54,0,588,1),(15653,69,0,588,1),(15654,70,0,588,0),(15655,71,0,588,0),(15656,151,0,588,0),(15657,163,0,588,0),(15658,46,0,589,1),(15659,54,0,589,1),(15660,69,0,589,1),(15661,70,0,589,0),(15662,71,0,589,0),(15663,151,0,589,0),(15664,163,0,589,0),(15665,46,0,590,1),(15666,54,0,590,1),(15667,69,0,590,1),(15668,70,0,590,0),(15669,71,0,590,0),(15670,151,0,590,0),(15671,163,0,590,0),(15672,46,0,591,1),(15673,54,0,591,1),(15674,69,0,591,1),(15675,70,0,591,0),(15676,71,0,591,0),(15677,151,0,591,0),(15678,163,0,591,0),(15679,46,0,592,1),(15680,54,0,592,1),(15681,69,0,592,1),(15682,70,0,592,0),(15683,71,0,592,0),(15684,151,0,592,0),(15685,163,0,592,0),(15686,53,0,592,NULL),(15687,53,0,566,NULL),(15688,46,0,593,1),(15689,54,0,593,1),(15690,69,0,593,1),(15691,70,0,593,0),(15692,71,0,593,0),(15693,151,0,593,0),(15694,163,0,593,0),(15695,46,0,594,1),(15696,54,0,594,1),(15697,69,0,594,1),(15698,70,0,594,0),(15699,71,0,594,0),(15700,151,0,594,0),(15701,163,0,594,0),(15702,46,0,595,1),(15703,54,0,595,1),(15704,69,0,595,1),(15705,70,0,595,0),(15706,71,0,595,0),(15707,151,0,595,0),(15708,163,0,595,0),(15709,46,0,596,1),(15710,54,0,596,1),(15711,69,0,596,1),(15712,70,0,596,0),(15713,71,0,596,0),(15714,151,0,596,0),(15715,163,0,596,0),(15716,53,0,596,NULL),(15717,46,0,597,1),(15718,54,0,597,1),(15719,69,0,597,1),(15720,70,0,597,0),(15721,71,0,597,0),(15722,151,0,597,0),(15723,163,0,597,0),(15724,46,0,598,1),(15725,54,0,598,1),(15726,69,0,598,1),(15727,70,0,598,0),(15728,71,0,598,0),(15729,151,0,598,0),(15730,163,0,598,0),(15731,46,0,599,1),(15732,54,0,599,1),(15733,69,0,599,1),(15734,70,0,599,0),(15735,71,0,599,0),(15736,151,0,599,0),(15737,163,0,599,0),(15739,46,0,600,1),(15740,54,0,600,1),(15741,69,0,600,1),(15742,70,0,600,0),(15743,71,0,600,0),(15744,151,0,600,0),(15745,163,0,600,0),(15746,46,0,601,1),(15747,54,0,601,1),(15748,69,0,601,1),(15749,70,0,601,0),(15750,71,0,601,0),(15751,151,0,601,0),(15752,163,0,601,0),(15753,46,0,602,1),(15754,54,0,602,1),(15755,69,0,602,1),(15756,70,0,602,0),(15757,71,0,602,0),(15758,151,0,602,0),(15759,163,0,602,0),(15760,46,0,603,1),(15761,54,0,603,1),(15762,69,0,603,1),(15763,70,0,603,0),(15764,71,0,603,0),(15765,151,0,603,0),(15766,163,0,603,0),(15767,46,0,604,1),(15768,54,0,604,1),(15769,69,0,604,1),(15770,70,0,604,0),(15771,71,0,604,0),(15772,151,0,604,0),(15773,163,0,604,0),(15774,46,0,605,1),(15775,54,0,605,1),(15776,69,0,605,1),(15777,70,0,605,0),(15778,71,0,605,0),(15779,151,0,605,0),(15780,163,0,605,0),(15781,46,0,606,1),(15782,54,0,606,1),(15783,69,0,606,1),(15784,70,0,606,0),(15785,71,0,606,0),(15786,151,0,606,0),(15787,163,0,606,0),(15788,46,0,607,1),(15789,54,0,607,1),(15790,69,0,607,1),(15791,70,0,607,0),(15792,71,0,607,0),(15793,151,0,607,0),(15794,163,0,607,0),(15795,46,0,608,1),(15796,54,0,608,1),(15797,69,0,608,1),(15798,70,0,608,0),(15799,71,0,608,0),(15800,151,0,608,0),(15801,163,0,608,0),(15802,46,0,609,1),(15803,54,0,609,1),(15804,69,0,609,1),(15805,70,0,609,0),(15806,71,0,609,0),(15807,151,0,609,0),(15808,163,0,609,0),(15809,46,0,610,1),(15810,54,0,610,1),(15811,69,0,610,1),(15812,70,0,610,0),(15813,71,0,610,0),(15814,151,0,610,0),(15815,163,0,610,0),(15816,46,0,611,1),(15817,54,0,611,1),(15818,69,0,611,1),(15819,70,0,611,0),(15820,71,0,611,0),(15821,151,0,611,0),(15822,163,0,611,0),(15823,46,0,612,1),(15824,54,0,612,1),(15825,69,0,612,1),(15826,70,0,612,0),(15827,71,0,612,0),(15828,151,0,612,0),(15829,163,0,612,0),(15830,46,0,613,1),(15831,54,0,613,1),(15832,69,0,613,1),(15833,70,0,613,0),(15834,71,0,613,0),(15835,151,0,613,0),(15836,163,0,613,0),(15837,53,0,613,NULL),(15838,53,0,605,NULL),(15839,46,0,614,1),(15840,54,0,614,1),(15841,69,0,614,1),(15842,70,0,614,0),(15843,71,0,614,0),(15844,151,0,614,0),(15845,163,0,614,0),(15846,53,0,614,NULL),(15847,46,0,615,1),(15848,54,0,615,1),(15849,69,0,615,1),(15850,70,0,615,0),(15851,71,0,615,0),(15852,151,0,615,0),(15853,163,0,615,0),(15854,46,0,616,1),(15855,54,0,616,1),(15856,69,0,616,1),(15857,70,0,616,0),(15858,71,0,616,0),(15859,151,0,616,0),(15860,163,0,616,0),(15861,46,0,617,1),(15862,54,0,617,1),(15863,69,0,617,1),(15864,70,0,617,0),(15865,71,0,617,0),(15866,151,0,617,0),(15867,163,0,617,0),(15868,46,0,618,1),(15869,54,0,618,1),(15870,69,0,618,1),(15871,70,0,618,0),(15872,71,0,618,0),(15873,151,0,618,0),(15874,163,0,618,0),(15875,46,0,619,1),(15876,54,0,619,1),(15877,69,0,619,1),(15878,70,0,619,0),(15879,71,0,619,0),(15880,151,0,619,0),(15881,163,0,619,0),(15882,46,0,620,1),(15883,54,0,620,1),(15884,69,0,620,1),(15885,70,0,620,0),(15886,71,0,620,0),(15887,151,0,620,0),(15888,163,0,620,0),(15889,46,0,621,1),(15890,54,0,621,1),(15891,69,0,621,1),(15892,70,0,621,0),(15893,71,0,621,0),(15894,151,0,621,0),(15895,163,0,621,0),(15896,46,0,622,1),(15897,54,0,622,1),(15898,69,0,622,1),(15899,70,0,622,0),(15900,71,0,622,0),(15901,151,0,622,0),(15902,163,0,622,0),(15903,53,0,619,NULL),(15904,46,0,623,1),(15905,54,0,623,1),(15906,69,0,623,1),(15907,70,0,623,0),(15908,71,0,623,0),(15909,151,0,623,0),(15910,163,0,623,0),(15918,46,0,625,1),(15919,54,0,625,1),(15920,69,0,625,1),(15921,70,0,625,0),(15922,71,0,625,0),(15923,151,0,625,0),(15924,163,0,625,0),(15925,53,0,625,NULL),(15926,53,0,587,NULL),(15927,46,0,626,1),(15928,54,0,626,1),(15929,69,0,626,1),(15930,70,0,626,0),(15931,71,0,626,0),(15932,151,0,626,0),(15933,163,0,626,0),(15934,46,0,627,1),(15935,54,0,627,1),(15936,69,0,627,1),(15937,70,0,627,0),(15938,71,0,627,0),(15939,151,0,627,0),(15940,163,0,627,0),(15941,46,0,628,1),(15942,54,0,628,1),(15943,69,0,628,1),(15944,70,0,628,0),(15945,71,0,628,0),(15946,151,0,628,0),(15947,163,0,628,0),(15948,53,0,627,NULL),(15949,53,0,628,NULL),(15950,53,0,538,NULL),(15951,46,0,629,1),(15952,54,0,629,1),(15953,69,0,629,1),(15954,70,0,629,0),(15955,71,0,629,0),(15956,151,0,629,0),(15957,163,0,629,0),(15958,53,0,549,NULL),(15959,53,0,629,NULL),(15960,53,0,522,NULL),(15961,46,0,630,1),(15962,54,0,630,1),(15963,69,0,630,1),(15964,70,0,630,0),(15965,71,0,630,0),(15966,151,0,630,0),(15967,163,0,630,0),(15968,53,0,630,NULL),(15969,46,0,631,1),(15970,54,0,631,1),(15971,69,0,631,1),(15972,70,0,631,0),(15973,71,0,631,0),(15974,151,0,631,0),(15975,163,0,631,0),(15976,46,0,632,1),(15977,54,0,632,1),(15978,69,0,632,1),(15979,70,0,632,0),(15980,71,0,632,0),(15981,151,0,632,0),(15982,163,0,632,0),(15983,46,0,633,1),(15984,54,0,633,1),(15985,69,0,633,1),(15986,70,0,633,0),(15987,71,0,633,0),(15988,151,0,633,0),(15989,163,0,633,0),(15990,46,0,634,1),(15991,54,0,634,1),(15992,69,0,634,1),(15993,70,0,634,0),(15994,71,0,634,0),(15995,151,0,634,0),(15996,163,0,634,0),(15997,46,0,635,1),(15998,54,0,635,1),(15999,69,0,635,1),(16000,70,0,635,0),(16001,71,0,635,0),(16002,151,0,635,0),(16003,163,0,635,0),(16004,46,0,636,1),(16005,54,0,636,1),(16006,69,0,636,1),(16007,70,0,636,0),(16008,71,0,636,0),(16009,151,0,636,0),(16010,163,0,636,0),(16019,46,0,638,1),(16020,54,0,638,1),(16021,69,0,638,1),(16022,70,0,638,0),(16023,71,0,638,0),(16024,151,0,638,0),(16025,163,0,638,0),(16026,46,0,639,1),(16027,54,0,639,1),(16028,69,0,639,1),(16029,70,0,639,0),(16030,71,0,639,0),(16031,151,0,639,0),(16032,163,0,639,0),(16033,46,0,640,1),(16034,54,0,640,1),(16035,69,0,640,1),(16036,70,0,640,0),(16037,71,0,640,0),(16038,151,0,640,0),(16039,163,0,640,0),(16040,46,0,641,1),(16041,54,0,641,1),(16042,69,0,641,1),(16043,70,0,641,0),(16044,71,0,641,0),(16045,151,0,641,0),(16046,163,0,641,0),(16047,46,0,642,1),(16048,54,0,642,1),(16049,69,0,642,1),(16050,70,0,642,0),(16051,71,0,642,0),(16052,151,0,642,0),(16053,163,0,642,0),(16054,46,0,643,1),(16055,54,0,643,1),(16056,69,0,643,1),(16057,70,0,643,0),(16058,71,0,643,0),(16059,151,0,643,0),(16060,163,0,643,0),(16061,46,0,644,1),(16062,54,0,644,1),(16063,69,0,644,1),(16064,70,0,644,0),(16065,71,0,644,0),(16066,151,0,644,0),(16067,163,0,644,0),(16068,46,0,645,1),(16069,54,0,645,1),(16070,69,0,645,1),(16071,70,0,645,0),(16072,71,0,645,0),(16073,151,0,645,0),(16074,163,0,645,0),(16075,46,0,646,1),(16076,54,0,646,1),(16077,69,0,646,1),(16078,70,0,646,0),(16079,71,0,646,0),(16080,151,0,646,0),(16081,163,0,646,0),(16082,46,0,647,1),(16083,54,0,647,1),(16084,69,0,647,1),(16085,70,0,647,0),(16086,71,0,647,0),(16087,151,0,647,0),(16088,163,0,647,0),(16089,46,0,648,1),(16090,54,0,648,1),(16091,69,0,648,1),(16092,70,0,648,0),(16093,71,0,648,0),(16094,151,0,648,0),(16095,163,0,648,0),(16096,46,0,649,1),(16097,54,0,649,1),(16098,69,0,649,1),(16099,70,0,649,0),(16100,71,0,649,0),(16101,151,0,649,0),(16102,163,0,649,0),(16103,46,0,650,1),(16104,54,0,650,1),(16105,69,0,650,1),(16106,70,0,650,0),(16107,71,0,650,0),(16108,151,0,650,0),(16109,163,0,650,0),(16110,46,0,651,1),(16111,54,0,651,1),(16112,69,0,651,1),(16113,70,0,651,0),(16114,71,0,651,0),(16115,151,0,651,0),(16116,163,0,651,0),(16117,46,0,652,1),(16118,54,0,652,1),(16119,69,0,652,1),(16120,70,0,652,0),(16121,71,0,652,0),(16122,151,0,652,0),(16123,163,0,652,0),(16124,46,0,653,1),(16125,54,0,653,1),(16126,69,0,653,1),(16127,70,0,653,0),(16128,71,0,653,0),(16129,151,0,653,0),(16130,163,0,653,0),(16131,46,0,654,1),(16132,54,0,654,1),(16133,69,0,654,1),(16134,70,0,654,0),(16135,71,0,654,0),(16136,151,0,654,0),(16137,163,0,654,0),(16138,46,0,655,1),(16139,54,0,655,1),(16140,69,0,655,1),(16141,70,0,655,0),(16142,71,0,655,0),(16143,151,0,655,0),(16144,163,0,655,0),(16145,46,0,656,1),(16146,54,0,656,1),(16147,69,0,656,1),(16148,70,0,656,0),(16149,71,0,656,0),(16150,151,0,656,0),(16151,163,0,656,0),(16152,46,0,657,1),(16153,54,0,657,1),(16154,69,0,657,1),(16155,70,0,657,0),(16156,71,0,657,0),(16157,151,0,657,0),(16158,163,0,657,0),(16159,46,0,658,1),(16160,54,0,658,1),(16161,69,0,658,1),(16162,70,0,658,0),(16163,71,0,658,0),(16164,151,0,658,0),(16165,163,0,658,0),(16166,46,0,659,1),(16167,54,0,659,1),(16168,69,0,659,1),(16169,70,0,659,0),(16170,71,0,659,0),(16171,151,0,659,0),(16172,163,0,659,0),(16173,46,0,660,1),(16174,54,0,660,1),(16175,69,0,660,1),(16176,70,0,660,0),(16177,71,0,660,0),(16178,151,0,660,0),(16179,163,0,660,0),(16180,46,0,661,1),(16181,54,0,661,1),(16182,69,0,661,1),(16183,70,0,661,0),(16184,71,0,661,0),(16185,151,0,661,0),(16186,163,0,661,0),(16187,46,0,662,1),(16188,54,0,662,1),(16189,69,0,662,1),(16190,70,0,662,0),(16191,71,0,662,0),(16192,151,0,662,0),(16193,163,0,662,0),(16194,46,0,663,1),(16195,54,0,663,1),(16196,69,0,663,1),(16197,70,0,663,0),(16198,71,0,663,0),(16199,151,0,663,0),(16200,163,0,663,0),(16201,46,0,664,1),(16202,54,0,664,1),(16203,69,0,664,1),(16204,70,0,664,0),(16205,71,0,664,0),(16206,151,0,664,0),(16207,163,0,664,0),(16208,46,0,665,1),(16209,54,0,665,1),(16210,69,0,665,1),(16211,70,0,665,0),(16212,71,0,665,0),(16213,151,0,665,0),(16214,163,0,665,0),(16215,46,0,666,1),(16216,54,0,666,1),(16217,69,0,666,1),(16218,70,0,666,0),(16219,71,0,666,0),(16220,151,0,666,0),(16221,163,0,666,0),(16222,46,0,667,1),(16223,54,0,667,1),(16224,69,0,667,1),(16225,70,0,667,0),(16226,71,0,667,0),(16227,151,0,667,0),(16228,163,0,667,0),(16229,46,0,668,1),(16230,54,0,668,1),(16231,69,0,668,1),(16232,70,0,668,0),(16233,71,0,668,0),(16234,151,0,668,0),(16235,163,0,668,0),(16236,46,0,669,1),(16237,54,0,669,1),(16238,69,0,669,1),(16239,70,0,669,0),(16240,71,0,669,0),(16241,151,0,669,0),(16242,163,0,669,0),(16243,46,0,670,1),(16244,54,0,670,1),(16245,69,0,670,1),(16246,70,0,670,0),(16247,71,0,670,0),(16248,151,0,670,0),(16249,163,0,670,0),(16250,46,0,671,1),(16251,54,0,671,1),(16252,69,0,671,1),(16253,70,0,671,0),(16254,71,0,671,0),(16255,151,0,671,0),(16256,163,0,671,0),(16257,53,0,226,NULL),(16258,163,0,226,0),(16259,46,0,672,1),(16260,54,0,672,1),(16261,69,0,672,1),(16262,70,0,672,0),(16263,71,0,672,0),(16264,151,0,672,0),(16265,163,0,672,0),(16266,46,0,673,1),(16267,54,0,673,1),(16268,69,0,673,1),(16269,70,0,673,0),(16270,71,0,673,0),(16271,151,0,673,0),(16272,163,0,673,0),(16273,46,0,674,1),(16274,54,0,674,1),(16275,69,0,674,1),(16276,70,0,674,0),(16277,71,0,674,0),(16278,151,0,674,0),(16279,163,0,674,0),(16280,46,0,675,1),(16281,54,0,675,1),(16282,69,0,675,1),(16283,70,0,675,0),(16284,71,0,675,0),(16285,151,0,675,0),(16286,163,0,675,0),(16287,163,0,36,0),(16288,163,0,35,0),(16289,46,0,676,1),(16290,54,0,676,1),(16291,69,0,676,1),(16292,70,0,676,0),(16293,71,0,676,0),(16294,151,0,676,0),(16295,163,0,676,0),(16296,46,0,677,1),(16297,54,0,677,1),(16298,69,0,677,1),(16299,70,0,677,0),(16300,71,0,677,0),(16301,151,0,677,0),(16302,163,0,677,0),(16303,46,0,678,1),(16304,54,0,678,1),(16305,69,0,678,1),(16306,70,0,678,0),(16307,71,0,678,0),(16308,151,0,678,0),(16309,163,0,678,0),(16310,46,0,679,1),(16311,54,0,679,1),(16312,69,0,679,1),(16313,70,0,679,0),(16314,71,0,679,0),(16315,151,0,679,0),(16316,163,0,679,0),(16317,163,0,60,0),(16318,46,0,680,1),(16319,54,0,680,1),(16320,69,0,680,1),(16321,70,0,680,0),(16322,71,0,680,0),(16323,151,0,680,0),(16324,163,0,680,0),(16325,46,0,681,1),(16326,54,0,681,1),(16327,69,0,681,1),(16328,70,0,681,0),(16329,71,0,681,0),(16330,151,0,681,0),(16331,163,0,681,0),(16332,46,0,682,1),(16333,54,0,682,1),(16334,69,0,682,1),(16335,70,0,682,0),(16336,71,0,682,0),(16337,151,0,682,0),(16338,163,0,682,0),(16339,46,0,683,1),(16340,54,0,683,1),(16341,69,0,683,1),(16342,70,0,683,0),(16343,71,0,683,0),(16344,151,0,683,0),(16345,163,0,683,0),(16353,46,0,685,1),(16354,54,0,685,1),(16355,69,0,685,1),(16356,70,0,685,0),(16357,71,0,685,0),(16358,151,0,685,0),(16359,163,0,685,0),(16360,46,0,686,1),(16361,54,0,686,1),(16362,69,0,686,1),(16363,70,0,686,0),(16364,71,0,686,0),(16365,151,0,686,0),(16366,163,0,686,0),(16367,46,0,687,1),(16368,54,0,687,1),(16369,69,0,687,1),(16370,70,0,687,0),(16371,71,0,687,0),(16372,151,0,687,0),(16373,163,0,687,0),(16374,46,0,688,1),(16375,54,0,688,1),(16376,69,0,688,1),(16377,70,0,688,0),(16378,71,0,688,0),(16379,151,0,688,0),(16380,163,0,688,0),(16381,46,0,689,1),(16382,54,0,689,1),(16383,69,0,689,1),(16384,70,0,689,0),(16385,71,0,689,0),(16386,151,0,689,0),(16387,163,0,689,0),(16388,46,0,690,1),(16389,54,0,690,1),(16390,69,0,690,1),(16391,70,0,690,0),(16392,71,0,690,0),(16393,151,0,690,0),(16394,163,0,690,0),(16395,53,0,688,NULL),(16396,46,0,691,1),(16397,54,0,691,1),(16398,69,0,691,1),(16399,70,0,691,0),(16400,71,0,691,0),(16401,151,0,691,0),(16402,163,0,691,0),(16411,46,0,693,1),(16412,54,0,693,1),(16413,69,0,693,1),(16414,70,0,693,0),(16415,71,0,693,0),(16416,151,0,693,0),(16417,163,0,693,0),(16418,46,0,694,1),(16419,54,0,694,1),(16420,69,0,694,1),(16421,70,0,694,0),(16422,71,0,694,0),(16423,151,0,694,0),(16424,163,0,694,0),(16425,46,0,695,1),(16426,54,0,695,1),(16427,69,0,695,1),(16428,70,0,695,0),(16429,71,0,695,0),(16430,151,0,695,0),(16431,163,0,695,1),(16432,46,0,696,1),(16433,54,0,696,1),(16434,69,0,696,1),(16435,70,0,696,0),(16436,71,0,696,0),(16437,151,0,696,0),(16438,163,0,696,0),(16439,53,0,696,NULL),(16440,46,0,697,1),(16441,54,0,697,1),(16442,69,0,697,1),(16443,70,0,697,0),(16444,71,0,697,0),(16445,151,0,697,0),(16446,163,0,697,0),(16447,46,0,698,1),(16448,54,0,698,1),(16449,69,0,698,1),(16450,70,0,698,0),(16451,71,0,698,0),(16452,151,0,698,0),(16453,163,0,698,0),(16454,46,0,699,1),(16455,54,0,699,1),(16456,69,0,699,1),(16457,70,0,699,0),(16458,71,0,699,0),(16459,151,0,699,0),(16460,163,0,699,0),(16461,46,0,700,1),(16462,54,0,700,1),(16463,69,0,700,1),(16464,70,0,700,0),(16465,71,0,700,0),(16466,151,0,700,0),(16467,163,0,700,0),(16468,53,0,700,NULL),(16469,46,0,701,1),(16470,54,0,701,1),(16471,69,0,701,1),(16472,70,0,701,0),(16473,71,0,701,0),(16474,151,0,701,0),(16475,163,0,701,0),(16476,46,0,702,1),(16477,54,0,702,1),(16478,69,0,702,1),(16479,70,0,702,0),(16480,71,0,702,0),(16481,151,0,702,0),(16482,163,0,702,0),(16483,46,0,703,1),(16484,54,0,703,1),(16485,69,0,703,1),(16486,70,0,703,0),(16487,71,0,703,0),(16488,151,0,703,0),(16489,163,0,703,0),(16490,46,0,704,1),(16491,54,0,704,1),(16492,69,0,704,1),(16493,70,0,704,0),(16494,71,0,704,0),(16495,151,0,704,0),(16496,163,0,704,0),(16497,46,0,705,1),(16498,54,0,705,1),(16499,69,0,705,1),(16500,70,0,705,0),(16501,71,0,705,0),(16502,151,0,705,0),(16503,163,0,705,0),(16504,53,0,705,NULL),(16505,46,0,706,1),(16506,54,0,706,1),(16507,69,0,706,1),(16508,70,0,706,0),(16509,71,0,706,0),(16510,151,0,706,0),(16511,163,0,706,0),(16512,46,0,707,1),(16513,54,0,707,1),(16514,69,0,707,1),(16515,70,0,707,0),(16516,71,0,707,0),(16517,151,0,707,0),(16518,163,0,707,0),(16519,46,0,708,1),(16520,54,0,708,1),(16521,69,0,708,1),(16522,70,0,708,0),(16523,71,0,708,0),(16524,151,0,708,0),(16525,163,0,708,0),(16526,46,0,709,1),(16527,54,0,709,1),(16528,69,0,709,1),(16529,70,0,709,0),(16530,71,0,709,0),(16531,151,0,709,0),(16532,163,0,709,0),(16533,46,0,710,1),(16534,54,0,710,1),(16535,69,0,710,1),(16536,70,0,710,0),(16537,71,0,710,0),(16538,151,0,710,0),(16539,163,0,710,0),(16540,46,0,711,1),(16541,54,0,711,1),(16542,69,0,711,1),(16543,70,0,711,0),(16544,71,0,711,0),(16545,151,0,711,0),(16546,163,0,711,0),(16547,46,0,712,1),(16548,54,0,712,1),(16549,69,0,712,1),(16550,70,0,712,0),(16551,71,0,712,0),(16552,151,0,712,0),(16553,163,0,712,0),(16554,46,0,713,1),(16555,54,0,713,1),(16556,69,0,713,1),(16557,70,0,713,0),(16558,71,0,713,0),(16559,151,0,713,0),(16560,163,0,713,0),(16561,53,0,712,NULL),(16562,46,0,714,1),(16563,54,0,714,1),(16564,69,0,714,1),(16565,70,0,714,0),(16566,71,0,714,0),(16567,151,0,714,0),(16568,163,0,714,0),(16569,46,0,715,1),(16570,54,0,715,1),(16571,69,0,715,1),(16572,70,0,715,0),(16573,71,0,715,0),(16574,151,0,715,0),(16575,163,0,715,0),(16576,46,0,716,1),(16577,54,0,716,1),(16578,69,0,716,1),(16579,70,0,716,0),(16580,71,0,716,0),(16581,151,0,716,0),(16582,163,0,716,0),(16583,53,0,716,NULL),(16584,46,0,717,1),(16585,54,0,717,1),(16586,69,0,717,1),(16587,70,0,717,0),(16588,71,0,717,0),(16589,151,0,717,0),(16590,163,0,717,0),(16591,46,0,718,1),(16592,54,0,718,1),(16593,69,0,718,1),(16594,70,0,718,0),(16595,71,0,718,0),(16596,151,0,718,0),(16597,163,0,718,0),(16598,46,0,719,1),(16599,54,0,719,1),(16600,69,0,719,1),(16601,70,0,719,0),(16602,71,0,719,0),(16603,151,0,719,0),(16604,163,0,719,0),(16605,46,0,720,1),(16606,54,0,720,1),(16607,69,0,720,1),(16608,70,0,720,0),(16609,71,0,720,0),(16610,151,0,720,0),(16611,163,0,720,0),(16612,53,0,720,NULL),(16620,46,0,722,1),(16621,54,0,722,1),(16622,69,0,722,1),(16623,70,0,722,0),(16624,71,0,722,0),(16625,151,0,722,0),(16626,163,0,722,0),(16627,46,0,723,1),(16628,54,0,723,1),(16629,69,0,723,1),(16630,70,0,723,0),(16631,71,0,723,0),(16632,151,0,723,0),(16633,163,0,723,0),(16634,46,0,724,1),(16635,54,0,724,1),(16636,69,0,724,1),(16637,70,0,724,0),(16638,71,0,724,0),(16639,151,0,724,0),(16640,163,0,724,0),(16641,46,0,725,1),(16642,54,0,725,1),(16643,69,0,725,1),(16644,70,0,725,0),(16645,71,0,725,0),(16646,151,0,725,0),(16647,163,0,725,0),(16648,46,0,726,1),(16649,54,0,726,1),(16650,69,0,726,1),(16651,70,0,726,0),(16652,71,0,726,0),(16653,151,0,726,0),(16654,163,0,726,0),(16655,46,0,727,1),(16656,54,0,727,1),(16657,69,0,727,1),(16658,70,0,727,0),(16659,71,0,727,0),(16660,151,0,727,0),(16661,163,0,727,0),(16662,46,0,728,1),(16663,54,0,728,1),(16664,69,0,728,1),(16665,70,0,728,0),(16666,71,0,728,0),(16667,151,0,728,0),(16668,163,0,728,0),(16669,53,0,724,NULL),(16670,53,0,726,NULL),(16692,46,0,732,1),(16693,54,0,732,1),(16694,69,0,732,1),(16695,70,0,732,0),(16696,71,0,732,0),(16697,151,0,732,0),(16698,163,0,732,0),(16706,46,0,734,1),(16707,54,0,734,1),(16708,69,0,734,1),(16709,70,0,734,0),(16710,71,0,734,0),(16711,151,0,734,0),(16712,163,0,734,0),(16720,46,0,736,1),(16721,54,0,736,1),(16722,69,0,736,1),(16723,70,0,736,0),(16724,71,0,736,0),(16725,151,0,736,0),(16726,163,0,736,0),(16727,46,0,737,1),(16728,54,0,737,1),(16729,69,0,737,1),(16730,70,0,737,0),(16731,71,0,737,0),(16732,151,0,737,0),(16733,163,0,737,0),(16734,46,0,738,1),(16735,54,0,738,1),(16736,69,0,738,1),(16737,70,0,738,0),(16738,71,0,738,0),(16739,151,0,738,0),(16740,163,0,738,0),(16748,46,0,740,1),(16749,54,0,740,1),(16750,69,0,740,1),(16751,70,0,740,0),(16752,71,0,740,0),(16753,151,0,740,0),(16754,163,0,740,0),(16763,46,0,742,1),(16764,54,0,742,1),(16765,69,0,742,1),(16766,70,0,742,0),(16767,71,0,742,0),(16768,151,0,742,0),(16769,163,0,742,0),(16777,46,0,744,1),(16778,54,0,744,1),(16779,69,0,744,1),(16780,70,0,744,0),(16781,71,0,744,0),(16782,151,0,744,0),(16783,163,0,744,0),(16791,46,0,746,1),(16792,54,0,746,1),(16793,69,0,746,1),(16794,70,0,746,0),(16795,71,0,746,0),(16796,151,0,746,0),(16797,163,0,746,0),(16805,46,0,748,1),(16806,54,0,748,1),(16807,69,0,748,1),(16808,70,0,748,0),(16809,71,0,748,0),(16810,151,0,748,0),(16811,163,0,748,0),(16812,46,0,749,1),(16813,54,0,749,1),(16814,69,0,749,1),(16815,70,0,749,0),(16816,71,0,749,0),(16817,151,0,749,0),(16818,163,0,749,0),(16819,53,0,749,NULL),(16820,46,0,750,1),(16821,54,0,750,1),(16822,69,0,750,1),(16823,70,0,750,0),(16824,71,0,750,0),(16825,151,0,750,0),(16826,163,0,750,0),(16827,46,0,751,1),(16828,54,0,751,1),(16829,69,0,751,1),(16830,70,0,751,0),(16831,71,0,751,0),(16832,151,0,751,0),(16833,163,0,751,0),(16834,53,0,751,NULL),(16835,53,0,565,NULL),(16837,53,0,695,NULL),(16838,46,3,593,1),(16839,69,3,593,1),(16840,163,3,593,0),(16841,46,3,592,1),(16842,69,3,592,1),(16843,163,3,592,1),(16844,46,3,575,1),(16845,69,3,575,1),(16846,163,3,575,1),(16847,46,3,695,1),(16848,69,3,695,1),(16849,163,3,695,0),(16850,46,3,618,1),(16851,69,3,618,1),(16852,163,3,618,0),(16853,46,3,615,1),(16854,69,3,615,1),(16855,163,3,615,1),(16859,53,0,468,NULL),(16860,53,0,63,NULL),(16861,151,0,63,0),(16862,163,0,63,0),(16863,53,0,456,NULL),(16865,163,4,468,0),(16880,46,0,754,1),(16881,54,0,754,1),(16882,69,0,754,1),(16883,70,0,754,0),(16884,71,0,754,0),(16885,151,0,754,0),(16886,163,0,754,0),(16887,46,0,755,1),(16888,54,0,755,1),(16889,69,0,755,1),(16890,70,0,755,0),(16891,71,0,755,0),(16892,151,0,755,0),(16893,163,0,755,0),(16894,46,0,756,1),(16895,54,0,756,1),(16896,69,0,756,1),(16897,70,0,756,0),(16898,71,0,756,0),(16899,151,0,756,0),(16900,163,0,756,1),(16901,46,0,757,1),(16902,54,0,757,1),(16903,69,0,757,1),(16904,70,0,757,0),(16905,71,0,757,0),(16906,151,0,757,0),(16907,163,0,757,1),(16908,46,0,758,1),(16909,54,0,758,1),(16910,69,0,758,1),(16911,70,0,758,0),(16912,71,0,758,0),(16913,151,0,758,0),(16914,163,0,758,1),(16915,46,0,759,1),(16916,54,0,759,1),(16917,69,0,759,1),(16918,70,0,759,0),(16919,71,0,759,0),(16920,151,0,759,0),(16921,163,0,759,0),(16922,46,0,760,1),(16923,54,0,760,1),(16924,69,0,760,1),(16925,70,0,760,0),(16926,71,0,760,0),(16927,151,0,760,0),(16928,163,0,760,0),(16929,46,0,761,1),(16930,54,0,761,1),(16931,69,0,761,1),(16932,70,0,761,0),(16933,71,0,761,0),(16934,151,0,761,0),(16935,163,0,761,0),(16936,46,0,762,1),(16937,54,0,762,1),(16938,69,0,762,1),(16939,70,0,762,0),(16940,71,0,762,0),(16941,151,0,762,0),(16942,163,0,762,0),(16943,163,3,569,0),(16944,53,0,508,NULL),(16945,53,0,754,NULL),(16946,53,0,755,NULL),(16947,53,0,756,NULL),(16948,53,0,757,NULL),(16949,53,0,758,NULL),(16957,163,3,508,0),(16958,163,3,627,0),(16959,46,3,566,1),(16960,69,3,566,1),(16961,163,3,566,1),(16962,53,0,711,NULL),(16963,46,3,568,1),(16964,69,3,568,0),(16965,163,3,568,0),(16966,46,3,565,1),(16967,69,3,565,1),(16968,163,3,565,0),(16969,46,3,625,1),(16970,69,3,625,1),(16971,163,3,625,1),(16972,46,1,164,1),(16973,69,1,164,0),(16974,46,0,764,1),(16975,54,0,764,1),(16976,69,0,764,1),(16977,70,0,764,0),(16978,71,0,764,0),(16979,151,0,764,0),(16980,163,0,764,1),(16981,53,0,764,NULL),(16982,46,0,765,1),(16983,54,0,765,1),(16984,69,0,765,1),(16985,70,0,765,0),(16986,71,0,765,0),(16987,151,0,765,0),(16988,163,0,765,1),(16989,46,0,766,1),(16990,54,0,766,1),(16991,69,0,766,1),(16992,70,0,766,0),(16993,71,0,766,0),(16994,151,0,766,0),(16995,163,0,766,1),(16996,53,0,766,NULL),(16997,46,0,767,1),(16998,54,0,767,1),(16999,69,0,767,1),(17000,70,0,767,0),(17001,71,0,767,0),(17002,151,0,767,0),(17003,163,0,767,1),(17004,53,0,765,NULL),(17005,53,0,170,NULL),(17006,151,0,170,0),(17007,163,0,170,1),(17008,163,0,165,1),(17009,53,0,718,NULL),(17010,46,0,768,1),(17011,54,0,768,1),(17012,69,0,768,1),(17013,70,0,768,0),(17014,71,0,768,0),(17015,151,0,768,0),(17016,163,0,768,0),(17017,163,4,456,1),(17025,46,0,770,1),(17026,54,0,770,1),(17027,69,0,770,1),(17028,70,0,770,0),(17029,71,0,770,0),(17030,151,0,770,0),(17031,163,0,770,0),(17032,46,0,771,1),(17033,54,0,771,1),(17034,69,0,771,1),(17035,70,0,771,0),(17036,71,0,771,0),(17037,151,0,771,0),(17038,163,0,771,0),(17039,53,0,771,NULL),(17040,46,0,772,1),(17041,54,0,772,1),(17042,69,0,772,1),(17043,70,0,772,0),(17044,71,0,772,0),(17045,151,0,772,0),(17046,163,0,772,0),(17047,46,0,773,1),(17048,54,0,773,1),(17049,69,0,773,1),(17050,70,0,773,0),(17051,71,0,773,0),(17052,151,0,773,0),(17053,163,0,773,0),(17054,46,0,774,1),(17055,54,0,774,1),(17056,69,0,774,1),(17057,70,0,774,0),(17058,71,0,774,0),(17059,151,0,774,0),(17060,163,0,774,0),(17061,46,0,775,1),(17062,54,0,775,1),(17063,69,0,775,1),(17064,70,0,775,0),(17065,71,0,775,0),(17066,151,0,775,0),(17067,163,0,775,0),(17068,46,0,776,1),(17069,54,0,776,1),(17070,69,0,776,1),(17071,70,0,776,0),(17072,71,0,776,0),(17073,151,0,776,0),(17074,163,0,776,0),(17075,53,0,776,NULL),(17076,46,0,777,1),(17077,54,0,777,1),(17078,69,0,777,1),(17079,70,0,777,0),(17080,71,0,777,0),(17081,151,0,777,0),(17082,163,0,777,0),(17083,46,0,778,1),(17084,54,0,778,1),(17085,69,0,778,1),(17086,70,0,778,0),(17087,71,0,778,0),(17088,151,0,778,0),(17089,163,0,778,0),(17090,46,0,779,1),(17091,54,0,779,1),(17092,69,0,779,1),(17093,70,0,779,0),(17094,71,0,779,0),(17095,151,0,779,0),(17096,163,0,779,0),(17097,46,0,780,1),(17098,54,0,780,1),(17099,69,0,780,1),(17100,70,0,780,0),(17101,71,0,780,0),(17102,151,0,780,0),(17103,163,0,780,0),(17104,46,0,781,1),(17105,54,0,781,1),(17106,69,0,781,1),(17107,70,0,781,0),(17108,71,0,781,0),(17109,151,0,781,0),(17110,163,0,781,0),(17111,46,0,782,1),(17112,54,0,782,1),(17113,69,0,782,1),(17114,70,0,782,0),(17115,71,0,782,0),(17116,151,0,782,0),(17117,163,0,782,0),(17118,46,0,783,1),(17119,54,0,783,1),(17120,69,0,783,1),(17121,70,0,783,0),(17122,71,0,783,0),(17123,151,0,783,0),(17124,163,0,783,0),(17125,46,0,784,1),(17126,54,0,784,1),(17127,69,0,784,1),(17128,70,0,784,0),(17129,71,0,784,0),(17130,151,0,784,0),(17131,163,0,784,0),(17132,46,0,785,1),(17133,54,0,785,1),(17134,69,0,785,1),(17135,70,0,785,0),(17136,71,0,785,0),(17137,151,0,785,0),(17138,163,0,785,0),(17139,46,0,786,1),(17140,54,0,786,1),(17141,69,0,786,1),(17142,70,0,786,0),(17143,71,0,786,0),(17144,151,0,786,0),(17145,163,0,786,0),(17146,46,0,787,1),(17147,54,0,787,1),(17148,69,0,787,1),(17149,70,0,787,0),(17150,71,0,787,0),(17151,151,0,787,0),(17152,163,0,787,0),(17153,46,0,788,1),(17154,54,0,788,1),(17155,69,0,788,1),(17156,70,0,788,0),(17157,71,0,788,0),(17158,151,0,788,0),(17159,163,0,788,0),(17160,53,0,788,NULL),(17161,46,0,789,1),(17162,54,0,789,1),(17163,69,0,789,1),(17164,70,0,789,0),(17165,71,0,789,0),(17166,151,0,789,0),(17167,163,0,789,0),(17168,46,0,790,1),(17169,54,0,790,1),(17170,69,0,790,1),(17171,70,0,790,0),(17172,71,0,790,0),(17173,151,0,790,0),(17174,163,0,790,0),(17175,46,0,791,1),(17176,54,0,791,1),(17177,69,0,791,1),(17178,70,0,791,0),(17179,71,0,791,0),(17180,151,0,791,0),(17181,163,0,791,0),(17182,46,0,792,1),(17183,54,0,792,1),(17184,69,0,792,1),(17185,70,0,792,0),(17186,71,0,792,0),(17187,151,0,792,0),(17188,163,0,792,0),(17189,46,0,793,1),(17190,54,0,793,1),(17191,69,0,793,1),(17192,70,0,793,0),(17193,71,0,793,0),(17194,151,0,793,0),(17195,163,0,793,0),(17196,46,0,794,1),(17197,54,0,794,1),(17198,69,0,794,1),(17199,70,0,794,0),(17200,71,0,794,0),(17201,151,0,794,0),(17202,163,0,794,0),(17203,46,0,795,1),(17204,54,0,795,1),(17205,69,0,795,1),(17206,70,0,795,0),(17207,71,0,795,0),(17208,151,0,795,0),(17209,163,0,795,0),(17210,46,0,796,1),(17211,54,0,796,1),(17212,69,0,796,1),(17213,70,0,796,0),(17214,71,0,796,0),(17215,151,0,796,0),(17216,163,0,796,0),(17217,46,0,797,1),(17218,54,0,797,1),(17219,69,0,797,1),(17220,70,0,797,0),(17221,71,0,797,0),(17222,151,0,797,0),(17223,163,0,797,0),(17224,46,0,798,1),(17225,54,0,798,1),(17226,69,0,798,1),(17227,70,0,798,0),(17228,71,0,798,0),(17229,151,0,798,0),(17230,163,0,798,0),(17231,46,0,799,1),(17232,54,0,799,1),(17233,69,0,799,1),(17234,70,0,799,0),(17235,71,0,799,0),(17236,151,0,799,0),(17237,163,0,799,0),(17238,46,0,800,1),(17239,54,0,800,1),(17240,69,0,800,1),(17241,70,0,800,0),(17242,71,0,800,0),(17243,151,0,800,0),(17244,163,0,800,0),(17245,46,0,801,1),(17246,54,0,801,1),(17247,69,0,801,1),(17248,70,0,801,0),(17249,71,0,801,0),(17250,151,0,801,0),(17251,163,0,801,0),(17252,46,0,802,1),(17253,54,0,802,1),(17254,69,0,802,1),(17255,70,0,802,0),(17256,71,0,802,0),(17257,151,0,802,0),(17258,163,0,802,0),(17259,46,0,803,1),(17260,54,0,803,1),(17261,69,0,803,1),(17262,70,0,803,0),(17263,71,0,803,0),(17264,151,0,803,0),(17265,163,0,803,0),(17266,53,0,803,NULL),(17267,46,0,804,1),(17268,54,0,804,1),(17269,69,0,804,1),(17270,70,0,804,0),(17271,71,0,804,0),(17272,151,0,804,0),(17273,163,0,804,0),(17274,46,0,805,1),(17275,54,0,805,1),(17276,69,0,805,1),(17277,70,0,805,0),(17278,71,0,805,0),(17279,151,0,805,0),(17280,163,0,805,0),(17281,46,0,806,1),(17282,54,0,806,1),(17283,69,0,806,1),(17284,70,0,806,0),(17285,71,0,806,0),(17286,151,0,806,0),(17287,163,0,806,0),(17288,46,0,807,1),(17289,54,0,807,1),(17290,69,0,807,1),(17291,70,0,807,0),(17292,71,0,807,0),(17293,151,0,807,0),(17294,163,0,807,0),(17295,46,0,808,1),(17296,54,0,808,1),(17297,69,0,808,1),(17298,70,0,808,0),(17299,71,0,808,0),(17300,151,0,808,0),(17301,163,0,808,0),(17302,46,0,809,1),(17303,54,0,809,1),(17304,69,0,809,1),(17305,70,0,809,0),(17306,71,0,809,0),(17307,151,0,809,0),(17308,163,0,809,0),(17309,46,0,810,1),(17310,54,0,810,1),(17311,69,0,810,1),(17312,70,0,810,0),(17313,71,0,810,0),(17314,151,0,810,0),(17315,163,0,810,0),(17316,46,0,811,1),(17317,54,0,811,1),(17318,69,0,811,1),(17319,70,0,811,0),(17320,71,0,811,0),(17321,151,0,811,0),(17322,163,0,811,0),(17323,53,0,811,NULL),(17324,46,0,812,1),(17325,54,0,812,1),(17326,69,0,812,1),(17327,70,0,812,0),(17328,71,0,812,0),(17329,151,0,812,0),(17330,163,0,812,0),(17331,46,0,813,1),(17332,54,0,813,1),(17333,69,0,813,1),(17334,70,0,813,0),(17335,71,0,813,0),(17336,151,0,813,0),(17337,163,0,813,0),(17338,46,0,814,1),(17339,54,0,814,1),(17340,69,0,814,1),(17341,70,0,814,0),(17342,71,0,814,0),(17343,151,0,814,0),(17344,163,0,814,0),(17345,46,0,815,1),(17346,54,0,815,1),(17347,69,0,815,1),(17348,70,0,815,0),(17349,71,0,815,0),(17350,151,0,815,0),(17351,163,0,815,0),(17352,46,0,816,1),(17353,54,0,816,1),(17354,69,0,816,1),(17355,70,0,816,0),(17356,71,0,816,0),(17357,151,0,816,0),(17358,163,0,816,0),(17359,46,0,817,1),(17360,54,0,817,1),(17361,69,0,817,1),(17362,70,0,817,0),(17363,71,0,817,0),(17364,151,0,817,0),(17365,163,0,817,0),(17366,53,0,807,NULL),(17367,53,0,817,NULL),(17368,46,0,818,1),(17369,54,0,818,1),(17370,69,0,818,1),(17371,70,0,818,0),(17372,71,0,818,0),(17373,151,0,818,0),(17374,163,0,818,0),(17375,53,0,818,NULL),(17376,53,0,805,NULL),(17377,46,0,819,1),(17378,54,0,819,1),(17379,69,0,819,1),(17380,70,0,819,0),(17381,71,0,819,0),(17382,151,0,819,0),(17383,163,0,819,0),(17384,46,0,820,1),(17385,54,0,820,1),(17386,69,0,820,1),(17387,70,0,820,0),(17388,71,0,820,0),(17389,151,0,820,0),(17390,163,0,820,0),(17391,46,0,821,1),(17392,54,0,821,1),(17393,69,0,821,1),(17394,70,0,821,0),(17395,71,0,821,0),(17396,151,0,821,0),(17397,163,0,821,0),(17398,46,0,822,1),(17399,54,0,822,1),(17400,69,0,822,1),(17401,70,0,822,0),(17402,71,0,822,0),(17403,151,0,822,0),(17404,163,0,822,0),(17405,46,0,823,1),(17406,54,0,823,1),(17407,69,0,823,1),(17408,70,0,823,0),(17409,71,0,823,0),(17410,151,0,823,0),(17411,163,0,823,0),(17412,46,0,824,1),(17413,54,0,824,1),(17414,69,0,824,1),(17415,70,0,824,0),(17416,71,0,824,0),(17417,151,0,824,0),(17418,163,0,824,0),(17419,46,0,825,1),(17420,54,0,825,1),(17421,69,0,825,1),(17422,70,0,825,0),(17423,71,0,825,0),(17424,151,0,825,0),(17425,163,0,825,0),(17426,46,0,826,1),(17427,54,0,826,1),(17428,69,0,826,1),(17429,70,0,826,0),(17430,71,0,826,0),(17431,151,0,826,0),(17432,163,0,826,0),(17433,46,0,827,1),(17434,54,0,827,1),(17435,69,0,827,1),(17436,70,0,827,0),(17437,71,0,827,0),(17438,151,0,827,0),(17439,163,0,827,0),(17440,46,0,828,1),(17441,54,0,828,1),(17442,69,0,828,1),(17443,70,0,828,0),(17444,71,0,828,0),(17445,151,0,828,0),(17446,163,0,828,0),(17447,46,0,829,1),(17448,54,0,829,1),(17449,69,0,829,1),(17450,70,0,829,0),(17451,71,0,829,0),(17452,151,0,829,0),(17453,163,0,829,0),(17454,53,0,808,NULL),(17455,46,0,830,1),(17456,54,0,830,1),(17457,69,0,830,1),(17458,70,0,830,0),(17459,71,0,830,0),(17460,151,0,830,0),(17461,163,0,830,0),(17462,46,0,831,1),(17463,54,0,831,1),(17464,69,0,831,1),(17465,70,0,831,0),(17466,71,0,831,0),(17467,151,0,831,0),(17468,163,0,831,0),(17469,46,0,832,1),(17470,54,0,832,1),(17471,69,0,832,1),(17472,70,0,832,0),(17473,71,0,832,0),(17474,151,0,832,0),(17475,163,0,832,0),(17476,46,0,833,1),(17477,54,0,833,1),(17478,69,0,833,1),(17479,70,0,833,0),(17480,71,0,833,0),(17481,151,0,833,0),(17482,163,0,833,0),(17483,46,0,834,1),(17484,54,0,834,1),(17485,69,0,834,1),(17486,70,0,834,0),(17487,71,0,834,0),(17488,151,0,834,0),(17489,163,0,834,0),(17490,46,0,835,1),(17491,54,0,835,1),(17492,69,0,835,1),(17493,70,0,835,0),(17494,71,0,835,0),(17495,151,0,835,0),(17496,163,0,835,0),(17497,46,0,836,1),(17498,54,0,836,1),(17499,69,0,836,1),(17500,70,0,836,0),(17501,71,0,836,0),(17502,151,0,836,0),(17503,163,0,836,0),(17504,46,0,837,1),(17505,54,0,837,1),(17506,69,0,837,1),(17507,70,0,837,0),(17508,71,0,837,0),(17509,151,0,837,0),(17510,163,0,837,0),(17511,46,0,838,1),(17512,54,0,838,1),(17513,69,0,838,1),(17514,70,0,838,0),(17515,71,0,838,0),(17516,151,0,838,0),(17517,163,0,838,0),(17518,46,0,839,1),(17519,54,0,839,1),(17520,69,0,839,1),(17521,70,0,839,0),(17522,71,0,839,0),(17523,151,0,839,0),(17524,163,0,839,0),(17525,46,0,840,1),(17526,54,0,840,1),(17527,69,0,840,1),(17528,70,0,840,0),(17529,71,0,840,0),(17530,151,0,840,0),(17531,163,0,840,0),(17532,46,0,841,1),(17533,54,0,841,1),(17534,69,0,841,1),(17535,70,0,841,0),(17536,71,0,841,0),(17537,151,0,841,0),(17538,163,0,841,0),(17539,46,0,842,1),(17540,54,0,842,1),(17541,69,0,842,1),(17542,70,0,842,0),(17543,71,0,842,0),(17544,151,0,842,0),(17545,163,0,842,0),(17546,46,0,843,1),(17547,54,0,843,1),(17548,69,0,843,1),(17549,70,0,843,0),(17550,71,0,843,0),(17551,151,0,843,0),(17552,163,0,843,0),(17553,46,0,844,1),(17554,54,0,844,1),(17555,69,0,844,1),(17556,70,0,844,0),(17557,71,0,844,0),(17558,151,0,844,0),(17559,163,0,844,0),(17560,53,0,844,NULL),(17561,46,0,845,1),(17562,54,0,845,1),(17563,69,0,845,1),(17564,70,0,845,0),(17565,71,0,845,0),(17566,151,0,845,0),(17567,163,0,845,0),(17568,46,0,846,1),(17569,54,0,846,1),(17570,69,0,846,1),(17571,70,0,846,0),(17572,71,0,846,0),(17573,151,0,846,0),(17574,163,0,846,0),(17575,46,0,847,1),(17576,54,0,847,1),(17577,69,0,847,1),(17578,70,0,847,0),(17579,71,0,847,0),(17580,151,0,847,0),(17581,163,0,847,0),(17582,46,0,848,1),(17583,54,0,848,1),(17584,69,0,848,1),(17585,70,0,848,0),(17586,71,0,848,0),(17587,151,0,848,0),(17588,163,0,848,0),(17589,46,0,849,1),(17590,54,0,849,1),(17591,69,0,849,1),(17592,70,0,849,0),(17593,71,0,849,0),(17594,151,0,849,0),(17595,163,0,849,0),(17596,46,0,850,1),(17597,54,0,850,1),(17598,69,0,850,1),(17599,70,0,850,0),(17600,71,0,850,0),(17601,151,0,850,0),(17602,163,0,850,0),(17603,46,0,851,1),(17604,54,0,851,1),(17605,69,0,851,1),(17606,70,0,851,0),(17607,71,0,851,0),(17608,151,0,851,0),(17609,163,0,851,0),(17610,46,0,852,1),(17611,54,0,852,1),(17612,69,0,852,1),(17613,70,0,852,0),(17614,71,0,852,0),(17615,151,0,852,0),(17616,163,0,852,0),(17617,46,0,853,1),(17618,54,0,853,1),(17619,69,0,853,1),(17620,70,0,853,0),(17621,71,0,853,0),(17622,151,0,853,0),(17623,163,0,853,0),(17624,46,0,854,1),(17625,54,0,854,1),(17626,69,0,854,1),(17627,70,0,854,0),(17628,71,0,854,0),(17629,151,0,854,0),(17630,163,0,854,0),(17631,46,0,855,1),(17632,54,0,855,1),(17633,69,0,855,1),(17634,70,0,855,0),(17635,71,0,855,0),(17636,151,0,855,0),(17637,163,0,855,0),(17638,46,0,856,1),(17639,54,0,856,1),(17640,69,0,856,1),(17641,70,0,856,0),(17642,71,0,856,0),(17643,151,0,856,0),(17644,163,0,856,0),(17645,46,0,857,1),(17646,54,0,857,1),(17647,69,0,857,1),(17648,70,0,857,0),(17649,71,0,857,0),(17650,151,0,857,0),(17651,163,0,857,0),(17652,46,0,858,1),(17653,54,0,858,1),(17654,69,0,858,1),(17655,70,0,858,0),(17656,71,0,858,0),(17657,151,0,858,0),(17658,163,0,858,0),(17659,46,0,859,1),(17660,54,0,859,1),(17661,69,0,859,1),(17662,70,0,859,0),(17663,71,0,859,0),(17664,151,0,859,0),(17665,163,0,859,0),(17666,53,0,859,NULL),(17667,46,0,860,1),(17668,54,0,860,1),(17669,69,0,860,1),(17670,70,0,860,0),(17671,71,0,860,0),(17672,151,0,860,0),(17673,163,0,860,0),(17674,46,0,861,1),(17675,54,0,861,1),(17676,69,0,861,1),(17677,70,0,861,0),(17678,71,0,861,0),(17679,151,0,861,0),(17680,163,0,861,0),(17681,46,0,862,1),(17682,54,0,862,1),(17683,69,0,862,1),(17684,70,0,862,0),(17685,71,0,862,0),(17686,151,0,862,0),(17687,163,0,862,0),(17688,46,0,863,1),(17689,54,0,863,1),(17690,69,0,863,1),(17691,70,0,863,0),(17692,71,0,863,0),(17693,151,0,863,0),(17694,163,0,863,0),(17695,46,0,864,1),(17696,54,0,864,1),(17697,69,0,864,1),(17698,70,0,864,0),(17699,71,0,864,0),(17700,151,0,864,0),(17701,163,0,864,0),(17702,46,0,865,1),(17703,54,0,865,1),(17704,69,0,865,1),(17705,70,0,865,0),(17706,71,0,865,0),(17707,151,0,865,0),(17708,163,0,865,0),(17709,46,0,866,1),(17710,54,0,866,1),(17711,69,0,866,1),(17712,70,0,866,0),(17713,71,0,866,0),(17714,151,0,866,0),(17715,163,0,866,0),(17716,46,0,867,1),(17717,54,0,867,1),(17718,69,0,867,1),(17719,70,0,867,0),(17720,71,0,867,0),(17721,151,0,867,0),(17722,163,0,867,0),(17723,53,0,863,NULL),(17724,46,0,868,1),(17725,54,0,868,1),(17726,69,0,868,1),(17727,70,0,868,0),(17728,71,0,868,0),(17729,151,0,868,0),(17730,163,0,868,0),(17731,53,0,864,NULL),(17732,46,0,869,1),(17733,54,0,869,1),(17734,69,0,869,1),(17735,70,0,869,0),(17736,71,0,869,0),(17737,151,0,869,0),(17738,163,0,869,0),(17739,46,0,870,1),(17740,54,0,870,1),(17741,69,0,870,1),(17742,70,0,870,0),(17743,71,0,870,0),(17744,151,0,870,0),(17745,163,0,870,0),(17746,46,0,871,1),(17747,54,0,871,1),(17748,69,0,871,1),(17749,70,0,871,0),(17750,71,0,871,0),(17751,151,0,871,0),(17752,163,0,871,0),(17753,46,0,872,1),(17754,54,0,872,1),(17755,69,0,872,1),(17756,70,0,872,0),(17757,71,0,872,0),(17758,151,0,872,0),(17759,163,0,872,0),(17760,46,0,873,1),(17761,54,0,873,1),(17762,69,0,873,1),(17763,70,0,873,0),(17764,71,0,873,0),(17765,151,0,873,0),(17766,163,0,873,0),(17767,46,0,874,1),(17768,54,0,874,1),(17769,69,0,874,1),(17770,70,0,874,0),(17771,71,0,874,0),(17772,151,0,874,0),(17773,163,0,874,0),(17774,46,0,875,1),(17775,54,0,875,1),(17776,69,0,875,1),(17777,70,0,875,0),(17778,71,0,875,0),(17779,151,0,875,0),(17780,163,0,875,0),(17781,46,0,876,1),(17782,54,0,876,1),(17783,69,0,876,1),(17784,70,0,876,0),(17785,71,0,876,0),(17786,151,0,876,0),(17787,163,0,876,0),(17788,46,0,877,1),(17789,54,0,877,1),(17790,69,0,877,1),(17791,70,0,877,0),(17792,71,0,877,0),(17793,151,0,877,0),(17794,163,0,877,0),(17795,46,0,878,1),(17796,54,0,878,1),(17797,69,0,878,1),(17798,70,0,878,0),(17799,71,0,878,0),(17800,151,0,878,0),(17801,163,0,878,0),(17802,46,0,879,1),(17803,54,0,879,1),(17804,69,0,879,1),(17805,70,0,879,0),(17806,71,0,879,0),(17807,151,0,879,0),(17808,163,0,879,0),(17809,46,0,880,1),(17810,54,0,880,1),(17811,69,0,880,1),(17812,70,0,880,0),(17813,71,0,880,0),(17814,151,0,880,0),(17815,163,0,880,0),(17816,46,0,881,1),(17817,54,0,881,1),(17818,69,0,881,1),(17819,70,0,881,0),(17820,71,0,881,0),(17821,151,0,881,0),(17822,163,0,881,0),(17823,46,0,882,1),(17824,54,0,882,1),(17825,69,0,882,1),(17826,70,0,882,0),(17827,71,0,882,0),(17828,151,0,882,0),(17829,163,0,882,0),(17830,46,0,883,1),(17831,54,0,883,1),(17832,69,0,883,1),(17833,70,0,883,0),(17834,71,0,883,0),(17835,151,0,883,0),(17836,163,0,883,0),(17837,46,0,884,1),(17838,54,0,884,1),(17839,69,0,884,1),(17840,70,0,884,0),(17841,71,0,884,0),(17842,151,0,884,0),(17843,163,0,884,0),(17844,46,0,885,1),(17845,54,0,885,1),(17846,69,0,885,1),(17847,70,0,885,0),(17848,71,0,885,0),(17849,151,0,885,0),(17850,163,0,885,0),(17851,46,0,886,1),(17852,54,0,886,1),(17853,69,0,886,1),(17854,70,0,886,0),(17855,71,0,886,0),(17856,151,0,886,0),(17857,163,0,886,0),(17858,53,0,886,NULL),(17859,46,0,887,1),(17860,54,0,887,1),(17861,69,0,887,1),(17862,70,0,887,0),(17863,71,0,887,0),(17864,151,0,887,0),(17865,163,0,887,0),(17866,46,0,888,1),(17867,54,0,888,1),(17868,69,0,888,1),(17869,70,0,888,0),(17870,71,0,888,0),(17871,151,0,888,0),(17872,163,0,888,0),(17873,46,0,889,1),(17874,54,0,889,1),(17875,69,0,889,1),(17876,70,0,889,0),(17877,71,0,889,0),(17878,151,0,889,0),(17879,163,0,889,0),(17880,46,0,890,1),(17881,54,0,890,1),(17882,69,0,890,1),(17883,70,0,890,0),(17884,71,0,890,0),(17885,151,0,890,0),(17886,163,0,890,0),(17887,46,0,891,1),(17888,54,0,891,1),(17889,69,0,891,1),(17890,70,0,891,0),(17891,71,0,891,0),(17892,151,0,891,0),(17893,163,0,891,0),(17894,46,0,892,1),(17895,54,0,892,1),(17896,69,0,892,1),(17897,70,0,892,0),(17898,71,0,892,0),(17899,151,0,892,0),(17900,163,0,892,0),(17901,46,0,893,1),(17902,54,0,893,1),(17903,69,0,893,1),(17904,70,0,893,0),(17905,71,0,893,0),(17906,151,0,893,0),(17907,163,0,893,0),(17908,46,0,894,1),(17909,54,0,894,1),(17910,69,0,894,1),(17911,70,0,894,0),(17912,71,0,894,0),(17913,151,0,894,0),(17914,163,0,894,0),(17915,46,0,895,1),(17916,54,0,895,1),(17917,69,0,895,1),(17918,70,0,895,0),(17919,71,0,895,0),(17920,151,0,895,0),(17921,163,0,895,0),(17922,53,0,895,NULL),(17923,46,0,896,1),(17924,54,0,896,1),(17925,69,0,896,1),(17926,70,0,896,0),(17927,71,0,896,0),(17928,151,0,896,0),(17929,163,0,896,0),(17930,53,0,896,NULL),(17931,46,0,897,1),(17932,54,0,897,1),(17933,69,0,897,1),(17934,70,0,897,0),(17935,71,0,897,0),(17936,151,0,897,0),(17937,163,0,897,0),(17938,46,0,898,1),(17939,54,0,898,1),(17940,69,0,898,1),(17941,70,0,898,0),(17942,71,0,898,0),(17943,151,0,898,0),(17944,163,0,898,0),(17945,46,0,899,1),(17946,54,0,899,1),(17947,69,0,899,1),(17948,70,0,899,0),(17949,71,0,899,0),(17950,151,0,899,0),(17951,163,0,899,0),(17952,53,0,899,NULL),(17953,46,0,900,1),(17954,54,0,900,1),(17955,69,0,900,1),(17956,70,0,900,0),(17957,71,0,900,0),(17958,151,0,900,0),(17959,163,0,900,0),(17960,46,0,901,1),(17961,54,0,901,1),(17962,69,0,901,1),(17963,70,0,901,0),(17964,71,0,901,0),(17965,151,0,901,0),(17966,163,0,901,0),(17967,46,0,902,1),(17968,54,0,902,1),(17969,69,0,902,1),(17970,70,0,902,0),(17971,71,0,902,0),(17972,151,0,902,0),(17973,163,0,902,0),(17974,53,0,902,NULL),(17975,46,0,903,1),(17976,54,0,903,1),(17977,69,0,903,1),(17978,70,0,903,0),(17979,71,0,903,0),(17980,151,0,903,0),(17981,163,0,903,0),(18003,46,0,907,1),(18004,54,0,907,1),(18005,69,0,907,1),(18006,70,0,907,0),(18007,71,0,907,0),(18008,151,0,907,0),(18009,163,0,907,0),(18010,46,0,908,1),(18011,54,0,908,1),(18012,69,0,908,1),(18013,70,0,908,0),(18014,71,0,908,0),(18015,151,0,908,0),(18016,163,0,908,0),(18017,46,0,909,1),(18018,54,0,909,1),(18019,69,0,909,1),(18020,70,0,909,0),(18021,71,0,909,0),(18022,151,0,909,0),(18023,163,0,909,0),(18024,46,0,910,1),(18025,54,0,910,1),(18026,69,0,910,1),(18027,70,0,910,0),(18028,71,0,910,0),(18029,151,0,910,0),(18030,163,0,910,0),(18031,53,0,910,NULL),(18032,53,0,767,NULL),(18033,46,0,911,1),(18034,54,0,911,1),(18035,69,0,911,1),(18036,70,0,911,0),(18037,71,0,911,0),(18038,151,0,911,0),(18039,163,0,911,0),(18040,46,0,912,1),(18041,54,0,912,1),(18042,69,0,912,1),(18043,70,0,912,0),(18044,71,0,912,0),(18045,151,0,912,0),(18046,163,0,912,0),(18047,46,0,913,1),(18048,54,0,913,1),(18049,69,0,913,1),(18050,70,0,913,0),(18051,71,0,913,0),(18052,151,0,913,0),(18053,163,0,913,0),(18054,46,0,914,1),(18055,54,0,914,1),(18056,69,0,914,1),(18057,70,0,914,0),(18058,71,0,914,0),(18059,151,0,914,0),(18060,163,0,914,0),(18061,46,0,915,1),(18062,54,0,915,1),(18063,69,0,915,1),(18064,70,0,915,0),(18065,71,0,915,0),(18066,151,0,915,0),(18067,163,0,915,0),(18068,46,0,916,1),(18069,54,0,916,1),(18070,69,0,916,1),(18071,70,0,916,0),(18072,71,0,916,0),(18073,151,0,916,0),(18074,163,0,916,0),(18075,46,0,917,1),(18076,54,0,917,1),(18077,69,0,917,1),(18078,70,0,917,0),(18079,71,0,917,0),(18080,151,0,917,0),(18081,163,0,917,0),(18082,46,0,918,1),(18083,54,0,918,1),(18084,69,0,918,1),(18085,70,0,918,0),(18086,71,0,918,0),(18087,151,0,918,0),(18088,163,0,918,0),(18089,46,0,919,1),(18090,54,0,919,1),(18091,69,0,919,1),(18092,70,0,919,0),(18093,71,0,919,0),(18094,151,0,919,0),(18095,163,0,919,0),(18096,46,0,920,1),(18097,54,0,920,1),(18098,69,0,920,1),(18099,70,0,920,0),(18100,71,0,920,0),(18101,151,0,920,0),(18102,163,0,920,0),(18103,46,0,921,1),(18104,54,0,921,1),(18105,69,0,921,1),(18106,70,0,921,0),(18107,71,0,921,0),(18108,151,0,921,0),(18109,163,0,921,0),(18110,46,0,922,1),(18111,54,0,922,1),(18112,69,0,922,1),(18113,70,0,922,0),(18114,71,0,922,0),(18115,151,0,922,0),(18116,163,0,922,0),(18117,46,0,923,1),(18118,54,0,923,1),(18119,69,0,923,1),(18120,70,0,923,0),(18121,71,0,923,0),(18122,151,0,923,0),(18123,163,0,923,0),(18124,46,0,924,1),(18125,54,0,924,1),(18126,69,0,924,1),(18127,70,0,924,0),(18128,71,0,924,0),(18129,151,0,924,0),(18130,163,0,924,0),(18131,46,0,925,1),(18132,54,0,925,1),(18133,69,0,925,1),(18134,70,0,925,0),(18135,71,0,925,0),(18136,151,0,925,0),(18137,163,0,925,0),(18138,46,0,926,1),(18139,54,0,926,1),(18140,69,0,926,1),(18141,70,0,926,0),(18142,71,0,926,0),(18143,151,0,926,0),(18144,163,0,926,0),(18145,46,0,927,1),(18146,54,0,927,1),(18147,69,0,927,1),(18148,70,0,927,0),(18149,71,0,927,0),(18150,151,0,927,0),(18151,163,0,927,0),(18152,46,0,928,1),(18153,54,0,928,1),(18154,69,0,928,1),(18155,70,0,928,0),(18156,71,0,928,0),(18157,151,0,928,0),(18158,163,0,928,0),(18159,46,0,929,1),(18160,54,0,929,1),(18161,69,0,929,1),(18162,70,0,929,0),(18163,71,0,929,0),(18164,151,0,929,0),(18165,163,0,929,0),(18166,46,0,930,1),(18167,54,0,930,1),(18168,69,0,930,1),(18169,70,0,930,0),(18170,71,0,930,0),(18171,151,0,930,0),(18172,163,0,930,0),(18173,46,0,931,1),(18174,54,0,931,1),(18175,69,0,931,1),(18176,70,0,931,0),(18177,71,0,931,0),(18178,151,0,931,0),(18179,163,0,931,0),(18180,46,0,932,1),(18181,54,0,932,1),(18182,69,0,932,1),(18183,70,0,932,0),(18184,71,0,932,0),(18185,151,0,932,0),(18186,163,0,932,0),(18187,46,0,933,1),(18188,54,0,933,1),(18189,69,0,933,1),(18190,70,0,933,0),(18191,71,0,933,0),(18192,151,0,933,0),(18193,163,0,933,0),(18194,46,0,934,1),(18195,54,0,934,1),(18196,69,0,934,1),(18197,70,0,934,0),(18198,71,0,934,0),(18199,151,0,934,0),(18200,163,0,934,0),(18201,46,0,935,1),(18202,54,0,935,1),(18203,69,0,935,1),(18204,70,0,935,0),(18205,71,0,935,0),(18206,151,0,935,0),(18207,163,0,935,0),(18208,46,0,936,1),(18209,54,0,936,1),(18210,69,0,936,1),(18211,70,0,936,0),(18212,71,0,936,0),(18213,151,0,936,0),(18214,163,0,936,0),(18215,46,0,937,1),(18216,54,0,937,1),(18217,69,0,937,1),(18218,70,0,937,0),(18219,71,0,937,0),(18220,151,0,937,0),(18221,163,0,937,0),(18222,46,0,938,1),(18223,54,0,938,1),(18224,69,0,938,1),(18225,70,0,938,0),(18226,71,0,938,0),(18227,151,0,938,0),(18228,163,0,938,0),(18229,46,0,939,1),(18230,54,0,939,1),(18231,69,0,939,1),(18232,70,0,939,0),(18233,71,0,939,0),(18234,151,0,939,0),(18235,163,0,939,0),(18236,46,0,940,1),(18237,54,0,940,1),(18238,69,0,940,1),(18239,70,0,940,0),(18240,71,0,940,0),(18241,151,0,940,0),(18242,163,0,940,0),(18243,46,0,941,1),(18244,54,0,941,1),(18245,69,0,941,1),(18246,70,0,941,0),(18247,71,0,941,0),(18248,151,0,941,0),(18249,163,0,941,0),(18250,53,0,941,NULL),(18251,53,0,937,NULL),(18252,46,0,942,1),(18253,54,0,942,1),(18254,69,0,942,1),(18255,70,0,942,0),(18256,71,0,942,0),(18257,151,0,942,0),(18258,163,0,942,0),(18259,46,0,943,1),(18260,54,0,943,1),(18261,69,0,943,1),(18262,70,0,943,0),(18263,71,0,943,0),(18264,151,0,943,0),(18265,163,0,943,0),(18266,46,0,944,1),(18267,54,0,944,1),(18268,69,0,944,1),(18269,70,0,944,0),(18270,71,0,944,0),(18271,151,0,944,0),(18272,163,0,944,0),(18273,46,0,945,1),(18274,54,0,945,1),(18275,69,0,945,1),(18276,70,0,945,0),(18277,71,0,945,0),(18278,151,0,945,0),(18279,163,0,945,0),(18280,46,0,946,1),(18281,54,0,946,1),(18282,69,0,946,1),(18283,70,0,946,0),(18284,71,0,946,0),(18285,151,0,946,0),(18286,163,0,946,0),(18287,53,0,946,NULL),(18288,46,0,947,1),(18289,54,0,947,1),(18290,69,0,947,1),(18291,70,0,947,0),(18292,71,0,947,0),(18293,151,0,947,0),(18294,163,0,947,0),(18295,46,0,948,1),(18296,54,0,948,1),(18297,69,0,948,1),(18298,70,0,948,0),(18299,71,0,948,0),(18300,151,0,948,0),(18301,163,0,948,0),(18302,46,0,949,1),(18303,54,0,949,1),(18304,69,0,949,1),(18305,70,0,949,0),(18306,71,0,949,0),(18307,151,0,949,0),(18308,163,0,949,0),(18309,46,0,950,1),(18310,54,0,950,1),(18311,69,0,950,1),(18312,70,0,950,0),(18313,71,0,950,0),(18314,151,0,950,0),(18315,163,0,950,0),(18316,46,0,951,1),(18317,54,0,951,1),(18318,69,0,951,1),(18319,70,0,951,0),(18320,71,0,951,0),(18321,151,0,951,0),(18322,163,0,951,0),(18323,46,0,952,1),(18324,54,0,952,1),(18325,69,0,952,1),(18326,70,0,952,0),(18327,71,0,952,0),(18328,151,0,952,0),(18329,163,0,952,0),(18330,46,0,953,1),(18331,54,0,953,1),(18332,69,0,953,1),(18333,70,0,953,0),(18334,71,0,953,0),(18335,151,0,953,0),(18336,163,0,953,0),(18337,46,0,954,1),(18338,54,0,954,1),(18339,69,0,954,1),(18340,70,0,954,0),(18341,71,0,954,0),(18342,151,0,954,0),(18343,163,0,954,0),(18344,46,0,955,1),(18345,54,0,955,1),(18346,69,0,955,1),(18347,70,0,955,0),(18348,71,0,955,0),(18349,151,0,955,0),(18350,163,0,955,0),(18351,46,0,956,1),(18352,54,0,956,1),(18353,69,0,956,1),(18354,70,0,956,0),(18355,71,0,956,0),(18356,151,0,956,0),(18357,163,0,956,0),(18358,46,0,957,1),(18359,54,0,957,1),(18360,69,0,957,1),(18361,70,0,957,0),(18362,71,0,957,0),(18363,151,0,957,0),(18364,163,0,957,0),(18365,46,0,958,1),(18366,54,0,958,1),(18367,69,0,958,1),(18368,70,0,958,0),(18369,71,0,958,0),(18370,151,0,958,0),(18371,163,0,958,0),(18372,46,0,959,1),(18373,54,0,959,1),(18374,69,0,959,1),(18375,70,0,959,0),(18376,71,0,959,0),(18377,151,0,959,0),(18378,163,0,959,0),(18379,46,0,960,1),(18380,54,0,960,1),(18381,69,0,960,1),(18382,70,0,960,0),(18383,71,0,960,0),(18384,151,0,960,0),(18385,163,0,960,0),(18386,46,0,961,1),(18387,54,0,961,1),(18388,69,0,961,1),(18389,70,0,961,0),(18390,71,0,961,0),(18391,151,0,961,0),(18392,163,0,961,0),(18393,46,0,962,1),(18394,54,0,962,1),(18395,69,0,962,1),(18396,70,0,962,0),(18397,71,0,962,0),(18398,151,0,962,0),(18399,163,0,962,0),(18400,46,0,963,1),(18401,54,0,963,1),(18402,69,0,963,1),(18403,70,0,963,0),(18404,71,0,963,0),(18405,151,0,963,0),(18406,163,0,963,0),(18407,46,0,964,1),(18408,54,0,964,1),(18409,69,0,964,1),(18410,70,0,964,0),(18411,71,0,964,0),(18412,151,0,964,0),(18413,163,0,964,0),(18414,46,0,965,1),(18415,54,0,965,1),(18416,69,0,965,1),(18417,70,0,965,0),(18418,71,0,965,0),(18419,151,0,965,0),(18420,163,0,965,0),(18421,46,0,966,1),(18422,54,0,966,1),(18423,69,0,966,1),(18424,70,0,966,0),(18425,71,0,966,0),(18426,151,0,966,0),(18427,163,0,966,0),(18428,46,0,967,1),(18429,54,0,967,1),(18430,69,0,967,1),(18431,70,0,967,0),(18432,71,0,967,0),(18433,151,0,967,0),(18434,163,0,967,0),(18435,46,0,968,1),(18436,54,0,968,1),(18437,69,0,968,1),(18438,70,0,968,0),(18439,71,0,968,0),(18440,151,0,968,0),(18441,163,0,968,0),(18442,46,0,969,1),(18443,54,0,969,1),(18444,69,0,969,1),(18445,70,0,969,0),(18446,71,0,969,0),(18447,151,0,969,0),(18448,163,0,969,0),(18449,46,0,970,1),(18450,54,0,970,1),(18451,69,0,970,1),(18452,70,0,970,0),(18453,71,0,970,0),(18454,151,0,970,0),(18455,163,0,970,0),(18456,46,0,971,1),(18457,54,0,971,1),(18458,69,0,971,1),(18459,70,0,971,0),(18460,71,0,971,0),(18461,151,0,971,0),(18462,163,0,971,0),(18463,46,0,972,1),(18464,54,0,972,1),(18465,69,0,972,1),(18466,70,0,972,0),(18467,71,0,972,0),(18468,151,0,972,0),(18469,163,0,972,0),(18470,46,0,973,1),(18471,54,0,973,1),(18472,69,0,973,1),(18473,70,0,973,0),(18474,71,0,973,0),(18475,151,0,973,0),(18476,163,0,973,0),(18477,53,0,973,NULL),(18478,46,0,974,1),(18479,54,0,974,1),(18480,69,0,974,1),(18481,70,0,974,0),(18482,71,0,974,0),(18483,151,0,974,0),(18484,163,0,974,0),(18485,46,0,975,1),(18486,54,0,975,1),(18487,69,0,975,1),(18488,70,0,975,0),(18489,71,0,975,0),(18490,151,0,975,0),(18491,163,0,975,0),(18492,46,0,976,1),(18493,54,0,976,1),(18494,69,0,976,1),(18495,70,0,976,0),(18496,71,0,976,0),(18497,151,0,976,0),(18498,163,0,976,0),(18499,46,0,977,1),(18500,54,0,977,1),(18501,69,0,977,1),(18502,70,0,977,0),(18503,71,0,977,0),(18504,151,0,977,0),(18505,163,0,977,0),(18506,46,0,978,1),(18507,54,0,978,1),(18508,69,0,978,1),(18509,70,0,978,0),(18510,71,0,978,0),(18511,151,0,978,0),(18512,163,0,978,0),(18513,46,0,979,1),(18514,54,0,979,1),(18515,69,0,979,1),(18516,70,0,979,0),(18517,71,0,979,0),(18518,151,0,979,0),(18519,163,0,979,0),(18520,46,0,980,1),(18521,54,0,980,1),(18522,69,0,980,1),(18523,70,0,980,0),(18524,71,0,980,0),(18525,151,0,980,0),(18526,163,0,980,0),(18527,46,0,981,1),(18528,54,0,981,1),(18529,69,0,981,1),(18530,70,0,981,0),(18531,71,0,981,0),(18532,151,0,981,0),(18533,163,0,981,0),(18534,46,0,982,1),(18535,54,0,982,1),(18536,69,0,982,1),(18537,70,0,982,0),(18538,71,0,982,0),(18539,151,0,982,0),(18540,163,0,982,0),(18541,46,0,983,1),(18542,54,0,983,1),(18543,69,0,983,1),(18544,70,0,983,0),(18545,71,0,983,0),(18546,151,0,983,0),(18547,163,0,983,0),(18548,46,0,984,1),(18549,54,0,984,1),(18550,69,0,984,1),(18551,70,0,984,0),(18552,71,0,984,0),(18553,151,0,984,0),(18554,163,0,984,0),(18555,46,0,985,1),(18556,54,0,985,1),(18557,69,0,985,1),(18558,70,0,985,0),(18559,71,0,985,0),(18560,151,0,985,0),(18561,163,0,985,0),(18562,46,0,986,1),(18563,54,0,986,1),(18564,69,0,986,1),(18565,70,0,986,0),(18566,71,0,986,0),(18567,151,0,986,0),(18568,163,0,986,0),(18569,46,0,987,1),(18570,54,0,987,1),(18571,69,0,987,1),(18572,70,0,987,0),(18573,71,0,987,0),(18574,151,0,987,0),(18575,163,0,987,0),(18576,46,0,988,1),(18577,54,0,988,1),(18578,69,0,988,1),(18579,70,0,988,0),(18580,71,0,988,0),(18581,151,0,988,0),(18582,163,0,988,0),(18583,46,0,989,1),(18584,54,0,989,1),(18585,69,0,989,1),(18586,70,0,989,0),(18587,71,0,989,0),(18588,151,0,989,0),(18589,163,0,989,0),(18590,46,0,990,1),(18591,54,0,990,1),(18592,69,0,990,1),(18593,70,0,990,0),(18594,71,0,990,0),(18595,151,0,990,0),(18596,163,0,990,0),(18597,46,0,991,1),(18598,54,0,991,1),(18599,69,0,991,1),(18600,70,0,991,0),(18601,71,0,991,0),(18602,151,0,991,0),(18603,163,0,991,0),(18604,46,0,992,1),(18605,54,0,992,1),(18606,69,0,992,1),(18607,70,0,992,0),(18608,71,0,992,0),(18609,151,0,992,0),(18610,163,0,992,0),(18611,46,0,993,1),(18612,54,0,993,1),(18613,69,0,993,1),(18614,70,0,993,0),(18615,71,0,993,0),(18616,151,0,993,0),(18617,163,0,993,0),(18618,46,0,994,1),(18619,54,0,994,1),(18620,69,0,994,1),(18621,70,0,994,0),(18622,71,0,994,0),(18623,151,0,994,0),(18624,163,0,994,0),(18625,53,0,994,NULL),(18626,46,0,995,1),(18627,54,0,995,1),(18628,69,0,995,1),(18629,70,0,995,0),(18630,71,0,995,0),(18631,151,0,995,0),(18632,163,0,995,0),(18633,46,0,996,1),(18634,54,0,996,1),(18635,69,0,996,1),(18636,70,0,996,0),(18637,71,0,996,0),(18638,151,0,996,0),(18639,163,0,996,0),(18640,46,0,997,1),(18641,54,0,997,1),(18642,69,0,997,1),(18643,70,0,997,0),(18644,71,0,997,0),(18645,151,0,997,0),(18646,163,0,997,0),(18647,46,0,998,1),(18648,54,0,998,1),(18649,69,0,998,1),(18650,70,0,998,0),(18651,71,0,998,0),(18652,151,0,998,0),(18653,163,0,998,0),(18654,46,0,999,1),(18655,54,0,999,1),(18656,69,0,999,1),(18657,70,0,999,0),(18658,71,0,999,0),(18659,151,0,999,0),(18660,163,0,999,0),(18661,46,0,1000,1),(18662,54,0,1000,1),(18663,69,0,1000,1),(18664,70,0,1000,0),(18665,71,0,1000,0),(18666,151,0,1000,0),(18667,163,0,1000,0),(18668,46,0,1001,1),(18669,54,0,1001,1),(18670,69,0,1001,1),(18671,70,0,1001,0),(18672,71,0,1001,0),(18673,151,0,1001,0),(18674,163,0,1001,0),(18675,46,0,1002,1),(18676,54,0,1002,1),(18677,69,0,1002,1),(18678,70,0,1002,0),(18679,71,0,1002,0),(18680,151,0,1002,0),(18681,163,0,1002,0),(18682,46,0,1003,1),(18683,54,0,1003,1),(18684,69,0,1003,1),(18685,70,0,1003,0),(18686,71,0,1003,0),(18687,151,0,1003,0),(18688,163,0,1003,0),(18689,46,0,1004,1),(18690,54,0,1004,1),(18691,69,0,1004,1),(18692,70,0,1004,0),(18693,71,0,1004,0),(18694,151,0,1004,0),(18695,163,0,1004,0),(18696,46,0,1005,1),(18697,54,0,1005,1),(18698,69,0,1005,1),(18699,70,0,1005,0),(18700,71,0,1005,0),(18701,151,0,1005,0),(18702,163,0,1005,0),(18703,46,0,1006,1),(18704,54,0,1006,1),(18705,69,0,1006,1),(18706,70,0,1006,0),(18707,71,0,1006,0),(18708,151,0,1006,0),(18709,163,0,1006,0),(18710,46,0,1007,1),(18711,54,0,1007,1),(18712,69,0,1007,1),(18713,70,0,1007,0),(18714,71,0,1007,0),(18715,151,0,1007,0),(18716,163,0,1007,0),(18717,53,0,1007,NULL),(18718,46,0,1008,1),(18719,54,0,1008,1),(18720,69,0,1008,1),(18721,70,0,1008,0),(18722,71,0,1008,0),(18723,151,0,1008,0),(18724,163,0,1008,0),(18725,46,0,1009,1),(18726,54,0,1009,1),(18727,69,0,1009,1),(18728,70,0,1009,0),(18729,71,0,1009,0),(18730,151,0,1009,0),(18731,163,0,1009,0),(18732,46,0,1010,1),(18733,54,0,1010,1),(18734,69,0,1010,1),(18735,70,0,1010,0),(18736,71,0,1010,0),(18737,151,0,1010,0),(18738,163,0,1010,0),(18739,46,0,1011,1),(18740,54,0,1011,1),(18741,69,0,1011,1),(18742,70,0,1011,0),(18743,71,0,1011,0),(18744,151,0,1011,0),(18745,163,0,1011,0),(18746,46,0,1012,1),(18747,54,0,1012,1),(18748,69,0,1012,1),(18749,70,0,1012,0),(18750,71,0,1012,0),(18751,151,0,1012,0),(18752,163,0,1012,0),(18753,53,0,1012,NULL),(18754,46,0,1013,1),(18755,54,0,1013,1),(18756,69,0,1013,1),(18757,70,0,1013,0),(18758,71,0,1013,0),(18759,151,0,1013,0),(18760,163,0,1013,0),(18761,46,0,1014,1),(18762,54,0,1014,1),(18763,69,0,1014,1),(18764,70,0,1014,0),(18765,71,0,1014,0),(18766,151,0,1014,0),(18767,163,0,1014,0),(18768,46,0,1015,1),(18769,54,0,1015,1),(18770,69,0,1015,1),(18771,70,0,1015,0),(18772,71,0,1015,0),(18773,151,0,1015,0),(18774,163,0,1015,0),(18775,46,0,1016,1),(18776,54,0,1016,1),(18777,69,0,1016,1),(18778,70,0,1016,0),(18779,71,0,1016,0),(18780,151,0,1016,0),(18781,163,0,1016,0),(18782,46,0,1017,1),(18783,54,0,1017,1),(18784,69,0,1017,1),(18785,70,0,1017,0),(18786,71,0,1017,0),(18787,151,0,1017,0),(18788,163,0,1017,0),(18789,46,0,1018,1),(18790,54,0,1018,1),(18791,69,0,1018,1),(18792,70,0,1018,0),(18793,71,0,1018,0),(18794,151,0,1018,0),(18795,163,0,1018,0),(18796,53,0,1018,NULL),(18797,46,0,1019,1),(18798,54,0,1019,1),(18799,69,0,1019,1),(18800,70,0,1019,0),(18801,71,0,1019,0),(18802,151,0,1019,0),(18803,163,0,1019,0),(18804,46,0,1020,1),(18805,54,0,1020,1),(18806,69,0,1020,1),(18807,70,0,1020,0),(18808,71,0,1020,0),(18809,151,0,1020,0),(18810,163,0,1020,0),(18811,46,0,1021,1),(18812,54,0,1021,1),(18813,69,0,1021,1),(18814,70,0,1021,0),(18815,71,0,1021,0),(18816,151,0,1021,0),(18817,163,0,1021,0),(18818,46,0,1022,1),(18819,54,0,1022,1),(18820,69,0,1022,1),(18821,70,0,1022,0),(18822,71,0,1022,0),(18823,151,0,1022,0),(18824,163,0,1022,0),(18825,46,0,1023,1),(18826,54,0,1023,1),(18827,69,0,1023,1),(18828,70,0,1023,0),(18829,71,0,1023,0),(18830,151,0,1023,0),(18831,163,0,1023,0),(18832,46,0,1024,1),(18833,54,0,1024,1),(18834,69,0,1024,1),(18835,70,0,1024,0),(18836,71,0,1024,0),(18837,151,0,1024,0),(18838,163,0,1024,0),(18839,53,0,1024,NULL),(18840,46,0,1025,1),(18841,54,0,1025,1),(18842,69,0,1025,1),(18843,70,0,1025,0),(18844,71,0,1025,0),(18845,151,0,1025,0),(18846,163,0,1025,0),(18847,46,0,1026,1),(18848,54,0,1026,1),(18849,69,0,1026,1),(18850,70,0,1026,0),(18851,71,0,1026,0),(18852,151,0,1026,0),(18853,163,0,1026,0),(18854,53,0,1026,NULL),(18855,46,0,1027,1),(18856,54,0,1027,1),(18857,69,0,1027,1),(18858,70,0,1027,0),(18859,71,0,1027,0),(18860,151,0,1027,0),(18861,163,0,1027,0),(18862,46,0,1028,1),(18863,54,0,1028,1),(18864,69,0,1028,1),(18865,70,0,1028,0),(18866,71,0,1028,0),(18867,151,0,1028,0),(18868,163,0,1028,0),(18869,46,0,1029,1),(18870,54,0,1029,1),(18871,69,0,1029,1),(18872,70,0,1029,0),(18873,71,0,1029,0),(18874,151,0,1029,0),(18875,163,0,1029,0),(18876,46,0,1030,1),(18877,54,0,1030,1),(18878,69,0,1030,1),(18879,70,0,1030,0),(18880,71,0,1030,0),(18881,151,0,1030,0),(18882,163,0,1030,0),(18883,46,0,1031,1),(18884,54,0,1031,1),(18885,69,0,1031,1),(18886,70,0,1031,0),(18887,71,0,1031,0),(18888,151,0,1031,0),(18889,163,0,1031,0),(18890,46,0,1032,1),(18891,54,0,1032,1),(18892,69,0,1032,1),(18893,70,0,1032,0),(18894,71,0,1032,0),(18895,151,0,1032,0),(18896,163,0,1032,0),(18897,46,0,1033,1),(18898,54,0,1033,1),(18899,69,0,1033,1),(18900,70,0,1033,0),(18901,71,0,1033,0),(18902,151,0,1033,0),(18903,163,0,1033,0),(18904,46,0,1034,1),(18905,54,0,1034,1),(18906,69,0,1034,1),(18907,70,0,1034,0),(18908,71,0,1034,0),(18909,151,0,1034,0),(18910,163,0,1034,0),(18911,46,0,1035,1),(18912,54,0,1035,1),(18913,69,0,1035,1),(18914,70,0,1035,0),(18915,71,0,1035,0),(18916,151,0,1035,0),(18917,163,0,1035,0),(18918,46,0,1036,1),(18919,54,0,1036,1),(18920,69,0,1036,1),(18921,70,0,1036,0),(18922,71,0,1036,0),(18923,151,0,1036,0),(18924,163,0,1036,0),(18925,46,0,1037,1),(18926,54,0,1037,1),(18927,69,0,1037,1),(18928,70,0,1037,0),(18929,71,0,1037,0),(18930,151,0,1037,0),(18931,163,0,1037,0),(18932,46,0,1038,1),(18933,54,0,1038,1),(18934,69,0,1038,1),(18935,70,0,1038,0),(18936,71,0,1038,0),(18937,151,0,1038,0),(18938,163,0,1038,0),(18939,46,0,1039,1),(18940,54,0,1039,1),(18941,69,0,1039,1),(18942,70,0,1039,0),(18943,71,0,1039,0),(18944,151,0,1039,0),(18945,163,0,1039,0),(18946,46,0,1040,1),(18947,54,0,1040,1),(18948,69,0,1040,1),(18949,70,0,1040,0),(18950,71,0,1040,0),(18951,151,0,1040,0),(18952,163,0,1040,0),(18953,46,0,1041,1),(18954,54,0,1041,1),(18955,69,0,1041,1),(18956,70,0,1041,0),(18957,71,0,1041,0),(18958,151,0,1041,0),(18959,163,0,1041,0),(18960,46,0,1042,1),(18961,54,0,1042,1),(18962,69,0,1042,1),(18963,70,0,1042,0),(18964,71,0,1042,0),(18965,151,0,1042,0),(18966,163,0,1042,0),(18967,46,0,1043,1),(18968,54,0,1043,1),(18969,69,0,1043,1),(18970,70,0,1043,0),(18971,71,0,1043,0),(18972,151,0,1043,0),(18973,163,0,1043,0),(18974,46,0,1044,1),(18975,54,0,1044,1),(18976,69,0,1044,1),(18977,70,0,1044,0),(18978,71,0,1044,0),(18979,151,0,1044,0),(18980,163,0,1044,0),(18981,46,3,526,1),(18982,69,3,526,1),(18983,163,3,526,0),(18984,46,3,527,1),(18985,69,3,527,1),(18986,163,3,527,0),(18987,46,3,528,1),(18988,69,3,528,1),(18989,163,3,528,0),(18990,46,3,529,1),(18991,69,3,529,1),(18992,163,3,529,0),(18993,46,3,530,1),(18994,69,3,530,1),(18995,163,3,530,0),(18996,46,3,531,1),(18997,69,3,531,1),(18998,163,3,531,0),(18999,46,3,532,1),(19000,69,3,532,1),(19001,163,3,532,0),(19002,46,3,533,1),(19003,69,3,533,1),(19004,163,3,533,0),(19005,46,3,534,1),(19006,69,3,534,1),(19007,163,3,534,1),(19008,46,3,535,1),(19009,69,3,535,1),(19010,163,3,535,0),(19011,46,3,536,1),(19012,69,3,536,1),(19013,163,3,536,0),(19014,46,3,537,1),(19015,69,3,537,1),(19016,163,3,537,0),(19017,46,3,548,1),(19018,69,3,548,1),(19019,163,3,548,0),(19020,46,3,524,1),(19021,69,3,524,1),(19022,163,3,524,0),(19023,163,3,522,1),(19024,163,3,668,1),(19025,163,3,605,1),(19026,163,3,607,1),(19027,163,3,612,1),(19028,46,0,1045,1),(19029,54,0,1045,1),(19030,69,0,1045,1),(19031,70,0,1045,0),(19032,71,0,1045,0),(19033,151,0,1045,0),(19034,163,0,1045,0),(19035,46,0,1046,1),(19036,54,0,1046,1),(19037,69,0,1046,1),(19038,70,0,1046,0),(19039,71,0,1046,0),(19040,151,0,1046,0),(19041,163,0,1046,0),(19042,46,0,1047,1),(19043,54,0,1047,1),(19044,69,0,1047,1),(19045,70,0,1047,0),(19046,71,0,1047,0),(19047,151,0,1047,0),(19048,163,0,1047,0),(19049,53,0,1047,NULL),(19050,46,0,1048,1),(19051,54,0,1048,1),(19052,69,0,1048,1),(19053,70,0,1048,0),(19054,71,0,1048,0),(19055,151,0,1048,0),(19056,163,0,1048,0),(19057,46,0,1049,1),(19058,54,0,1049,1),(19059,69,0,1049,1),(19060,70,0,1049,0),(19061,71,0,1049,0),(19062,151,0,1049,0),(19063,163,0,1049,0),(19064,46,0,1050,1),(19065,54,0,1050,1),(19066,69,0,1050,1),(19067,70,0,1050,0),(19068,71,0,1050,0),(19069,151,0,1050,0),(19070,163,0,1050,0),(19071,46,0,1051,1),(19072,54,0,1051,1),(19073,69,0,1051,1),(19074,70,0,1051,0),(19075,71,0,1051,0),(19076,151,0,1051,0),(19077,163,0,1051,0),(19078,53,0,1051,NULL),(19079,46,0,1052,1),(19080,54,0,1052,1),(19081,69,0,1052,1),(19082,70,0,1052,0),(19083,71,0,1052,0),(19084,151,0,1052,0),(19085,163,0,1052,0),(19086,53,0,1052,NULL),(19087,46,0,1053,1),(19088,54,0,1053,1),(19089,69,0,1053,1),(19090,70,0,1053,0),(19091,71,0,1053,0),(19092,151,0,1053,0),(19093,163,0,1053,0),(19094,46,0,1054,1),(19095,54,0,1054,1),(19096,69,0,1054,1),(19097,70,0,1054,0),(19098,71,0,1054,0),(19099,151,0,1054,0),(19100,163,0,1054,0),(19101,46,0,1055,1),(19102,54,0,1055,1),(19103,69,0,1055,1),(19104,70,0,1055,0),(19105,71,0,1055,0),(19106,151,0,1055,0),(19107,163,0,1055,0),(19108,46,0,1056,1),(19109,54,0,1056,1),(19110,69,0,1056,1),(19111,70,0,1056,0),(19112,71,0,1056,0),(19113,151,0,1056,0),(19114,163,0,1056,0),(19115,46,0,1057,1),(19116,54,0,1057,1),(19117,69,0,1057,1),(19118,70,0,1057,0),(19119,71,0,1057,0),(19120,151,0,1057,0),(19121,163,0,1057,0),(19122,46,0,1058,1),(19123,54,0,1058,1),(19124,69,0,1058,1),(19125,70,0,1058,0),(19126,71,0,1058,0),(19127,151,0,1058,0),(19128,163,0,1058,0),(19129,46,0,1059,1),(19130,54,0,1059,1),(19131,69,0,1059,1),(19132,70,0,1059,0),(19133,71,0,1059,0),(19134,151,0,1059,0),(19135,163,0,1059,0),(19136,46,0,1060,1),(19137,54,0,1060,1),(19138,69,0,1060,1),(19139,70,0,1060,0),(19140,71,0,1060,0),(19141,151,0,1060,0),(19142,163,0,1060,0),(19143,46,0,1061,1),(19144,54,0,1061,1),(19145,69,0,1061,1),(19146,70,0,1061,0),(19147,71,0,1061,0),(19148,151,0,1061,0),(19149,163,0,1061,0),(19150,46,0,1062,1),(19151,54,0,1062,1),(19152,69,0,1062,1),(19153,70,0,1062,0),(19154,71,0,1062,0),(19155,151,0,1062,0),(19156,163,0,1062,0),(19157,46,0,1063,1),(19158,54,0,1063,1),(19159,69,0,1063,1),(19160,70,0,1063,0),(19161,71,0,1063,0),(19162,151,0,1063,0),(19163,163,0,1063,0),(19164,46,0,1064,1),(19165,54,0,1064,1),(19166,69,0,1064,1),(19167,70,0,1064,0),(19168,71,0,1064,0),(19169,151,0,1064,0),(19170,163,0,1064,0),(19171,46,0,1065,1),(19172,54,0,1065,1),(19173,69,0,1065,1),(19174,70,0,1065,0),(19175,71,0,1065,0),(19176,151,0,1065,0),(19177,163,0,1065,0),(19178,46,0,1066,1),(19179,54,0,1066,1),(19180,69,0,1066,1),(19181,70,0,1066,0),(19182,71,0,1066,0),(19183,151,0,1066,0),(19184,163,0,1066,0),(19185,46,0,1067,1),(19186,54,0,1067,1),(19187,69,0,1067,1),(19188,70,0,1067,0),(19189,71,0,1067,0),(19190,151,0,1067,0),(19191,163,0,1067,0),(19192,46,0,1068,1),(19193,54,0,1068,1),(19194,69,0,1068,1),(19195,70,0,1068,0),(19196,71,0,1068,0),(19197,151,0,1068,0),(19198,163,0,1068,0),(19199,46,0,1069,1),(19200,54,0,1069,1),(19201,69,0,1069,1),(19202,70,0,1069,0),(19203,71,0,1069,0),(19204,151,0,1069,0),(19205,163,0,1069,0),(19206,46,0,1070,1),(19207,54,0,1070,1),(19208,69,0,1070,1),(19209,70,0,1070,0),(19210,71,0,1070,0),(19211,151,0,1070,0),(19212,163,0,1070,0),(19213,46,0,1071,1),(19214,54,0,1071,1),(19215,69,0,1071,1),(19216,70,0,1071,0),(19217,71,0,1071,0),(19218,151,0,1071,0),(19219,163,0,1071,0),(19220,46,0,1072,1),(19221,54,0,1072,1),(19222,69,0,1072,1),(19223,70,0,1072,0),(19224,71,0,1072,0),(19225,151,0,1072,0),(19226,163,0,1072,0),(19227,46,0,1073,1),(19228,54,0,1073,1),(19229,69,0,1073,1),(19230,70,0,1073,0),(19231,71,0,1073,0),(19232,151,0,1073,0),(19233,163,0,1073,0),(19234,46,0,1074,1),(19235,54,0,1074,1),(19236,69,0,1074,1),(19237,70,0,1074,0),(19238,71,0,1074,0),(19239,151,0,1074,0),(19240,163,0,1074,0),(19241,46,0,1075,1),(19242,54,0,1075,1),(19243,69,0,1075,1),(19244,70,0,1075,0),(19245,71,0,1075,0),(19246,151,0,1075,0),(19247,163,0,1075,0),(19248,46,0,1076,1),(19249,54,0,1076,1),(19250,69,0,1076,1),(19251,70,0,1076,0),(19252,71,0,1076,0),(19253,151,0,1076,0),(19254,163,0,1076,0),(19255,46,0,1077,1),(19256,54,0,1077,1),(19257,69,0,1077,1),(19258,70,0,1077,0),(19259,71,0,1077,0),(19260,151,0,1077,0),(19261,163,0,1077,0),(19262,46,0,1078,1),(19263,54,0,1078,1),(19264,69,0,1078,1),(19265,70,0,1078,0),(19266,71,0,1078,0),(19267,151,0,1078,0),(19268,163,0,1078,0),(19269,46,0,1079,1),(19270,54,0,1079,1),(19271,69,0,1079,1),(19272,70,0,1079,0),(19273,71,0,1079,0),(19274,151,0,1079,0),(19275,163,0,1079,0),(19276,46,0,1080,1),(19277,54,0,1080,1),(19278,69,0,1080,1),(19279,70,0,1080,0),(19280,71,0,1080,0),(19281,151,0,1080,0),(19282,163,0,1080,0),(19283,46,0,1081,1),(19284,54,0,1081,1),(19285,69,0,1081,1),(19286,70,0,1081,0),(19287,71,0,1081,0),(19288,151,0,1081,0),(19289,163,0,1081,0),(19290,46,0,1082,1),(19291,54,0,1082,1),(19292,69,0,1082,1),(19293,70,0,1082,0),(19294,71,0,1082,0),(19295,151,0,1082,0),(19296,163,0,1082,0),(19297,46,0,1083,1),(19298,54,0,1083,1),(19299,69,0,1083,1),(19300,70,0,1083,0),(19301,71,0,1083,0),(19302,151,0,1083,0),(19303,163,0,1083,0),(19304,46,0,1084,1),(19305,54,0,1084,1),(19306,69,0,1084,1),(19307,70,0,1084,0),(19308,71,0,1084,0),(19309,151,0,1084,0),(19310,163,0,1084,0),(19311,46,0,1085,1),(19312,54,0,1085,1),(19313,69,0,1085,1),(19314,70,0,1085,0),(19315,71,0,1085,0),(19316,151,0,1085,0),(19317,163,0,1085,0),(19318,46,0,1086,1),(19319,54,0,1086,1),(19320,69,0,1086,1),(19321,70,0,1086,0),(19322,71,0,1086,0),(19323,151,0,1086,0),(19324,163,0,1086,0),(19325,46,0,1087,1),(19326,54,0,1087,1),(19327,69,0,1087,1),(19328,70,0,1087,0),(19329,71,0,1087,0),(19330,151,0,1087,0),(19331,163,0,1087,0),(19332,46,0,1088,1),(19333,54,0,1088,1),(19334,69,0,1088,1),(19335,70,0,1088,0),(19336,71,0,1088,0),(19337,151,0,1088,0),(19338,163,0,1088,0),(19339,46,0,1089,1),(19340,54,0,1089,1),(19341,69,0,1089,1),(19342,70,0,1089,0),(19343,71,0,1089,0),(19344,151,0,1089,0),(19345,163,0,1089,0),(19346,46,0,1090,1),(19347,54,0,1090,1),(19348,69,0,1090,1),(19349,70,0,1090,0),(19350,71,0,1090,0),(19351,151,0,1090,0),(19352,163,0,1090,0),(19353,46,0,1091,1),(19354,54,0,1091,1),(19355,69,0,1091,1),(19356,70,0,1091,0),(19357,71,0,1091,0),(19358,151,0,1091,0),(19359,163,0,1091,0),(19360,46,0,1092,1),(19361,54,0,1092,1),(19362,69,0,1092,1),(19363,70,0,1092,0),(19364,71,0,1092,0),(19365,151,0,1092,0),(19366,163,0,1092,0),(19367,46,0,1093,1),(19368,54,0,1093,1),(19369,69,0,1093,1),(19370,70,0,1093,0),(19371,71,0,1093,0),(19372,151,0,1093,0),(19373,163,0,1093,0),(19374,46,0,1094,1),(19375,54,0,1094,1),(19376,69,0,1094,1),(19377,70,0,1094,0),(19378,71,0,1094,0),(19379,151,0,1094,0),(19380,163,0,1094,0),(19381,46,0,1095,1),(19382,54,0,1095,1),(19383,69,0,1095,1),(19384,70,0,1095,0),(19385,71,0,1095,0),(19386,151,0,1095,0),(19387,163,0,1095,0),(19388,46,0,1096,1),(19389,54,0,1096,1),(19390,69,0,1096,1),(19391,70,0,1096,0),(19392,71,0,1096,0),(19393,151,0,1096,0),(19394,163,0,1096,0),(19395,46,0,1097,1),(19396,54,0,1097,1),(19397,69,0,1097,1),(19398,70,0,1097,0),(19399,71,0,1097,0),(19400,151,0,1097,0),(19401,163,0,1097,0),(19402,46,0,1098,1),(19403,54,0,1098,1),(19404,69,0,1098,1),(19405,70,0,1098,0),(19406,71,0,1098,0),(19407,151,0,1098,0),(19408,163,0,1098,0),(19409,46,0,1099,1),(19410,54,0,1099,1),(19411,69,0,1099,1),(19412,70,0,1099,0),(19413,71,0,1099,0),(19414,151,0,1099,0),(19415,163,0,1099,0),(19416,46,0,1100,1),(19417,54,0,1100,1),(19418,69,0,1100,1),(19419,70,0,1100,0),(19420,71,0,1100,0),(19421,151,0,1100,0),(19422,163,0,1100,0),(19423,46,0,1101,1),(19424,54,0,1101,1),(19425,69,0,1101,1),(19426,70,0,1101,0),(19427,71,0,1101,0),(19428,151,0,1101,0),(19429,163,0,1101,0),(19430,46,0,1102,1),(19431,54,0,1102,1),(19432,69,0,1102,1),(19433,70,0,1102,0),(19434,71,0,1102,0),(19435,151,0,1102,0),(19436,163,0,1102,0),(19437,46,0,1103,1),(19438,54,0,1103,1),(19439,69,0,1103,1),(19440,70,0,1103,0),(19441,71,0,1103,0),(19442,151,0,1103,0),(19443,163,0,1103,0),(19444,46,0,1104,1),(19445,54,0,1104,1),(19446,69,0,1104,1),(19447,70,0,1104,0),(19448,71,0,1104,0),(19449,151,0,1104,0),(19450,163,0,1104,0),(19451,46,0,1105,1),(19452,54,0,1105,1),(19453,69,0,1105,1),(19454,70,0,1105,0),(19455,71,0,1105,0),(19456,151,0,1105,0),(19457,163,0,1105,0),(19458,46,0,1106,1),(19459,54,0,1106,1),(19460,69,0,1106,1),(19461,70,0,1106,0),(19462,71,0,1106,0),(19463,151,0,1106,0),(19464,163,0,1106,0),(19465,46,0,1107,1),(19466,54,0,1107,1),(19467,69,0,1107,1),(19468,70,0,1107,0),(19469,71,0,1107,0),(19470,151,0,1107,0),(19471,163,0,1107,0),(19472,46,0,1108,1),(19473,54,0,1108,1),(19474,69,0,1108,1),(19475,70,0,1108,0),(19476,71,0,1108,0),(19477,151,0,1108,0),(19478,163,0,1108,0),(19479,46,0,1109,1),(19480,54,0,1109,1),(19481,69,0,1109,1),(19482,70,0,1109,0),(19483,71,0,1109,0),(19484,151,0,1109,0),(19485,163,0,1109,0),(19486,46,0,1110,1),(19487,54,0,1110,1),(19488,69,0,1110,1),(19489,70,0,1110,0),(19490,71,0,1110,0),(19491,151,0,1110,0),(19492,163,0,1110,0),(19493,46,0,1111,1),(19494,54,0,1111,1),(19495,69,0,1111,1),(19496,70,0,1111,0),(19497,71,0,1111,0),(19498,151,0,1111,0),(19499,163,0,1111,0),(19500,46,0,1112,1),(19501,54,0,1112,1),(19502,69,0,1112,1),(19503,70,0,1112,0),(19504,71,0,1112,0),(19505,151,0,1112,0),(19506,163,0,1112,0),(19507,46,0,1113,1),(19508,54,0,1113,1),(19509,69,0,1113,1),(19510,70,0,1113,0),(19511,71,0,1113,0),(19512,151,0,1113,0),(19513,163,0,1113,0),(19514,46,0,1114,1),(19515,54,0,1114,1),(19516,69,0,1114,1),(19517,70,0,1114,0),(19518,71,0,1114,0),(19519,151,0,1114,0),(19520,163,0,1114,0),(19521,46,0,1115,1),(19522,54,0,1115,1),(19523,69,0,1115,1),(19524,70,0,1115,0),(19525,71,0,1115,0),(19526,151,0,1115,0),(19527,163,0,1115,0),(19528,46,0,1116,1),(19529,54,0,1116,1),(19530,69,0,1116,1),(19531,70,0,1116,0),(19532,71,0,1116,0),(19533,151,0,1116,0),(19534,163,0,1116,0),(19535,46,0,1117,1),(19536,54,0,1117,1),(19537,69,0,1117,1),(19538,70,0,1117,0),(19539,71,0,1117,0),(19540,151,0,1117,0),(19541,163,0,1117,0),(19542,46,0,1118,1),(19543,54,0,1118,1),(19544,69,0,1118,1),(19545,70,0,1118,0),(19546,71,0,1118,0),(19547,151,0,1118,0),(19548,163,0,1118,0),(19549,46,0,1119,1),(19550,54,0,1119,1),(19551,69,0,1119,1),(19552,70,0,1119,0),(19553,71,0,1119,0),(19554,151,0,1119,0),(19555,163,0,1119,0),(19556,46,0,1120,1),(19557,54,0,1120,1),(19558,69,0,1120,1),(19559,70,0,1120,0),(19560,71,0,1120,0),(19561,151,0,1120,0),(19562,163,0,1120,0),(19563,46,0,1121,1),(19564,54,0,1121,1),(19565,69,0,1121,1),(19566,70,0,1121,0),(19567,71,0,1121,0),(19568,151,0,1121,0),(19569,163,0,1121,0),(19570,46,0,1122,1),(19571,54,0,1122,1),(19572,69,0,1122,1),(19573,70,0,1122,0),(19574,71,0,1122,0),(19575,151,0,1122,0),(19576,163,0,1122,0),(19577,46,0,1123,1),(19578,54,0,1123,1),(19579,69,0,1123,1),(19580,70,0,1123,0),(19581,71,0,1123,0),(19582,151,0,1123,0),(19583,163,0,1123,0),(19584,46,0,1124,1),(19585,54,0,1124,1),(19586,69,0,1124,1),(19587,70,0,1124,0),(19588,71,0,1124,0),(19589,151,0,1124,0),(19590,163,0,1124,0),(19591,46,0,1125,1),(19592,54,0,1125,1),(19593,69,0,1125,1),(19594,70,0,1125,0),(19595,71,0,1125,0),(19596,151,0,1125,0),(19597,163,0,1125,0),(19598,46,0,1126,1),(19599,54,0,1126,1),(19600,69,0,1126,1),(19601,70,0,1126,0),(19602,71,0,1126,0),(19603,151,0,1126,0),(19604,163,0,1126,0),(19605,46,0,1127,1),(19606,54,0,1127,1),(19607,69,0,1127,1),(19608,70,0,1127,0),(19609,71,0,1127,0),(19610,151,0,1127,0),(19611,163,0,1127,0),(19612,46,0,1128,1),(19613,54,0,1128,1),(19614,69,0,1128,1),(19615,70,0,1128,0),(19616,71,0,1128,0),(19617,151,0,1128,0),(19618,163,0,1128,0),(19619,46,0,1129,1),(19620,54,0,1129,1),(19621,69,0,1129,1),(19622,70,0,1129,0),(19623,71,0,1129,0),(19624,151,0,1129,0),(19625,163,0,1129,0),(19626,46,0,1130,1),(19627,54,0,1130,1),(19628,69,0,1130,1),(19629,70,0,1130,0),(19630,71,0,1130,0),(19631,151,0,1130,0),(19632,163,0,1130,0),(19633,46,0,1131,1),(19634,54,0,1131,1),(19635,69,0,1131,1),(19636,70,0,1131,0),(19637,71,0,1131,0),(19638,151,0,1131,0),(19639,163,0,1131,0),(19640,46,0,1132,1),(19641,54,0,1132,1),(19642,69,0,1132,1),(19643,70,0,1132,0),(19644,71,0,1132,0),(19645,151,0,1132,0),(19646,163,0,1132,0),(19647,46,0,1133,1),(19648,54,0,1133,1),(19649,69,0,1133,1),(19650,70,0,1133,0),(19651,71,0,1133,0),(19652,151,0,1133,0),(19653,163,0,1133,0),(19654,46,0,1134,1),(19655,54,0,1134,1),(19656,69,0,1134,1),(19657,70,0,1134,0),(19658,71,0,1134,0),(19659,151,0,1134,0),(19660,163,0,1134,0),(19661,46,0,1135,1),(19662,54,0,1135,1),(19663,69,0,1135,1),(19664,70,0,1135,0),(19665,71,0,1135,0),(19666,151,0,1135,0),(19667,163,0,1135,0),(19668,46,0,1136,1),(19669,54,0,1136,1),(19670,69,0,1136,1),(19671,70,0,1136,0),(19672,71,0,1136,0),(19673,151,0,1136,0),(19674,163,0,1136,0),(19675,46,0,1137,1),(19676,54,0,1137,1),(19677,69,0,1137,1),(19678,70,0,1137,0),(19679,71,0,1137,0),(19680,151,0,1137,0),(19681,163,0,1137,0),(19682,46,0,1138,1),(19683,54,0,1138,1),(19684,69,0,1138,1),(19685,70,0,1138,0),(19686,71,0,1138,0),(19687,151,0,1138,0),(19688,163,0,1138,0),(19689,46,0,1139,1),(19690,54,0,1139,1),(19691,69,0,1139,1),(19692,70,0,1139,0),(19693,71,0,1139,0),(19694,151,0,1139,0),(19695,163,0,1139,0),(19696,46,0,1140,1),(19697,54,0,1140,1),(19698,69,0,1140,1),(19699,70,0,1140,0),(19700,71,0,1140,0),(19701,151,0,1140,0),(19702,163,0,1140,0),(19703,46,0,1141,1),(19704,54,0,1141,1),(19705,69,0,1141,1),(19706,70,0,1141,0),(19707,71,0,1141,0),(19708,151,0,1141,0),(19709,163,0,1141,0),(19710,46,0,1142,1),(19711,54,0,1142,1),(19712,69,0,1142,1),(19713,70,0,1142,0),(19714,71,0,1142,0),(19715,151,0,1142,0),(19716,163,0,1142,0),(19717,46,0,1143,1),(19718,54,0,1143,1),(19719,69,0,1143,1),(19720,70,0,1143,0),(19721,71,0,1143,0),(19722,151,0,1143,0),(19723,163,0,1143,0),(19724,46,0,1144,1),(19725,54,0,1144,1),(19726,69,0,1144,1),(19727,70,0,1144,0),(19728,71,0,1144,0),(19729,151,0,1144,0),(19730,163,0,1144,0),(19731,46,0,1145,1),(19732,54,0,1145,1),(19733,69,0,1145,1),(19734,70,0,1145,0),(19735,71,0,1145,0),(19736,151,0,1145,0),(19737,163,0,1145,0),(19738,46,0,1146,1),(19739,54,0,1146,1),(19740,69,0,1146,1),(19741,70,0,1146,0),(19742,71,0,1146,0),(19743,151,0,1146,0),(19744,163,0,1146,0),(19745,46,0,1147,1),(19746,54,0,1147,1),(19747,69,0,1147,1),(19748,70,0,1147,0),(19749,71,0,1147,0),(19750,151,0,1147,0),(19751,163,0,1147,0),(19752,46,0,1148,1),(19753,54,0,1148,1),(19754,69,0,1148,1),(19755,70,0,1148,0),(19756,71,0,1148,0),(19757,151,0,1148,0),(19758,163,0,1148,0),(19759,46,0,1149,1),(19760,54,0,1149,1),(19761,69,0,1149,1),(19762,70,0,1149,0),(19763,71,0,1149,0),(19764,151,0,1149,0),(19765,163,0,1149,0),(19766,46,0,1150,1),(19767,54,0,1150,1),(19768,69,0,1150,1),(19769,70,0,1150,0),(19770,71,0,1150,0),(19771,151,0,1150,0),(19772,163,0,1150,0),(19773,46,0,1151,1),(19774,54,0,1151,1),(19775,69,0,1151,1),(19776,70,0,1151,0),(19777,71,0,1151,0),(19778,151,0,1151,0),(19779,163,0,1151,0),(19780,46,0,1152,1),(19781,54,0,1152,1),(19782,69,0,1152,1),(19783,70,0,1152,0),(19784,71,0,1152,0),(19785,151,0,1152,0),(19786,163,0,1152,0),(19787,46,0,1153,1),(19788,54,0,1153,1),(19789,69,0,1153,1),(19790,70,0,1153,0),(19791,71,0,1153,0),(19792,151,0,1153,0),(19793,163,0,1153,0),(19794,46,0,1154,1),(19795,54,0,1154,1),(19796,69,0,1154,1),(19797,70,0,1154,0),(19798,71,0,1154,0),(19799,151,0,1154,0),(19800,163,0,1154,0),(19801,46,0,1155,1),(19802,54,0,1155,1),(19803,69,0,1155,1),(19804,70,0,1155,0),(19805,71,0,1155,0),(19806,151,0,1155,0),(19807,163,0,1155,0),(19808,46,0,1156,1),(19809,54,0,1156,1),(19810,69,0,1156,1),(19811,70,0,1156,0),(19812,71,0,1156,0),(19813,151,0,1156,0),(19814,163,0,1156,0),(19815,46,0,1157,1),(19816,54,0,1157,1),(19817,69,0,1157,1),(19818,70,0,1157,0),(19819,71,0,1157,0),(19820,151,0,1157,0),(19821,163,0,1157,0),(19822,46,0,1158,1),(19823,54,0,1158,1),(19824,69,0,1158,1),(19825,70,0,1158,0),(19826,71,0,1158,0),(19827,151,0,1158,0),(19828,163,0,1158,0),(19829,46,0,1159,1),(19830,54,0,1159,1),(19831,69,0,1159,1),(19832,70,0,1159,0),(19833,71,0,1159,0),(19834,151,0,1159,0),(19835,163,0,1159,0),(19836,46,0,1160,1),(19837,54,0,1160,1),(19838,69,0,1160,1),(19839,70,0,1160,0),(19840,71,0,1160,0),(19841,151,0,1160,0),(19842,163,0,1160,0),(19843,46,0,1161,1),(19844,54,0,1161,1),(19845,69,0,1161,1),(19846,70,0,1161,0),(19847,71,0,1161,0),(19848,151,0,1161,0),(19849,163,0,1161,0),(19850,46,0,1162,1),(19851,54,0,1162,1),(19852,69,0,1162,1),(19853,70,0,1162,0),(19854,71,0,1162,0),(19855,151,0,1162,0),(19856,163,0,1162,0),(19857,46,0,1163,1),(19858,54,0,1163,1),(19859,69,0,1163,1),(19860,70,0,1163,0),(19861,71,0,1163,0),(19862,151,0,1163,0),(19863,163,0,1163,0),(19864,46,0,1164,1),(19865,54,0,1164,1),(19866,69,0,1164,1),(19867,70,0,1164,0),(19868,71,0,1164,0),(19869,151,0,1164,0),(19870,163,0,1164,0),(19871,46,0,1165,1),(19872,54,0,1165,1),(19873,69,0,1165,1),(19874,70,0,1165,0),(19875,71,0,1165,0),(19876,151,0,1165,0),(19877,163,0,1165,0),(19878,46,0,1166,1),(19879,54,0,1166,1),(19880,69,0,1166,1),(19881,70,0,1166,0),(19882,71,0,1166,0),(19883,151,0,1166,0),(19884,163,0,1166,0),(19885,46,0,1167,1),(19886,54,0,1167,1),(19887,69,0,1167,1),(19888,70,0,1167,0),(19889,71,0,1167,0),(19890,151,0,1167,0),(19891,163,0,1167,0),(19892,46,0,1168,1),(19893,54,0,1168,1),(19894,69,0,1168,1),(19895,70,0,1168,0),(19896,71,0,1168,0),(19897,151,0,1168,0),(19898,163,0,1168,0),(19899,46,0,1169,1),(19900,54,0,1169,1),(19901,69,0,1169,1),(19902,70,0,1169,0),(19903,71,0,1169,0),(19904,151,0,1169,0),(19905,163,0,1169,0),(19906,46,0,1170,1),(19907,54,0,1170,1),(19908,69,0,1170,1),(19909,70,0,1170,0),(19910,71,0,1170,0),(19911,151,0,1170,0),(19912,163,0,1170,0),(19913,46,0,1171,1),(19914,54,0,1171,1),(19915,69,0,1171,1),(19916,70,0,1171,0),(19917,71,0,1171,0),(19918,151,0,1171,0),(19919,163,0,1171,0),(19920,53,0,1169,NULL),(19921,53,0,1081,NULL),(19922,46,0,1172,1),(19923,54,0,1172,1),(19924,69,0,1172,1),(19925,70,0,1172,0),(19926,71,0,1172,0),(19927,151,0,1172,0),(19928,163,0,1172,0),(19929,46,0,1173,1),(19930,54,0,1173,1),(19931,69,0,1173,1),(19932,70,0,1173,0),(19933,71,0,1173,0),(19934,151,0,1173,0),(19935,163,0,1173,0),(19936,46,0,1174,1),(19937,54,0,1174,1),(19938,69,0,1174,1),(19939,70,0,1174,0),(19940,71,0,1174,0),(19941,151,0,1174,0),(19942,163,0,1174,0),(19943,46,0,1175,1),(19944,54,0,1175,1),(19945,69,0,1175,1),(19946,70,0,1175,0),(19947,71,0,1175,0),(19948,151,0,1175,0),(19949,163,0,1175,0),(19950,46,0,1176,1),(19951,54,0,1176,1),(19952,69,0,1176,1),(19953,70,0,1176,0),(19954,71,0,1176,0),(19955,151,0,1176,0),(19956,163,0,1176,0),(19957,46,0,1177,1),(19958,54,0,1177,1),(19959,69,0,1177,1),(19960,70,0,1177,0),(19961,71,0,1177,0),(19962,151,0,1177,0),(19963,163,0,1177,0),(19964,46,0,1178,1),(19965,54,0,1178,1),(19966,69,0,1178,1),(19967,70,0,1178,0),(19968,71,0,1178,0),(19969,151,0,1178,0),(19970,163,0,1178,0),(19971,46,0,1179,1),(19972,54,0,1179,1),(19973,69,0,1179,1),(19974,70,0,1179,0),(19975,71,0,1179,0),(19976,151,0,1179,0),(19977,163,0,1179,0),(19978,46,0,1180,1),(19979,54,0,1180,1),(19980,69,0,1180,1),(19981,70,0,1180,0),(19982,71,0,1180,0),(19983,151,0,1180,0),(19984,163,0,1180,0),(19985,46,0,1181,1),(19986,54,0,1181,1),(19987,69,0,1181,1),(19988,70,0,1181,0),(19989,71,0,1181,0),(19990,151,0,1181,0),(19991,163,0,1181,0),(19992,46,0,1182,1),(19993,54,0,1182,1),(19994,69,0,1182,1),(19995,70,0,1182,0),(19996,71,0,1182,0),(19997,151,0,1182,0),(19998,163,0,1182,0),(19999,46,0,1183,1),(20000,54,0,1183,1),(20001,69,0,1183,1),(20002,70,0,1183,0),(20003,71,0,1183,0),(20004,151,0,1183,0),(20005,163,0,1183,0),(20006,46,0,1184,1),(20007,54,0,1184,1),(20008,69,0,1184,1),(20009,70,0,1184,0),(20010,71,0,1184,0),(20011,151,0,1184,0),(20012,163,0,1184,0),(20013,46,0,1185,1),(20014,54,0,1185,1),(20015,69,0,1185,1),(20016,70,0,1185,0),(20017,71,0,1185,0),(20018,151,0,1185,0),(20019,163,0,1185,0),(20020,46,0,1186,1),(20021,54,0,1186,1),(20022,69,0,1186,1),(20023,70,0,1186,0),(20024,71,0,1186,0),(20025,151,0,1186,0),(20026,163,0,1186,0),(20027,46,0,1187,1),(20028,54,0,1187,1),(20029,69,0,1187,1),(20030,70,0,1187,0),(20031,71,0,1187,0),(20032,151,0,1187,0),(20033,163,0,1187,0),(20034,46,0,1188,1),(20035,54,0,1188,1),(20036,69,0,1188,1),(20037,70,0,1188,0),(20038,71,0,1188,0),(20039,151,0,1188,0),(20040,163,0,1188,0),(20041,46,0,1189,1),(20042,54,0,1189,1),(20043,69,0,1189,1),(20044,70,0,1189,0),(20045,71,0,1189,0),(20046,151,0,1189,0),(20047,163,0,1189,0),(20048,46,0,1190,1),(20049,54,0,1190,1),(20050,69,0,1190,1),(20051,70,0,1190,0),(20052,71,0,1190,0),(20053,151,0,1190,0),(20054,163,0,1190,0),(20055,46,0,1191,1),(20056,54,0,1191,1),(20057,69,0,1191,1),(20058,70,0,1191,0),(20059,71,0,1191,0),(20060,151,0,1191,0),(20061,163,0,1191,0),(20062,46,0,1192,1),(20063,54,0,1192,1),(20064,69,0,1192,1),(20065,70,0,1192,0),(20066,71,0,1192,0),(20067,151,0,1192,0),(20068,163,0,1192,0),(20069,46,0,1193,1),(20070,54,0,1193,1),(20071,69,0,1193,1),(20072,70,0,1193,0),(20073,71,0,1193,0),(20074,151,0,1193,0),(20075,163,0,1193,0),(20076,46,0,1194,1),(20077,54,0,1194,1),(20078,69,0,1194,1),(20079,70,0,1194,0),(20080,71,0,1194,0),(20081,151,0,1194,0),(20082,163,0,1194,0),(20083,46,0,1195,1),(20084,54,0,1195,1),(20085,69,0,1195,1),(20086,70,0,1195,0),(20087,71,0,1195,0),(20088,151,0,1195,0),(20089,163,0,1195,0),(20090,46,0,1196,1),(20091,54,0,1196,1),(20092,69,0,1196,1),(20093,70,0,1196,0),(20094,71,0,1196,0),(20095,151,0,1196,0),(20096,163,0,1196,0),(20097,46,0,1197,1),(20098,54,0,1197,1),(20099,69,0,1197,1),(20100,70,0,1197,0),(20101,71,0,1197,0),(20102,151,0,1197,0),(20103,163,0,1197,0),(20104,46,0,1198,1),(20105,54,0,1198,1),(20106,69,0,1198,1),(20107,70,0,1198,0),(20108,71,0,1198,0),(20109,151,0,1198,0),(20110,163,0,1198,0),(20111,46,0,1199,1),(20112,54,0,1199,1),(20113,69,0,1199,1),(20114,70,0,1199,0),(20115,71,0,1199,0),(20116,151,0,1199,0),(20117,163,0,1199,0),(20118,46,0,1200,1),(20119,54,0,1200,1),(20120,69,0,1200,1),(20121,70,0,1200,0),(20122,71,0,1200,0),(20123,151,0,1200,0),(20124,163,0,1200,0),(20125,46,0,1201,1),(20126,54,0,1201,1),(20127,69,0,1201,1),(20128,70,0,1201,0),(20129,71,0,1201,0),(20130,151,0,1201,0),(20131,163,0,1201,0),(20132,46,0,1202,1),(20133,54,0,1202,1),(20134,69,0,1202,1),(20135,70,0,1202,0),(20136,71,0,1202,0),(20137,151,0,1202,0),(20138,163,0,1202,0),(20139,46,0,1203,1),(20140,54,0,1203,1),(20141,69,0,1203,1),(20142,70,0,1203,0),(20143,71,0,1203,0),(20144,151,0,1203,0),(20145,163,0,1203,0),(20146,46,0,1204,1),(20147,54,0,1204,1),(20148,69,0,1204,1),(20149,70,0,1204,0),(20150,71,0,1204,0),(20151,151,0,1204,0),(20152,163,0,1204,0),(20153,53,0,66,NULL),(20154,151,0,66,0),(20155,163,0,66,0);
DELIMITER ;;
/*!50003 CREATE*/ /*!50017 DEFINER=`root`@`localhost`*/ /*!50003 TRIGGER `trg_catalog_category_entity_int_after_insert` AFTER INSERT ON `catalog_category_entity_int` FOR EACH ROW BEGIN
INSERT IGNORE INTO `catalog_category_product_cl` (`entity_id`) VALUES (NEW.`entity_id`);
END */;;
DELIMITER ;
DELIMITER ;;
/*!50003 CREATE*/ /*!50017 DEFINER=`root`@`localhost`*/ /*!50003 TRIGGER `trg_catalog_category_entity_int_after_update` AFTER UPDATE ON `catalog_category_entity_int` FOR EACH ROW BEGIN
IF (NOT(NEW.`value_id` <=> OLD.`value_id`) OR NOT(NEW.`attribute_id` <=> OLD.`attribute_id`) OR NOT(NEW.`store_id` <=> OLD.`store_id`) OR NOT(NEW.`entity_id` <=> OLD.`entity_id`) OR NOT(NEW.`value` <=> OLD.`value`)) THEN INSERT IGNORE INTO `catalog_category_product_cl` (`entity_id`) VALUES (NEW.`entity_id`); END IF;
END */;;
DELIMITER ;
DELIMITER ;;
/*!50003 CREATE*/ /*!50017 DEFINER=`root`@`localhost`*/ /*!50003 TRIGGER `trg_catalog_category_entity_int_after_delete` AFTER DELETE ON `catalog_category_entity_int` FOR EACH ROW BEGIN
INSERT IGNORE INTO `catalog_category_product_cl` (`entity_id`) VALUES (OLD.`entity_id`);
END */;;
DELIMITER ;

--
