--
-- Host: localhost    Database: magentodb
-- ------------------------------------------------------


--
-- Table structure for table `eav_attribute`
--

CREATE TABLE `eav_attribute` (
  `attribute_id` smallint unsigned NOT NULL AUTO_INCREMENT COMMENT 'Attribute ID',
  `entity_type_id` smallint unsigned NOT NULL DEFAULT '0' COMMENT 'Entity Type ID',
  `attribute_code` varchar(255) NOT NULL COMMENT 'Attribute Code',
  `attribute_model` varchar(255) DEFAULT NULL COMMENT 'Attribute Model',
  `backend_model` varchar(255) DEFAULT NULL COMMENT 'Backend Model',
  `backend_type` varchar(8) NOT NULL DEFAULT 'static' COMMENT 'Backend Type',
  `backend_table` varchar(255) DEFAULT NULL COMMENT 'Backend Table',
  `frontend_model` varchar(255) DEFAULT NULL COMMENT 'Frontend Model',
  `frontend_input` varchar(50) DEFAULT NULL COMMENT 'Frontend Input',
  `frontend_label` varchar(255) DEFAULT NULL COMMENT 'Frontend Label',
  `frontend_class` varchar(255) DEFAULT NULL COMMENT 'Frontend Class',
  `source_model` varchar(255) DEFAULT NULL COMMENT 'Source Model',
  `is_required` smallint unsigned NOT NULL DEFAULT '0' COMMENT 'Defines Is Required',
  `is_user_defined` smallint unsigned NOT NULL DEFAULT '0' COMMENT 'Defines Is User Defined',
  `default_value` text COMMENT 'Default Value',
  `is_unique` smallint unsigned NOT NULL DEFAULT '0' COMMENT 'Defines Is Unique',
  `note` varchar(255) DEFAULT NULL COMMENT 'Note',
  PRIMARY KEY (`attribute_id`),
  UNIQUE KEY `EAV_ATTRIBUTE_ENTITY_TYPE_ID_ATTRIBUTE_CODE` (`entity_type_id`,`attribute_code`),
  KEY `EAV_ATTRIBUTE_FRONTEND_INPUT_ENTITY_TYPE_ID_IS_USER_DEFINED` (`frontend_input`,`entity_type_id`,`is_user_defined`),
  CONSTRAINT `EAV_ATTRIBUTE_ENTITY_TYPE_ID_EAV_ENTITY_TYPE_ENTITY_TYPE_ID` FOREIGN KEY (`entity_type_id`) REFERENCES `eav_entity_type` (`entity_type_id`) ON DELETE CASCADE
) ENGINE=InnoDB AUTO_INCREMENT=239 DEFAULT CHARSET=utf8mb3 COMMENT='Eav Attribute';

--
-- Dumping data for table `eav_attribute`
--

INSERT INTO `eav_attribute` VALUES (1,1,'website_id',NULL,'Magento\\Customer\\Model\\Customer\\Attribute\\Backend\\Website','static',NULL,NULL,'select','Associate to Website',NULL,'Magento\\Customer\\Model\\Customer\\Attribute\\Source\\Website',1,0,NULL,0,NULL),(2,1,'store_id',NULL,'Magento\\Customer\\Model\\Customer\\Attribute\\Backend\\Store','static',NULL,NULL,'select','Create In',NULL,'Magento\\Customer\\Model\\Customer\\Attribute\\Source\\Store',1,0,NULL,0,NULL),(3,1,'created_in',NULL,NULL,'static',NULL,NULL,'text','Created From',NULL,NULL,0,0,NULL,0,NULL),(4,1,'prefix',NULL,NULL,'static',NULL,NULL,'text','Name Prefix',NULL,NULL,0,0,NULL,0,NULL),(5,1,'firstname',NULL,NULL,'static',NULL,NULL,'text','First Name',NULL,NULL,1,0,NULL,0,NULL),(6,1,'middlename',NULL,NULL,'static',NULL,NULL,'text','Middle Name/Initial',NULL,NULL,0,0,NULL,0,NULL),(7,1,'lastname',NULL,NULL,'static',NULL,NULL,'text','Last Name',NULL,NULL,1,0,NULL,0,NULL),(8,1,'suffix',NULL,NULL,'static',NULL,NULL,'text','Name Suffix',NULL,NULL,0,0,NULL,0,NULL),(9,1,'email',NULL,NULL,'static',NULL,NULL,'text','Email',NULL,NULL,1,0,NULL,0,NULL),(10,1,'group_id',NULL,NULL,'static',NULL,NULL,'select','Group',NULL,'Magento\\Customer\\Model\\Customer\\Attribute\\Source\\Group',1,0,NULL,0,NULL),(11,1,'dob',NULL,'Magento\\Eav\\Model\\Entity\\Attribute\\Backend\\Datetime','static',NULL,'Magento\\Eav\\Model\\Entity\\Attribute\\Frontend\\Datetime','date','Date of Birth',NULL,NULL,0,0,NULL,0,NULL),(12,1,'password_hash',NULL,'Magento\\Customer\\Model\\Customer\\Attribute\\Backend\\Password','static',NULL,NULL,'hidden',NULL,NULL,NULL,0,0,NULL,0,NULL),(13,1,'rp_token',NULL,NULL,'static',NULL,NULL,'hidden',NULL,NULL,NULL,0,0,NULL,0,NULL),(14,1,'rp_token_created_at',NULL,NULL,'static',NULL,NULL,'date',NULL,NULL,NULL,0,0,NULL,0,NULL),(15,1,'default_billing',NULL,'Magento\\Customer\\Model\\Customer\\Attribute\\Backend\\Billing','static',NULL,NULL,'text','Default Billing Address',NULL,NULL,0,0,NULL,0,NULL),(16,1,'default_shipping',NULL,'Magento\\Customer\\Model\\Customer\\Attribute\\Backend\\Shipping','static',NULL,NULL,'text','Default Shipping Address',NULL,NULL,0,0,NULL,0,NULL),(17,1,'taxvat',NULL,NULL,'static',NULL,NULL,'text','Tax/VAT Number',NULL,NULL,0,0,NULL,0,NULL),(18,1,'confirmation',NULL,NULL,'static',NULL,NULL,'text','Is Confirmed',NULL,NULL,0,0,NULL,0,NULL),(19,1,'created_at',NULL,NULL,'static',NULL,NULL,'date','Created At',NULL,NULL,0,0,NULL,0,NULL),(20,1,'gender',NULL,NULL,'static',NULL,NULL,'select','Gender',NULL,'Magento\\Eav\\Model\\Entity\\Attribute\\Source\\Table',0,0,NULL,0,NULL),(21,1,'disable_auto_group_change','Magento\\Customer\\Model\\Attribute','Magento\\Customer\\Model\\Attribute\\Backend\\Data\\Boolean','static',NULL,NULL,'boolean','Disable Automatic Group Change Based on VAT ID',NULL,NULL,0,0,NULL,0,NULL),(22,2,'prefix',NULL,NULL,'static',NULL,NULL,'text','Name Prefix',NULL,NULL,0,0,NULL,0,NULL),(23,2,'firstname',NULL,NULL,'static',NULL,NULL,'text','First Name',NULL,NULL,1,0,NULL,0,NULL),(24,2,'middlename',NULL,NULL,'static',NULL,NULL,'text','Middle Name/Initial',NULL,NULL,0,0,NULL,0,NULL),(25,2,'lastname',NULL,NULL,'static',NULL,NULL,'text','Last Name',NULL,NULL,1,0,NULL,0,NULL),(26,2,'suffix',NULL,NULL,'static',NULL,NULL,'text','Name Suffix',NULL,NULL,0,0,NULL,0,NULL),(27,2,'company',NULL,NULL,'static',NULL,NULL,'text','Company',NULL,NULL,0,0,NULL,0,NULL),(28,2,'street',NULL,'Magento\\Eav\\Model\\Entity\\Attribute\\Backend\\DefaultBackend','static',NULL,NULL,'multiline','Street Address',NULL,NULL,1,0,NULL,0,NULL),(29,2,'city',NULL,NULL,'static',NULL,NULL,'text','City',NULL,NULL,1,0,NULL,0,NULL),(30,2,'country_id',NULL,NULL,'static',NULL,NULL,'select','Country',NULL,'Magento\\Customer\\Model\\ResourceModel\\Address\\Attribute\\Source\\Country',1,0,NULL,0,NULL),(31,2,'region',NULL,'Magento\\Customer\\Model\\ResourceModel\\Address\\Attribute\\Backend\\Region','static',NULL,NULL,'text','State/Province',NULL,NULL,0,0,NULL,0,NULL),(32,2,'region_id',NULL,NULL,'static',NULL,NULL,'hidden','State/Province',NULL,'Magento\\Customer\\Model\\ResourceModel\\Address\\Attribute\\Source\\Region',0,0,NULL,0,NULL),(33,2,'postcode',NULL,NULL,'static',NULL,NULL,'text','Zip/Postal Code',NULL,NULL,0,0,NULL,0,NULL),(34,2,'telephone',NULL,NULL,'static',NULL,NULL,'text','Phone Number',NULL,NULL,1,0,NULL,0,NULL),(35,2,'fax',NULL,NULL,'static',NULL,NULL,'text','Fax',NULL,NULL,0,0,NULL,0,NULL),(36,2,'vat_id','Magento\\Customer\\Model\\Attribute',NULL,'static',NULL,NULL,'text','VAT Number',NULL,NULL,0,0,NULL,0,NULL),(37,2,'vat_is_valid',NULL,NULL,'static',NULL,NULL,'text','VAT number validity',NULL,NULL,0,0,NULL,0,NULL),(38,2,'vat_request_id',NULL,NULL,'static',NULL,NULL,'text','VAT number validation request ID',NULL,NULL,0,0,NULL,0,NULL),(39,2,'vat_request_date',NULL,NULL,'static',NULL,NULL,'text','VAT number validation request date',NULL,NULL,0,0,NULL,0,NULL),(40,2,'vat_request_success',NULL,NULL,'static',NULL,NULL,'text','VAT number validation request success',NULL,NULL,0,0,NULL,0,NULL),(41,1,'updated_at',NULL,NULL,'static',NULL,NULL,'date','Updated At',NULL,NULL,0,0,NULL,0,NULL),(42,1,'failures_num',NULL,NULL,'static',NULL,NULL,'hidden','Failures Number',NULL,NULL,0,0,NULL,0,NULL),(43,1,'first_failure',NULL,NULL,'static',NULL,NULL,'date','First Failure Date',NULL,NULL,0,0,NULL,0,NULL),(44,1,'lock_expires',NULL,NULL,'static',NULL,NULL,'date','Failures Number',NULL,NULL,0,0,NULL,0,NULL),(45,3,'name',NULL,NULL,'varchar',NULL,NULL,'text','Name',NULL,NULL,1,0,NULL,0,NULL),(46,3,'is_active',NULL,NULL,'int',NULL,NULL,'select','Is Active',NULL,'Magento\\Eav\\Model\\Entity\\Attribute\\Source\\Boolean',1,0,NULL,0,NULL),(47,3,'description',NULL,NULL,'text',NULL,NULL,'textarea','Description',NULL,NULL,0,0,NULL,0,NULL),(48,3,'image',NULL,'Magento\\Catalog\\Model\\Category\\Attribute\\Backend\\Image','varchar',NULL,NULL,'image','Image',NULL,NULL,0,0,NULL,0,NULL),(49,3,'meta_title',NULL,NULL,'varchar',NULL,NULL,'text','Page Title',NULL,NULL,0,0,NULL,0,NULL),(50,3,'meta_keywords',NULL,NULL,'text',NULL,NULL,'textarea','Meta Keywords',NULL,NULL,0,0,NULL,0,NULL),(51,3,'meta_description',NULL,NULL,'text',NULL,NULL,'textarea','Meta Description',NULL,NULL,0,0,NULL,0,NULL),(52,3,'display_mode',NULL,NULL,'varchar',NULL,NULL,'select','Display Mode',NULL,'Magento\\Catalog\\Model\\Category\\Attribute\\Source\\Mode',0,0,NULL,0,NULL),(53,3,'landing_page',NULL,NULL,'int',NULL,NULL,'select','CMS Block',NULL,'Magento\\Catalog\\Model\\Category\\Attribute\\Source\\Page',0,0,NULL,0,NULL),(54,3,'is_anchor',NULL,NULL,'int',NULL,NULL,'select','Is Anchor',NULL,'Magento\\Eav\\Model\\Entity\\Attribute\\Source\\Boolean',0,0,'1',0,NULL),(55,3,'path',NULL,NULL,'static',NULL,NULL,'text','Path',NULL,NULL,0,0,NULL,0,NULL),(56,3,'position',NULL,NULL,'static',NULL,NULL,'text','Position',NULL,NULL,0,0,NULL,0,NULL),(57,3,'all_children',NULL,NULL,'text',NULL,NULL,'text',NULL,NULL,NULL,0,0,NULL,0,NULL),(58,3,'path_in_store',NULL,NULL,'text',NULL,NULL,'text',NULL,NULL,NULL,0,0,NULL,0,NULL),(59,3,'children',NULL,NULL,'text',NULL,NULL,'text',NULL,NULL,NULL,0,0,NULL,0,NULL),(60,3,'custom_design',NULL,NULL,'varchar',NULL,NULL,'select','Custom Design',NULL,'Magento\\Theme\\Model\\Theme\\Source\\Theme',0,0,NULL,0,NULL),(61,3,'custom_design_from','Magento\\Catalog\\Model\\ResourceModel\\Eav\\Attribute','Magento\\Catalog\\Model\\Attribute\\Backend\\Startdate','datetime',NULL,'Magento\\Eav\\Model\\Entity\\Attribute\\Frontend\\Datetime','date','Active From',NULL,NULL,0,0,NULL,0,NULL),(62,3,'custom_design_to',NULL,'Magento\\Eav\\Model\\Entity\\Attribute\\Backend\\Datetime','datetime',NULL,NULL,'date','Active To',NULL,NULL,0,0,NULL,0,NULL),(63,3,'page_layout',NULL,NULL,'varchar',NULL,NULL,'select','Page Layout',NULL,'Magento\\Catalog\\Model\\Category\\Attribute\\Source\\Layout',0,0,NULL,0,NULL),(64,3,'custom_layout_update',NULL,'Magento\\Catalog\\Model\\Attribute\\Backend\\Customlayoutupdate','text',NULL,NULL,'textarea','Custom Layout Update',NULL,NULL,0,0,NULL,0,NULL),(65,3,'level',NULL,NULL,'static',NULL,NULL,'text','Level',NULL,NULL,0,0,NULL,0,NULL),(66,3,'children_count',NULL,NULL,'static',NULL,NULL,'text','Children Count',NULL,NULL,0,0,NULL,0,NULL),(67,3,'available_sort_by',NULL,'Magento\\Catalog\\Model\\Category\\Attribute\\Backend\\Sortby','text',NULL,NULL,'multiselect','Available Product Listing Sort By',NULL,'Magento\\Catalog\\Model\\Category\\Attribute\\Source\\Sortby',1,0,NULL,0,NULL),(68,3,'default_sort_by',NULL,'Magento\\Catalog\\Model\\Category\\Attribute\\Backend\\Sortby','varchar',NULL,NULL,'select','Default Product Listing Sort By',NULL,'Magento\\Catalog\\Model\\Category\\Attribute\\Source\\Sortby',1,0,NULL,0,NULL),(69,3,'include_in_menu',NULL,NULL,'int',NULL,NULL,'select','Include in Navigation Menu',NULL,'Magento\\Eav\\Model\\Entity\\Attribute\\Source\\Boolean',1,0,'1',0,NULL),(70,3,'custom_use_parent_settings',NULL,NULL,'int',NULL,NULL,'select','Use Parent Category Settings',NULL,'Magento\\Eav\\Model\\Entity\\Attribute\\Source\\Boolean',0,0,NULL,0,NULL),(71,3,'custom_apply_to_products',NULL,NULL,'int',NULL,NULL,'select','Apply To Products',NULL,'Magento\\Eav\\Model\\Entity\\Attribute\\Source\\Boolean',0,0,NULL,0,NULL),(72,3,'filter_price_range',NULL,NULL,'decimal',NULL,NULL,'text','Layered Navigation Price Step',NULL,NULL,0,0,NULL,0,NULL),(73,4,'name','Magento\\Catalog\\Model\\ResourceModel\\Eav\\Attribute',NULL,'varchar',NULL,NULL,'text','Product Name',NULL,NULL,1,0,NULL,0,NULL),(74,4,'sku','Magento\\Catalog\\Model\\ResourceModel\\Eav\\Attribute','Magento\\Catalog\\Model\\Product\\Attribute\\Backend\\Sku','static',NULL,NULL,'text','SKU','validate-length maximum-length-64',NULL,1,0,NULL,1,NULL),(75,4,'description',NULL,NULL,'text',NULL,NULL,'textarea','Description',NULL,NULL,0,0,NULL,0,NULL),(76,4,'short_description',NULL,NULL,'text',NULL,NULL,'textarea','Short Description',NULL,NULL,0,0,NULL,0,NULL),(77,4,'price',NULL,'Magento\\Catalog\\Model\\Product\\Attribute\\Backend\\Price','decimal',NULL,NULL,'price','Price',NULL,NULL,1,0,NULL,0,NULL),(78,4,'special_price','Magento\\Catalog\\Model\\ResourceModel\\Eav\\Attribute','Magento\\Catalog\\Model\\Product\\Attribute\\Backend\\Price','decimal',NULL,NULL,'price','Special Price',NULL,NULL,0,0,NULL,0,NULL),(79,4,'special_from_date',NULL,'Magento\\Catalog\\Model\\Attribute\\Backend\\Startdate','datetime',NULL,NULL,'date','Special Price From Date',NULL,NULL,0,0,NULL,0,NULL),(80,4,'special_to_date',NULL,'Magento\\Eav\\Model\\Entity\\Attribute\\Backend\\Datetime','datetime',NULL,NULL,'date','Special Price To Date',NULL,NULL,0,0,NULL,0,NULL),(81,4,'cost',NULL,'Magento\\Catalog\\Model\\Product\\Attribute\\Backend\\Price','decimal',NULL,NULL,'price','Cost',NULL,NULL,0,1,NULL,0,NULL),(82,4,'weight',NULL,'Magento\\Catalog\\Model\\Product\\Attribute\\Backend\\Weight','decimal',NULL,NULL,'weight','Weight',NULL,NULL,0,0,NULL,0,NULL),(83,4,'manufacturer',NULL,NULL,'int',NULL,NULL,'select','Manufacturer',NULL,NULL,0,1,NULL,0,NULL),(84,4,'meta_title',NULL,NULL,'varchar',NULL,NULL,'text','Meta Title',NULL,NULL,0,0,NULL,0,NULL),(85,4,'meta_keyword',NULL,NULL,'text',NULL,NULL,'textarea','Meta Keywords',NULL,NULL,0,0,NULL,0,NULL),(86,4,'meta_description',NULL,NULL,'varchar',NULL,NULL,'textarea','Meta Description',NULL,NULL,0,0,NULL,0,'Maximum 255 chars. Meta Description should optimally be between 150-160 characters'),(87,4,'image',NULL,NULL,'varchar',NULL,'Magento\\Catalog\\Model\\Product\\Attribute\\Frontend\\Image','media_image','Base',NULL,NULL,0,0,NULL,0,NULL),(88,4,'small_image',NULL,NULL,'varchar',NULL,'Magento\\Catalog\\Model\\Product\\Attribute\\Frontend\\Image','media_image','Small',NULL,NULL,0,0,NULL,0,NULL),(89,4,'thumbnail',NULL,NULL,'varchar',NULL,'Magento\\Catalog\\Model\\Product\\Attribute\\Frontend\\Image','media_image','Thumbnail',NULL,NULL,0,0,NULL,0,NULL),(90,4,'media_gallery',NULL,NULL,'static',NULL,NULL,'gallery','Media Gallery',NULL,NULL,0,0,NULL,0,NULL),(91,4,'old_id',NULL,NULL,'int',NULL,NULL,'text',NULL,NULL,NULL,0,0,NULL,0,NULL),(92,4,'tier_price',NULL,'Magento\\Catalog\\Model\\Product\\Attribute\\Backend\\Tierprice','decimal',NULL,NULL,'text','Tier Price',NULL,NULL,0,0,NULL,0,NULL),(93,4,'color',NULL,NULL,'int',NULL,NULL,'select','Color',NULL,NULL,0,1,'',0,NULL),(94,4,'news_from_date',NULL,'Magento\\Catalog\\Model\\Attribute\\Backend\\Startdate','datetime',NULL,NULL,'date','Set Product as New from Date',NULL,NULL,0,0,NULL,0,NULL),(95,4,'news_to_date',NULL,'Magento\\Eav\\Model\\Entity\\Attribute\\Backend\\Datetime','datetime',NULL,NULL,'date','Set Product as New to Date',NULL,NULL,0,0,NULL,0,NULL),(96,4,'gallery',NULL,NULL,'varchar',NULL,NULL,'gallery','Image Gallery',NULL,NULL,0,0,NULL,0,NULL),(97,4,'status',NULL,NULL,'int',NULL,NULL,'select','Enable Product',NULL,'Magento\\Catalog\\Model\\Product\\Attribute\\Source\\Status',0,0,'1',0,NULL),(98,4,'minimal_price','Magento\\Catalog\\Model\\ResourceModel\\Eav\\Attribute','Magento\\Catalog\\Model\\Product\\Attribute\\Backend\\Price','decimal',NULL,NULL,'price','Minimal Price',NULL,NULL,0,0,NULL,0,NULL),(99,4,'visibility',NULL,NULL,'int',NULL,NULL,'select','Visibility',NULL,'Magento\\Catalog\\Model\\Product\\Visibility',0,0,'4',0,NULL),(100,4,'custom_design',NULL,NULL,'varchar',NULL,NULL,'select','New Theme',NULL,'Magento\\Theme\\Model\\Theme\\Source\\Theme',0,0,NULL,0,NULL),(101,4,'custom_design_from',NULL,'Magento\\Catalog\\Model\\Attribute\\Backend\\Startdate','datetime',NULL,NULL,'date','Active From',NULL,NULL,0,0,NULL,0,NULL),(102,4,'custom_design_to',NULL,'Magento\\Eav\\Model\\Entity\\Attribute\\Backend\\Datetime','datetime',NULL,NULL,'date','Active To',NULL,NULL,0,0,NULL,0,NULL),(103,4,'custom_layout_update',NULL,'Magento\\Catalog\\Model\\Attribute\\Backend\\Customlayoutupdate','text',NULL,NULL,'textarea','Layout Update XML',NULL,NULL,0,0,NULL,0,NULL),(104,4,'page_layout',NULL,NULL,'varchar',NULL,NULL,'select','Layout',NULL,'Magento\\Catalog\\Model\\Product\\Attribute\\Source\\Layout',0,0,NULL,0,NULL),(105,4,'category_ids',NULL,'Magento\\Catalog\\Model\\Product\\Attribute\\Backend\\Category','static',NULL,NULL,'text','Categories',NULL,NULL,0,0,NULL,0,NULL),(106,4,'options_container',NULL,NULL,'varchar',NULL,NULL,'select','Display Product Options In',NULL,'Magento\\Catalog\\Model\\Entity\\Product\\Attribute\\Design\\Options\\Container',0,0,'container2',0,NULL),(107,4,'required_options',NULL,NULL,'static',NULL,NULL,'text',NULL,NULL,NULL,0,0,NULL,0,NULL),(108,4,'has_options',NULL,NULL,'static',NULL,NULL,'text',NULL,NULL,NULL,0,0,NULL,0,NULL),(109,4,'image_label',NULL,NULL,'varchar',NULL,NULL,'text','Image Label',NULL,NULL,0,0,NULL,0,NULL),(110,4,'small_image_label',NULL,NULL,'varchar',NULL,NULL,'text','Small Image Label',NULL,NULL,0,0,NULL,0,NULL),(111,4,'thumbnail_label',NULL,NULL,'varchar',NULL,NULL,'text','Thumbnail Label',NULL,NULL,0,0,NULL,0,NULL),(112,4,'created_at',NULL,NULL,'static',NULL,NULL,'date',NULL,NULL,NULL,1,0,NULL,0,NULL),(113,4,'updated_at',NULL,NULL,'static',NULL,NULL,'date',NULL,NULL,NULL,1,0,NULL,0,NULL),(114,4,'country_of_manufacture',NULL,NULL,'varchar',NULL,NULL,'select','Country of Manufacture',NULL,'Magento\\Catalog\\Model\\Product\\Attribute\\Source\\Countryofmanufacture',0,0,NULL,0,NULL),(115,4,'quantity_and_stock_status',NULL,'Magento\\Catalog\\Model\\Product\\Attribute\\Backend\\Stock','int',NULL,NULL,'select','Quantity',NULL,'Magento\\CatalogInventory\\Model\\Source\\Stock',0,0,'1',0,NULL),(116,4,'custom_layout',NULL,NULL,'varchar',NULL,NULL,'select','New Layout',NULL,'Magento\\Catalog\\Model\\Product\\Attribute\\Source\\Layout',0,0,NULL,0,NULL),(117,4,'custom_layout_update_file',NULL,'Magento\\Catalog\\Model\\Product\\Attribute\\Backend\\LayoutUpdate','varchar',NULL,NULL,'select','Custom Layout Update',NULL,'Magento\\Catalog\\Model\\Product\\Attribute\\Source\\LayoutUpdate',0,0,NULL,0,NULL),(118,3,'custom_layout_update_file',NULL,'Magento\\Catalog\\Model\\Category\\Attribute\\Backend\\LayoutUpdate','varchar',NULL,NULL,'select','Custom Layout Update',NULL,'Magento\\Catalog\\Model\\Category\\Attribute\\Source\\LayoutUpdate',0,0,NULL,0,NULL),(119,3,'url_key',NULL,NULL,'varchar',NULL,NULL,'text','URL Key',NULL,NULL,0,0,NULL,0,NULL),(120,3,'url_path',NULL,NULL,'varchar',NULL,NULL,'text',NULL,NULL,NULL,0,0,NULL,0,NULL),(121,4,'url_key',NULL,NULL,'varchar',NULL,NULL,'text','URL Key','validate-trailing-hyphen',NULL,0,0,NULL,0,NULL),(122,4,'url_path',NULL,NULL,'varchar',NULL,NULL,'text',NULL,NULL,NULL,0,0,NULL,0,NULL),(123,4,'msrp','Magento\\Catalog\\Model\\ResourceModel\\Eav\\Attribute','Magento\\Catalog\\Model\\Product\\Attribute\\Backend\\Price','decimal',NULL,NULL,'price','Minimum Advertised Price',NULL,NULL,0,0,NULL,0,NULL),(124,4,'msrp_display_actual_price_type',NULL,'Magento\\Catalog\\Model\\Product\\Attribute\\Backend\\Boolean','varchar',NULL,NULL,'select','Display Actual Price',NULL,'Magento\\Msrp\\Model\\Product\\Attribute\\Source\\Type\\Price',0,0,'0',0,NULL),(125,4,'links_purchased_separately',NULL,NULL,'int',NULL,NULL,NULL,'Links can be purchased separately',NULL,NULL,1,0,NULL,0,NULL),(126,4,'samples_title',NULL,NULL,'varchar',NULL,NULL,NULL,'Samples title',NULL,NULL,1,0,NULL,0,NULL),(127,4,'links_title',NULL,NULL,'varchar',NULL,NULL,NULL,'Links title',NULL,NULL,1,0,NULL,0,NULL),(128,4,'links_exist',NULL,NULL,'int',NULL,NULL,NULL,NULL,NULL,NULL,0,0,NULL,0,NULL),(129,4,'price_type',NULL,NULL,'int',NULL,NULL,'boolean','Dynamic Price',NULL,NULL,1,0,'0',0,NULL),(130,4,'sku_type',NULL,NULL,'int',NULL,NULL,'boolean','Dynamic SKU',NULL,NULL,1,0,'0',0,NULL),(131,4,'weight_type',NULL,NULL,'int',NULL,NULL,'boolean','Dynamic Weight',NULL,NULL,1,0,'0',0,NULL),(132,4,'price_view',NULL,NULL,'int',NULL,NULL,'select','Price View',NULL,'Magento\\Bundle\\Model\\Product\\Attribute\\Source\\Price\\View',1,0,NULL,0,NULL),(133,4,'shipment_type',NULL,NULL,'int',NULL,NULL,'select','Ship Bundle Items',NULL,'Magento\\Bundle\\Model\\Product\\Attribute\\Source\\Shipment\\Type',1,0,'0',0,NULL),(134,4,'gift_message_available',NULL,'Magento\\Catalog\\Model\\Product\\Attribute\\Backend\\Boolean','varchar',NULL,NULL,'select','Allow Gift Message',NULL,'Magento\\Catalog\\Model\\Product\\Attribute\\Source\\Boolean',0,0,NULL,0,NULL),(135,4,'swatch_image',NULL,NULL,'varchar',NULL,'Magento\\Catalog\\Model\\Product\\Attribute\\Frontend\\Image','media_image','Swatch',NULL,NULL,0,0,NULL,0,NULL),(136,4,'tax_class_id',NULL,NULL,'int',NULL,NULL,'select','Tax Class',NULL,'Magento\\Tax\\Model\\TaxClass\\Source\\Product',0,0,'2',0,NULL),(137,3,'first_tab',NULL,NULL,'text',NULL,NULL,'textarea','First Tab',NULL,NULL,0,1,NULL,0,NULL),(138,3,'second_tab',NULL,NULL,'text',NULL,NULL,'textarea','Second Tab',NULL,NULL,0,1,NULL,0,NULL),(139,3,'third_tab',NULL,NULL,'text',NULL,NULL,'textarea','Third Tab',NULL,NULL,0,1,NULL,0,NULL),(140,4,'kitchen_sinks',NULL,NULL,'int',NULL,NULL,'boolean','Kitchen Sinks',NULL,NULL,0,1,'0',0,NULL),(141,4,'bestsellers',NULL,NULL,'int',NULL,NULL,'boolean','Bestsellers',NULL,NULL,0,1,'0',0,NULL),(142,4,'bath_enclosures',NULL,NULL,'int',NULL,NULL,'boolean','Bath Enclosures',NULL,NULL,0,1,'0',0,NULL),(143,4,'whirlpool_baths',NULL,NULL,'int',NULL,NULL,'boolean','Whirlpool Baths',NULL,'Magento\\Eav\\Model\\Entity\\Attribute\\Source\\Boolean',0,1,'0',0,NULL),(144,4,'shower_baths',NULL,NULL,'int',NULL,NULL,'boolean','Shower Baths',NULL,'Magento\\Eav\\Model\\Entity\\Attribute\\Source\\Boolean',0,1,'0',0,NULL),(145,4,'product_faq',NULL,NULL,'text',NULL,NULL,'textarea','Question And Answer',NULL,NULL,0,1,NULL,0,NULL),(146,4,'product_dimensions',NULL,NULL,'text',NULL,NULL,'textarea','Dimensions',NULL,NULL,0,1,NULL,0,NULL),(147,4,'top_rated',NULL,NULL,'int',NULL,NULL,'boolean','Top Rated',NULL,'Magento\\Eav\\Model\\Entity\\Attribute\\Source\\Boolean',0,1,'0',0,NULL),(148,4,'available_shipping_methods',NULL,'MageWorx\\ShippingRules\\Model\\Attribute\\Backend\\AvailableShippingMethods','text',NULL,'MageWorx\\ShippingRules\\Model\\Attribute\\Frontend\\AvailableShippingMethods','multiselect','Available Shipping Methods',NULL,'MageWorx\\ShippingRules\\Model\\Attribute\\Source\\AvailableShippingMethods',0,0,NULL,0,NULL),(149,4,'bss_productattachment',NULL,'Magento\\Eav\\Model\\Entity\\Attribute\\Backend\\ArrayBackend','varchar',NULL,NULL,'multiselect','File Attachment',NULL,'Bss\\ProductAttachment\\Model\\Attribute\\Source\\File',0,0,NULL,0,NULL),(150,4,'hide_shipping_calculator',NULL,'Magento\\Catalog\\Model\\Product\\Attribute\\Backend\\Boolean','int',NULL,NULL,'boolean','Hide Shipping Calculator',NULL,'Magento\\Catalog\\Model\\Product\\Attribute\\Source\\Boolean',0,0,'0',0,NULL),(151,3,'hide_shipping_calculator',NULL,'Magento\\Catalog\\Model\\Product\\Attribute\\Backend\\Boolean','int',NULL,NULL,'boolean','Hide Shipping Calculator',NULL,'Magento\\Catalog\\Model\\Product\\Attribute\\Source\\Boolean',0,0,'0',0,NULL),(152,4,'heat_output',NULL,NULL,'varchar',NULL,NULL,'text','Heat Output -',NULL,NULL,0,1,NULL,0,NULL),(153,3,'category_custom_editorup',NULL,NULL,'text',NULL,NULL,'textarea','Category Bottom content',NULL,NULL,0,1,NULL,0,NULL),(155,4,'imegamedia_finance_filter',NULL,NULL,'text',NULL,NULL,'text','Imegamedia Finance Filter',NULL,NULL,0,0,NULL,0,NULL),(156,4,'price_per_unit',NULL,NULL,'text',NULL,NULL,'text','Price Per Unit',NULL,NULL,0,0,'0',0,NULL),(157,1,'mp_smtp_is_synced',NULL,NULL,'int',NULL,NULL,'hidden','Mp SMTP is synced',NULL,NULL,0,0,NULL,0,NULL),(158,3,'magic_label',NULL,NULL,'varchar',NULL,NULL,'text','Label','validate-length maximum-length-255',NULL,0,0,NULL,0,'Example: New,Hot,... Maximum 255 chars'),(159,3,'magic_thumbnail',NULL,'Magento\\Catalog\\Model\\Category\\Attribute\\Backend\\Image','varchar',NULL,NULL,'image','Thumbnail',NULL,NULL,0,0,NULL,0,NULL),(160,3,'magic_image',NULL,'Magento\\Catalog\\Model\\Category\\Attribute\\Backend\\Image','varchar',NULL,NULL,'image','Image',NULL,NULL,0,0,NULL,0,NULL),(161,4,'featured',NULL,NULL,'int',NULL,NULL,'boolean','Featured Product',NULL,NULL,0,1,NULL,0,NULL),(162,4,'product_brand',NULL,'Magento\\Eav\\Model\\Entity\\Attribute\\Backend\\ArrayBackend','varchar',NULL,NULL,'multiselect','Product Brand',NULL,'Ves\\Brand\\Model\\Brandlist',0,1,NULL,0,NULL),(163,3,'is_home',NULL,NULL,'int',NULL,NULL,'boolean','Is Home Category',NULL,'Magento\\Eav\\Model\\Entity\\Attribute\\Source\\Boolean',0,0,'0',0,NULL),(164,4,'pressure_bar',NULL,NULL,'int',NULL,NULL,'select','pressure_bar',NULL,'Magento\\Eav\\Model\\Entity\\Attribute\\Source\\Table',0,1,'',0,NULL),(165,4,'offer',NULL,'Magento\\Eav\\Model\\Entity\\Attribute\\Backend\\ArrayBackend','text',NULL,NULL,'multiselect','Offer',NULL,NULL,0,1,'',0,NULL),(166,4,'cabinet_width',NULL,NULL,'int',NULL,NULL,'select','Cabinet Width',NULL,'Magento\\Eav\\Model\\Entity\\Attribute\\Source\\Table',0,1,'',0,NULL),(167,4,'material',NULL,NULL,'int',NULL,NULL,'select','Material',NULL,'Magento\\Eav\\Model\\Entity\\Attribute\\Source\\Table',0,1,'',0,NULL),(168,4,'mount_type',NULL,'Magento\\Eav\\Model\\Entity\\Attribute\\Backend\\ArrayBackend','text',NULL,NULL,'multiselect','Mount Type',NULL,NULL,0,1,'',0,NULL),(169,4,'number_of_bowls',NULL,NULL,'int',NULL,NULL,'select','Number of Bowls',NULL,'Magento\\Eav\\Model\\Entity\\Attribute\\Source\\Table',0,1,'',0,NULL),(170,4,'products_by_category',NULL,NULL,'int',NULL,NULL,'select','products_by_category',NULL,'Magento\\Eav\\Model\\Entity\\Attribute\\Source\\Table',0,1,'',0,NULL),(171,4,'bath_length',NULL,'Magento\\Eav\\Model\\Entity\\Attribute\\Backend\\ArrayBackend','text',NULL,NULL,'multiselect','Bath Length',NULL,NULL,0,1,'',0,NULL),(172,4,'bath_style',NULL,NULL,'int',NULL,NULL,'select','Bath Style',NULL,'Magento\\Eav\\Model\\Entity\\Attribute\\Source\\Table',0,1,'',0,NULL),(173,4,'bath_type',NULL,'Magento\\Eav\\Model\\Entity\\Attribute\\Backend\\ArrayBackend','text',NULL,NULL,'multiselect',' Bath Type',NULL,NULL,0,1,'',0,NULL),(174,4,'glass_thickness',NULL,NULL,'int',NULL,NULL,'select','Glass Thickness',NULL,'Magento\\Eav\\Model\\Entity\\Attribute\\Source\\Table',0,1,'',0,NULL),(175,4,'tap_style',NULL,NULL,'int',NULL,NULL,'select','Tap Style',NULL,'Magento\\Eav\\Model\\Entity\\Attribute\\Source\\Table',0,1,'',0,NULL),(176,4,'tap_type',NULL,'Magento\\Eav\\Model\\Entity\\Attribute\\Backend\\ArrayBackend','text',NULL,NULL,'multiselect','Tap type',NULL,NULL,0,1,'',0,NULL),(177,4,'basin_width',NULL,NULL,'int',NULL,NULL,'select','Basin Width',NULL,'Magento\\Eav\\Model\\Entity\\Attribute\\Source\\Table',0,1,'',0,NULL),(178,4,'basin_depth',NULL,NULL,'int',NULL,NULL,'select','Basin Depth',NULL,'Magento\\Eav\\Model\\Entity\\Attribute\\Source\\Table',0,1,'',0,NULL),(179,4,'flush_type',NULL,NULL,'int',NULL,NULL,'select','Flush Type',NULL,'Magento\\Eav\\Model\\Entity\\Attribute\\Source\\Table',0,1,'',0,NULL),(180,4,'toilet_width',NULL,NULL,'int',NULL,NULL,'select','Toilet Width',NULL,'Magento\\Eav\\Model\\Entity\\Attribute\\Source\\Table',0,1,'',0,NULL),(181,4,'toilet_style',NULL,NULL,'int',NULL,NULL,'select','Toilet Style',NULL,'Magento\\Eav\\Model\\Entity\\Attribute\\Source\\Table',0,1,'',0,NULL),(182,4,'toilet_projection',NULL,NULL,'int',NULL,NULL,'select','Toilet Projection',NULL,'Magento\\Eav\\Model\\Entity\\Attribute\\Source\\Table',0,1,'',0,NULL),(183,4,'toilet_full_height',NULL,NULL,'int',NULL,NULL,'select','Toilet Full Height',NULL,'Magento\\Eav\\Model\\Entity\\Attribute\\Source\\Table',0,1,'',0,NULL),(184,4,'installation',NULL,NULL,'int',NULL,NULL,'select','Installation',NULL,'Magento\\Eav\\Model\\Entity\\Attribute\\Source\\Table',0,1,'',0,NULL),(185,4,'fuel_type',NULL,'Magento\\Eav\\Model\\Entity\\Attribute\\Backend\\ArrayBackend','text',NULL,NULL,'multiselect','Fuel Type',NULL,NULL,0,1,'',0,NULL),(186,4,'colour',NULL,'Magento\\Eav\\Model\\Entity\\Attribute\\Backend\\ArrayBackend','text',NULL,NULL,'multiselect','Colour',NULL,NULL,0,1,'',0,NULL),(187,4,'built_type',NULL,'Magento\\Eav\\Model\\Entity\\Attribute\\Backend\\ArrayBackend','text',NULL,NULL,'multiselect','Built Type',NULL,NULL,0,1,'',0,NULL),(188,4,'oven_type',NULL,'Magento\\Eav\\Model\\Entity\\Attribute\\Backend\\ArrayBackend','text',NULL,NULL,'multiselect','Oven Type',NULL,NULL,0,1,'',0,NULL),(189,4,'cleaning',NULL,'Magento\\Eav\\Model\\Entity\\Attribute\\Backend\\ArrayBackend','text',NULL,NULL,'multiselect','Cleaning',NULL,NULL,0,1,'',0,NULL),(190,4,'size',NULL,NULL,'int',NULL,NULL,'select','Size',NULL,'Magento\\Eav\\Model\\Entity\\Attribute\\Source\\Table',0,1,'',0,NULL),(191,4,'number_of_cooking_zones',NULL,NULL,'int',NULL,NULL,'select','Number of Cooking Zones',NULL,'Magento\\Eav\\Model\\Entity\\Attribute\\Source\\Table',0,1,'',0,NULL),(192,4,'hoods_type',NULL,NULL,'int',NULL,NULL,'select','Hoods Type',NULL,'Magento\\Eav\\Model\\Entity\\Attribute\\Source\\Table',0,1,'',0,NULL),(193,4,'hob_type',NULL,'Magento\\Eav\\Model\\Entity\\Attribute\\Backend\\ArrayBackend','text',NULL,NULL,'multiselect','Hob Type',NULL,NULL,0,1,'',0,NULL),(194,4,'hoods_width_mm',NULL,'Magento\\Eav\\Model\\Entity\\Attribute\\Backend\\ArrayBackend','text',NULL,NULL,'multiselect','Hoods Width (mm)',NULL,NULL,0,1,'',0,NULL),(195,4,'fire_width',NULL,'Magento\\Eav\\Model\\Entity\\Attribute\\Backend\\ArrayBackend','text',NULL,NULL,'multiselect','Fire Width',NULL,NULL,0,1,'',0,NULL),(196,4,'fire_type',NULL,'Magento\\Eav\\Model\\Entity\\Attribute\\Backend\\ArrayBackend','text',NULL,NULL,'multiselect','Fire Type',NULL,NULL,0,1,'',0,NULL),(197,4,'fire_style',NULL,'Magento\\Eav\\Model\\Entity\\Attribute\\Backend\\ArrayBackend','text',NULL,NULL,'multiselect',' Fire Style',NULL,NULL,0,1,'',0,NULL),(198,4,'fire_frontage',NULL,NULL,'int',NULL,NULL,'select','Fire Frontage',NULL,'Magento\\Eav\\Model\\Entity\\Attribute\\Source\\Table',0,1,'',0,NULL),(199,4,'fit_type',NULL,'Magento\\Eav\\Model\\Entity\\Attribute\\Backend\\ArrayBackend','text',NULL,NULL,'multiselect','Fit type',NULL,NULL,0,1,'',0,NULL),(200,4,'features',NULL,'Magento\\Eav\\Model\\Entity\\Attribute\\Backend\\ArrayBackend','text',NULL,NULL,'multiselect','Features',NULL,NULL,0,1,'',0,NULL),(201,4,'height',NULL,'Magento\\Eav\\Model\\Entity\\Attribute\\Backend\\ArrayBackend','text',NULL,NULL,'multiselect','Height',NULL,NULL,0,1,'',0,NULL),(202,4,'defrost_type',NULL,'Magento\\Eav\\Model\\Entity\\Attribute\\Backend\\ArrayBackend','text',NULL,NULL,'multiselect','Defrost Type',NULL,NULL,0,1,'',0,NULL),(203,4,'unit_width',NULL,NULL,'int',NULL,NULL,'select','Unit Width',NULL,'Magento\\Eav\\Model\\Entity\\Attribute\\Source\\Table',0,1,'',0,NULL),(204,4,'configuration',NULL,'Magento\\Eav\\Model\\Entity\\Attribute\\Backend\\ArrayBackend','text',NULL,NULL,'multiselect','Configuration',NULL,NULL,0,1,'',0,NULL),(205,4,'radiator_style',NULL,'Magento\\Eav\\Model\\Entity\\Attribute\\Backend\\ArrayBackend','text',NULL,NULL,'multiselect','Radiator Style',NULL,NULL,0,1,'',0,NULL),(206,4,'output_btu',NULL,'Magento\\Eav\\Model\\Entity\\Attribute\\Backend\\ArrayBackend','text',NULL,NULL,'multiselect','Output (BTU)',NULL,NULL,0,1,'',0,NULL),(207,4,'radiator_height',NULL,'Magento\\Eav\\Model\\Entity\\Attribute\\Backend\\ArrayBackend','text',NULL,NULL,'multiselect','Radiator Height',NULL,NULL,0,1,'',0,NULL),(208,4,'enclosure_shape',NULL,NULL,'int',NULL,NULL,'select','Enclosure Shape',NULL,'Magento\\Eav\\Model\\Entity\\Attribute\\Source\\Table',0,1,'',0,NULL),(209,4,'width_mm',NULL,'Magento\\Eav\\Model\\Entity\\Attribute\\Backend\\ArrayBackend','text',NULL,NULL,'multiselect','Width (mm)',NULL,NULL,0,1,'',0,NULL),(210,4,'depth_mm',NULL,'Magento\\Eav\\Model\\Entity\\Attribute\\Backend\\ArrayBackend','text',NULL,NULL,'multiselect','Depth (mm)',NULL,NULL,0,1,'',0,NULL),(211,4,'opening_style',NULL,NULL,'int',NULL,NULL,'select','Opening style',NULL,'Magento\\Eav\\Model\\Entity\\Attribute\\Source\\Table',0,1,'',0,NULL),(212,4,'bath_size',NULL,'Magento\\Eav\\Model\\Entity\\Attribute\\Backend\\ArrayBackend','text',NULL,NULL,'multiselect','Bath Size',NULL,NULL,0,1,'',0,NULL),(213,4,'type',NULL,'Magento\\Eav\\Model\\Entity\\Attribute\\Backend\\ArrayBackend','text',NULL,NULL,'multiselect','Type',NULL,NULL,0,1,'',0,NULL),(214,4,'heat_output_new',NULL,'Magento\\Eav\\Model\\Entity\\Attribute\\Backend\\ArrayBackend','text',NULL,NULL,'multiselect','Heat Output New',NULL,NULL,0,1,'',0,NULL),(215,4,'length',NULL,'Magento\\Eav\\Model\\Entity\\Attribute\\Backend\\ArrayBackend','text',NULL,NULL,'multiselect','length',NULL,NULL,0,1,'',0,NULL),(216,4,'radiator_length',NULL,'Magento\\Eav\\Model\\Entity\\Attribute\\Backend\\ArrayBackend','text',NULL,NULL,'multiselect','Radiator Length',NULL,NULL,0,1,'',0,NULL),(217,4,'radiator_width',NULL,'Magento\\Eav\\Model\\Entity\\Attribute\\Backend\\ArrayBackend','text',NULL,NULL,'multiselect','Radiator Width',NULL,NULL,0,1,'',0,NULL),(218,4,'fridge_style',NULL,NULL,'int',NULL,NULL,'select','Fridge Style',NULL,'Magento\\Eav\\Model\\Entity\\Attribute\\Source\\Table',0,1,'',0,NULL),(219,4,'tube_diameter',NULL,NULL,'int',NULL,NULL,'select','Tube Diameter',NULL,'Magento\\Eav\\Model\\Entity\\Attribute\\Source\\Table',0,1,'',0,NULL),(220,4,'width',NULL,'Magento\\Eav\\Model\\Entity\\Attribute\\Backend\\ArrayBackend','text',NULL,NULL,'multiselect','Width',NULL,NULL,0,1,'',0,NULL),(222,4,'termconditioncheckbox',NULL,NULL,'int',NULL,NULL,'boolean','Terms & Conditions',NULL,'Magento\\Eav\\Model\\Entity\\Attribute\\Source\\Boolean',0,1,'0',0,NULL),(223,4,'simple_product_preselect',NULL,NULL,'varchar',NULL,NULL,'text','Simple Product',NULL,NULL,0,1,NULL,0,NULL),(224,3,'tab_1_title',NULL,NULL,'text',NULL,NULL,'textarea','Tab 1 Title',NULL,NULL,0,0,NULL,0,NULL),(225,3,'tab_2_title',NULL,NULL,'text',NULL,NULL,'textarea','Tab 2 Title',NULL,NULL,0,0,NULL,0,NULL),(226,3,'tab_3_title',NULL,NULL,'text',NULL,NULL,'textarea','Tab 3 Title',NULL,NULL,0,0,NULL,0,NULL),(227,3,'tab_1_content',NULL,NULL,'text',NULL,NULL,'textarea','Tab 1 Content',NULL,NULL,0,0,NULL,0,NULL),(228,3,'tab_2_content',NULL,NULL,'text',NULL,NULL,'textarea','Tab 2 Content',NULL,NULL,0,0,NULL,0,NULL),(229,3,'tab_3_content',NULL,NULL,'text',NULL,NULL,'textarea','Tab 3 Content',NULL,NULL,0,0,NULL,0,NULL),(230,3,'first_content',NULL,NULL,'text',NULL,NULL,'textarea','First Content',NULL,NULL,0,1,NULL,0,NULL),(231,3,'second_content',NULL,NULL,'text',NULL,NULL,'textarea','Second Content',NULL,NULL,0,1,NULL,0,NULL),(232,3,'third_content',NULL,NULL,'text',NULL,NULL,'textarea','Third Content',NULL,NULL,0,1,NULL,0,NULL),(233,3,'tab_image',NULL,'Magento\\Catalog\\Model\\Category\\Attribute\\Backend\\Image','varchar',NULL,NULL,'image','Tab Image',NULL,NULL,0,1,NULL,0,NULL),(234,3,'shop_by_category_section_title',NULL,NULL,'text',NULL,NULL,'textarea','Shop by Category Section Title',NULL,NULL,0,1,NULL,0,NULL),(237,3,'category_bottom_category_editorup_new',NULL,NULL,'text',NULL,NULL,'textarea','Bottom Category Content',NULL,NULL,0,1,NULL,0,NULL),(238,4,'category_bottom_category_editorup_new',NULL,NULL,'text',NULL,NULL,'textarea',' Tab',NULL,NULL,0,1,NULL,0,NULL);

--
-- Table structure for table `catalog_eav_attribute`
--

CREATE TABLE `catalog_eav_attribute` (
  `attribute_id` smallint unsigned NOT NULL COMMENT 'Attribute ID',
  `frontend_input_renderer` varchar(255) DEFAULT NULL COMMENT 'Frontend Input Renderer',
  `is_global` smallint unsigned NOT NULL DEFAULT '1' COMMENT 'Is Global',
  `is_visible` smallint unsigned NOT NULL DEFAULT '1' COMMENT 'Is Visible',
  `is_searchable` smallint unsigned NOT NULL DEFAULT '0' COMMENT 'Is Searchable',
  `is_filterable` smallint unsigned NOT NULL DEFAULT '0' COMMENT 'Is Filterable',
  `is_comparable` smallint unsigned NOT NULL DEFAULT '0' COMMENT 'Is Comparable',
  `is_visible_on_front` smallint unsigned NOT NULL DEFAULT '0' COMMENT 'Is Visible On Front',
  `is_html_allowed_on_front` smallint unsigned NOT NULL DEFAULT '0' COMMENT 'Is HTML Allowed On Front',
  `is_used_for_price_rules` smallint unsigned NOT NULL DEFAULT '0' COMMENT 'Is Used For Price Rules',
  `is_filterable_in_search` smallint unsigned NOT NULL DEFAULT '0' COMMENT 'Is Filterable In Search',
  `used_in_product_listing` smallint unsigned NOT NULL DEFAULT '0' COMMENT 'Is Used In Product Listing',
  `used_for_sort_by` smallint unsigned NOT NULL DEFAULT '0' COMMENT 'Is Used For Sorting',
  `apply_to` varchar(255) DEFAULT NULL COMMENT 'Apply To',
  `is_visible_in_advanced_search` smallint unsigned NOT NULL DEFAULT '0' COMMENT 'Is Visible In Advanced Search',
  `position` int NOT NULL DEFAULT '0' COMMENT 'Position',
  `is_wysiwyg_enabled` smallint unsigned NOT NULL DEFAULT '0' COMMENT 'Is WYSIWYG Enabled',
  `is_used_for_promo_rules` smallint unsigned NOT NULL DEFAULT '0' COMMENT 'Is Used For Promo Rules',
  `is_required_in_admin_store` smallint unsigned NOT NULL DEFAULT '0' COMMENT 'Is Required In Admin Store',
  `is_used_in_grid` smallint unsigned NOT NULL DEFAULT '0' COMMENT 'Is Used in Grid',
  `is_visible_in_grid` smallint unsigned NOT NULL DEFAULT '0' COMMENT 'Is Visible in Grid',
  `is_filterable_in_grid` smallint unsigned NOT NULL DEFAULT '0' COMMENT 'Is Filterable in Grid',
  `search_weight` float NOT NULL DEFAULT '1' COMMENT 'Search Weight',
  `is_pagebuilder_enabled` tinyint(1) NOT NULL DEFAULT '0' COMMENT 'Is PageBuilder Enabled',
  `additional_data` text COMMENT 'Additional swatch attributes data',
  PRIMARY KEY (`attribute_id`),
  KEY `CATALOG_EAV_ATTRIBUTE_USED_FOR_SORT_BY` (`used_for_sort_by`),
  KEY `CATALOG_EAV_ATTRIBUTE_USED_IN_PRODUCT_LISTING` (`used_in_product_listing`),
  CONSTRAINT `CATALOG_EAV_ATTRIBUTE_ATTRIBUTE_ID_EAV_ATTRIBUTE_ATTRIBUTE_ID` FOREIGN KEY (`attribute_id`) REFERENCES `eav_attribute` (`attribute_id`) ON DELETE CASCADE
) ENGINE=InnoDB DEFAULT CHARSET=utf8mb3 COMMENT='Catalog EAV Attribute Table';

--
-- Dumping data for table `catalog_eav_attribute`
--

INSERT INTO `catalog_eav_attribute` VALUES (45,NULL,0,1,0,0,0,0,0,0,0,0,0,NULL,0,0,0,0,0,0,0,0,1,0,NULL),(46,NULL,0,1,0,0,0,0,0,0,0,0,0,NULL,0,0,0,0,0,0,0,0,1,0,NULL),(47,NULL,0,1,0,0,0,0,1,0,0,0,0,NULL,0,0,1,0,0,0,0,0,1,0,NULL),(48,NULL,0,1,0,0,0,0,0,0,0,0,0,NULL,0,0,0,0,0,0,0,0,1,0,NULL),(49,NULL,0,1,0,0,0,0,0,0,0,0,0,NULL,0,0,0,0,0,0,0,0,1,0,NULL),(50,NULL,0,1,0,0,0,0,0,0,0,0,0,NULL,0,0,0,0,0,0,0,0,1,0,NULL),(51,NULL,0,1,0,0,0,0,0,0,0,0,0,NULL,0,0,0,0,0,0,0,0,1,0,NULL),(52,NULL,0,1,0,0,0,0,0,0,0,0,0,NULL,0,0,0,0,0,0,0,0,1,0,NULL),(53,NULL,0,1,0,0,0,0,0,0,0,0,0,NULL,0,0,0,0,0,0,0,0,1,0,NULL),(54,NULL,1,1,0,0,0,0,0,0,0,0,0,NULL,0,0,0,0,0,0,0,0,1,0,NULL),(55,NULL,1,0,0,0,0,0,0,0,0,0,0,NULL,0,0,0,0,0,0,0,0,1,0,NULL),(56,NULL,1,0,0,0,0,0,0,0,0,0,0,NULL,0,0,0,0,0,0,0,0,1,0,NULL),(57,NULL,1,0,0,0,0,0,0,0,0,0,0,NULL,0,0,0,0,0,0,0,0,1,0,NULL),(58,NULL,1,0,0,0,0,0,0,0,0,0,0,NULL,0,0,0,0,0,0,0,0,1,0,NULL),(59,NULL,1,0,0,0,0,0,0,0,0,0,0,NULL,0,0,0,0,0,0,0,0,1,0,NULL),(60,NULL,0,1,0,0,0,0,0,0,0,0,0,NULL,0,0,0,0,0,0,0,0,1,0,NULL),(61,NULL,0,1,0,0,0,0,0,0,0,0,0,NULL,0,0,0,0,0,0,0,0,1,0,NULL),(62,NULL,0,1,0,0,0,0,0,0,0,0,0,NULL,0,0,0,0,0,0,0,0,1,0,NULL),(63,NULL,0,1,0,0,0,0,0,0,0,0,0,NULL,0,0,0,0,0,0,0,0,1,0,NULL),(64,NULL,0,0,0,0,0,0,0,0,0,0,0,NULL,0,0,0,0,0,0,0,0,1,0,NULL),(65,NULL,1,0,0,0,0,0,0,0,0,0,0,NULL,0,0,0,0,0,0,0,0,1,0,NULL),(66,NULL,1,0,0,0,0,0,0,0,0,0,0,NULL,0,0,0,0,0,0,0,0,1,0,NULL),(67,'Magento\\Catalog\\Block\\Adminhtml\\Category\\Helper\\Sortby\\Available',0,1,0,0,0,0,0,0,0,0,0,NULL,0,0,0,0,0,0,0,0,1,0,NULL),(68,'Magento\\Catalog\\Block\\Adminhtml\\Category\\Helper\\Sortby\\DefaultSortby',0,1,0,0,0,0,0,0,0,0,0,NULL,0,0,0,0,0,0,0,0,1,0,NULL),(69,NULL,0,1,0,0,0,0,0,0,0,0,0,NULL,0,0,0,0,0,0,0,0,1,0,NULL),(70,NULL,0,1,0,0,0,0,0,0,0,0,0,NULL,0,0,0,0,0,0,0,0,1,0,NULL),(71,NULL,0,1,0,0,0,0,0,0,0,0,0,NULL,0,0,0,0,0,0,0,0,1,0,NULL),(72,'Magento\\Catalog\\Block\\Adminhtml\\Category\\Helper\\Pricestep',0,1,0,0,0,0,0,0,0,0,0,NULL,0,0,0,0,0,0,0,0,1,0,NULL),(73,NULL,0,1,1,0,0,0,0,0,0,1,1,NULL,1,0,0,0,0,0,0,0,5,0,NULL),(74,NULL,1,1,1,0,1,0,0,0,0,0,0,NULL,1,0,0,0,0,0,0,0,6,0,NULL),(75,NULL,0,1,1,0,1,0,1,0,0,0,0,NULL,1,0,1,0,0,0,0,0,1,1,NULL),(76,NULL,0,1,1,0,1,0,1,0,0,1,0,NULL,1,0,1,0,0,1,0,0,1,0,NULL),(77,NULL,1,1,1,1,1,1,0,0,1,1,1,'simple,virtual,downloadable,bundle,configurable',1,0,0,0,0,0,0,0,1,0,NULL),(78,NULL,1,1,0,0,0,0,0,0,0,1,0,'simple,virtual,downloadable,bundle,configurable',0,0,0,0,0,1,0,1,1,0,NULL),(79,NULL,2,1,0,0,0,0,0,0,0,1,0,'simple,virtual,downloadable,bundle,configurable',0,0,0,0,0,1,0,0,1,0,NULL),(80,NULL,2,1,0,0,0,0,0,0,0,1,0,'simple,virtual,downloadable,bundle,configurable',0,0,0,0,0,1,0,0,1,0,NULL),(81,NULL,1,1,0,0,0,0,0,0,0,0,0,'simple,virtual,downloadable',0,0,0,0,0,1,0,1,1,0,NULL),(82,'Magento\\Catalog\\Block\\Adminhtml\\Product\\Helper\\Form\\Weight',1,1,0,0,0,0,0,0,0,0,0,'simple,virtual,downloadable,bundle,configurable',0,0,0,0,0,1,0,1,1,0,NULL),(83,NULL,1,1,1,1,1,0,0,0,0,0,0,'simple,configurable',1,0,0,0,0,1,0,1,1,0,NULL),(84,NULL,0,1,0,0,0,0,0,0,0,0,0,NULL,0,0,0,0,0,1,0,1,1,0,NULL),(85,NULL,0,1,0,0,0,0,0,0,0,0,0,NULL,0,0,0,0,0,1,0,1,1,0,NULL),(86,NULL,0,1,0,0,0,0,0,0,0,0,0,NULL,0,0,0,0,0,1,0,1,1,0,NULL),(87,NULL,0,1,0,0,0,0,0,0,0,1,0,NULL,0,0,0,0,0,0,0,0,1,0,NULL),(88,NULL,0,1,0,0,0,0,0,0,0,1,0,NULL,0,0,0,0,0,0,0,0,1,0,NULL),(89,NULL,0,1,0,0,0,0,0,0,0,1,0,NULL,0,0,0,0,0,0,0,0,1,0,NULL),(90,NULL,1,1,0,0,0,0,0,0,0,0,0,NULL,0,0,0,0,0,0,0,0,1,0,NULL),(91,NULL,1,0,0,0,0,0,0,0,0,0,0,NULL,0,0,0,0,0,0,0,0,1,0,NULL),(92,NULL,2,1,0,0,0,0,0,0,0,0,0,'simple,virtual,downloadable,bundle',0,0,0,0,0,0,0,0,1,0,NULL),(93,NULL,1,1,1,1,1,0,0,0,0,0,0,'simple,virtual,configurable',1,0,0,0,0,1,0,1,1,0,'{\"swatch_input_type\":\"visual\",\"update_product_preview_image\":\"0\",\"use_product_image_for_swatch\":\"0\"}'),(94,NULL,2,1,0,0,0,0,0,0,0,1,0,NULL,0,0,0,0,0,1,0,0,1,0,NULL),(95,NULL,2,1,0,0,0,0,0,0,0,1,0,NULL,0,0,0,0,0,1,0,0,1,0,NULL),(96,NULL,1,1,0,0,0,0,0,0,0,0,0,NULL,0,0,0,0,0,0,0,0,1,0,NULL),(97,'Magento\\Framework\\Data\\Form\\Element\\Hidden',2,1,1,0,0,0,0,0,0,1,0,NULL,0,0,0,0,1,0,0,0,1,0,NULL),(98,NULL,1,0,0,0,0,0,0,0,0,0,0,'simple,virtual,downloadable,bundle,configurable',0,0,0,0,0,0,0,0,1,0,NULL),(99,NULL,0,1,0,0,0,0,0,0,0,0,0,NULL,0,0,0,0,1,0,0,0,1,0,NULL),(100,NULL,0,1,0,0,0,0,0,0,0,0,0,NULL,0,0,0,0,0,1,0,1,1,0,NULL),(101,NULL,0,1,0,0,0,0,0,0,0,0,0,NULL,0,0,0,0,0,1,0,0,1,0,NULL),(102,NULL,0,1,0,0,0,0,0,0,0,0,0,NULL,0,0,0,0,0,1,0,0,1,0,NULL),(103,NULL,0,0,0,0,0,0,0,0,0,0,0,NULL,0,0,0,0,0,0,0,0,1,0,NULL),(104,NULL,0,1,0,0,0,0,0,0,0,0,0,NULL,0,0,0,0,0,1,0,0,1,0,NULL),(105,'Magento\\Catalog\\Block\\Adminhtml\\Product\\Helper\\Form\\Category',1,1,0,0,0,0,0,0,0,0,0,NULL,0,0,0,0,0,0,0,0,1,0,NULL),(106,NULL,0,1,0,0,0,0,0,0,0,0,0,NULL,0,0,0,0,0,0,0,0,1,0,NULL),(107,NULL,1,0,0,0,0,0,0,0,0,1,0,NULL,0,0,0,0,0,0,0,0,1,0,NULL),(108,NULL,1,0,0,0,0,0,0,0,0,0,0,NULL,0,0,0,0,0,0,0,0,1,0,NULL),(109,NULL,0,0,0,0,0,0,0,0,0,1,0,NULL,0,0,0,0,0,0,0,0,1,0,NULL),(110,NULL,0,0,0,0,0,0,0,0,0,1,0,NULL,0,0,0,0,0,0,0,0,1,0,NULL),(111,NULL,0,0,0,0,0,0,0,0,0,1,0,NULL,0,0,0,0,0,0,0,0,1,0,NULL),(112,NULL,1,0,0,0,0,0,0,0,0,0,0,NULL,0,0,0,0,0,0,0,0,1,0,NULL),(113,NULL,1,0,0,0,0,0,0,0,0,0,0,NULL,0,0,0,0,0,0,0,0,1,0,NULL),(114,NULL,2,1,0,0,0,0,0,0,0,0,0,'simple,bundle,grouped,configurable',0,0,0,0,0,1,0,1,1,0,NULL),(115,'Magento\\CatalogInventory\\Block\\Adminhtml\\Form\\Field\\Stock',1,1,0,0,0,0,0,0,0,0,0,NULL,0,0,0,0,0,0,0,0,1,0,NULL),(116,NULL,0,1,0,0,0,0,0,0,0,0,0,NULL,0,0,0,0,0,1,0,0,1,0,NULL),(117,NULL,0,1,0,0,0,0,0,0,0,0,0,NULL,0,0,0,0,0,0,0,0,1,0,NULL),(118,NULL,0,1,0,0,0,0,0,0,0,0,0,NULL,0,0,0,0,0,0,0,0,1,0,NULL),(119,NULL,0,1,1,0,0,0,0,0,0,0,0,NULL,0,0,0,0,0,0,0,0,1,0,NULL),(120,NULL,0,0,0,0,0,0,0,0,0,0,0,NULL,0,0,0,0,0,0,0,0,1,0,NULL),(121,NULL,0,1,1,0,0,0,0,0,0,1,0,NULL,0,0,0,0,0,1,0,1,1,0,NULL),(122,NULL,0,0,0,0,0,0,0,0,0,0,0,NULL,0,0,0,0,0,0,0,0,1,0,NULL),(123,'Magento\\Msrp\\Block\\Adminhtml\\Product\\Helper\\Form\\Type',1,1,0,0,0,0,0,0,0,1,0,'simple,virtual,downloadable,bundle,configurable',0,0,0,0,0,1,0,1,1,0,NULL),(124,'Magento\\Msrp\\Block\\Adminhtml\\Product\\Helper\\Form\\Type\\Price',2,1,0,0,0,0,0,0,0,1,0,'simple,virtual,downloadable,bundle,configurable',0,0,0,0,0,0,0,0,1,0,NULL),(125,NULL,1,0,0,0,0,0,0,0,0,1,0,'downloadable',0,0,0,0,0,0,0,0,1,0,NULL),(126,NULL,0,0,0,0,0,0,0,0,0,0,0,'downloadable',0,0,0,0,0,0,0,0,1,0,NULL),(127,NULL,0,0,0,0,0,0,0,0,0,0,0,'downloadable',0,0,0,0,0,0,0,0,1,0,NULL),(128,NULL,1,0,0,0,0,0,0,0,0,1,0,'downloadable',0,0,0,0,0,0,0,0,1,0,NULL),(129,NULL,1,1,0,0,0,0,0,0,0,1,0,'bundle',0,0,0,0,0,0,0,0,1,0,NULL),(130,NULL,1,1,0,0,0,0,0,0,0,0,0,'bundle',0,0,0,0,0,0,0,0,1,0,NULL),(131,NULL,1,1,0,0,0,0,0,0,0,1,0,'bundle',0,0,0,0,0,0,0,0,1,0,NULL),(132,NULL,1,1,0,0,0,0,0,0,0,1,0,'bundle',0,0,0,0,0,0,0,0,1,0,NULL),(133,NULL,1,1,0,0,0,0,0,0,0,1,0,'bundle',0,0,0,0,0,0,0,0,1,0,NULL),(134,'Magento\\GiftMessage\\Block\\Adminhtml\\Product\\Helper\\Form\\Config',1,1,0,0,0,0,0,0,0,0,0,NULL,0,0,0,0,0,1,0,0,1,0,NULL),(135,NULL,0,1,0,0,0,0,0,0,0,1,0,NULL,0,0,0,0,0,0,0,0,1,0,NULL),(136,NULL,2,1,1,0,0,0,0,0,0,1,0,'simple,virtual,downloadable,bundle,configurable',0,0,0,0,0,1,0,1,1,0,NULL),(137,NULL,0,1,0,0,0,0,0,0,0,0,0,NULL,0,0,0,0,0,0,0,0,1,0,NULL),(138,NULL,0,1,0,0,0,0,0,0,0,0,0,NULL,0,0,0,0,0,0,0,0,1,0,NULL),(139,NULL,0,1,0,0,0,0,0,0,0,0,0,NULL,0,0,0,0,0,0,0,0,1,0,NULL),(140,NULL,0,1,0,0,0,0,0,0,0,0,0,NULL,0,0,0,0,0,0,0,0,1,0,NULL),(141,NULL,0,1,0,0,0,0,0,0,0,0,0,NULL,0,0,0,0,0,0,0,0,1,0,NULL),(142,NULL,0,1,0,0,0,0,0,0,0,0,0,NULL,0,0,0,0,0,0,0,0,1,0,NULL),(143,NULL,0,1,0,0,0,0,1,0,0,0,0,NULL,0,0,0,0,0,1,1,1,1,0,NULL),(144,NULL,0,1,0,0,0,0,1,0,0,0,0,NULL,0,0,0,0,0,1,1,1,1,0,NULL),(145,NULL,0,1,0,0,0,0,1,0,0,0,0,NULL,0,0,1,0,0,0,0,0,1,0,NULL),(146,NULL,0,1,0,0,0,0,1,0,0,0,0,NULL,0,0,1,0,0,0,0,0,1,0,NULL),(147,NULL,0,1,0,0,0,0,1,0,0,0,0,NULL,0,0,0,0,0,1,1,1,1,0,NULL),(148,NULL,0,1,0,0,0,0,0,0,0,0,0,NULL,0,0,0,0,0,1,1,1,1,0,NULL),(149,NULL,0,1,0,1,0,0,1,0,1,0,0,NULL,0,0,0,0,0,0,0,0,1,0,NULL),(150,NULL,0,1,0,0,0,0,0,0,0,0,0,'simple,configurable,bundle',0,0,0,0,0,0,0,0,1,0,NULL),(151,NULL,0,1,0,0,0,0,0,0,0,0,0,NULL,0,0,0,0,0,0,0,0,1,0,NULL),(152,NULL,0,1,0,0,0,0,1,0,0,0,0,NULL,0,0,0,0,0,1,1,1,1,0,NULL),(153,NULL,0,1,0,0,0,1,0,0,0,1,0,NULL,0,0,0,0,0,0,0,0,1,0,NULL),(154,NULL,1,0,0,0,0,0,0,0,0,0,0,NULL,0,0,0,0,0,0,0,0,1,0,NULL),(155,NULL,1,1,0,0,0,0,0,0,0,0,0,NULL,0,0,0,0,0,0,0,0,1,0,NULL),(156,NULL,2,1,0,0,0,0,0,0,0,0,0,NULL,0,0,0,0,0,0,0,0,1,0,NULL),(158,NULL,0,1,0,0,0,0,0,0,0,0,0,NULL,0,0,0,0,0,0,0,0,1,0,NULL),(159,NULL,0,1,0,0,0,0,0,0,0,0,0,NULL,0,0,0,0,0,0,0,0,1,0,NULL),(160,NULL,0,1,0,0,0,0,0,0,0,0,0,NULL,0,0,0,0,0,0,0,0,1,0,NULL),(161,NULL,0,1,0,0,0,0,0,0,0,1,0,'simple,configurable,virtual,bundle,downloadable',0,0,0,0,0,0,0,0,1,0,NULL),(162,NULL,1,1,1,1,0,0,0,0,0,1,0,NULL,1,1,0,0,0,1,0,1,1,0,NULL),(163,NULL,0,1,0,0,0,0,0,0,0,0,0,NULL,0,0,0,0,0,0,0,0,1,0,NULL),(164,NULL,0,1,0,0,0,0,1,0,0,0,0,NULL,0,0,0,0,0,1,1,1,1,0,NULL),(165,NULL,0,1,0,0,0,0,1,0,0,0,0,NULL,0,0,0,0,0,1,1,1,1,0,NULL),(166,NULL,0,1,0,0,0,0,1,0,0,0,0,NULL,0,0,0,0,0,1,1,1,1,0,NULL),(167,NULL,0,1,0,0,0,0,1,0,0,0,0,NULL,0,0,0,0,0,1,1,1,1,0,NULL),(168,NULL,0,1,0,0,0,0,1,0,0,0,0,NULL,0,0,0,0,0,1,1,1,1,0,NULL),(169,NULL,0,1,0,0,0,0,1,0,0,0,0,NULL,0,0,0,0,0,1,1,1,1,0,NULL),(170,NULL,0,1,1,1,0,0,1,0,0,0,0,NULL,0,0,0,0,0,1,1,1,1,0,NULL),(171,NULL,0,1,0,0,0,0,1,0,0,0,0,NULL,0,0,0,0,0,1,1,1,1,0,NULL),(172,NULL,0,1,0,0,0,0,1,0,0,0,0,NULL,0,0,0,0,0,1,1,1,1,0,NULL),(173,NULL,0,1,0,0,0,0,1,0,0,0,0,NULL,0,0,0,0,0,1,1,1,1,0,NULL),(174,NULL,0,1,0,0,0,0,1,0,0,0,0,NULL,0,0,0,0,0,1,1,1,1,0,NULL),(175,NULL,0,1,0,0,0,0,1,0,0,0,0,NULL,0,0,0,0,0,1,1,1,1,0,NULL),(176,NULL,0,1,0,0,0,0,1,0,0,0,0,NULL,0,0,0,0,0,1,1,1,1,0,NULL),(177,NULL,0,1,0,0,0,0,1,0,0,0,0,NULL,0,0,0,0,0,1,1,1,1,0,NULL),(178,NULL,0,1,0,0,0,0,1,0,0,0,0,NULL,0,0,0,0,0,1,1,1,1,0,NULL),(179,NULL,0,1,1,1,0,0,1,0,0,0,0,NULL,0,0,0,0,0,1,1,1,1,0,NULL),(180,NULL,0,1,1,1,0,0,1,0,0,0,0,NULL,0,6,0,0,0,1,1,1,1,0,NULL),(181,NULL,0,1,1,1,0,0,1,0,0,0,0,NULL,0,0,0,0,0,1,1,1,1,0,NULL),(182,NULL,0,1,1,1,0,0,1,0,0,0,0,NULL,0,5,0,0,0,1,1,1,1,0,NULL),(183,NULL,0,1,1,1,0,0,1,0,0,0,0,NULL,0,3,0,0,0,1,1,1,1,0,NULL),(184,NULL,0,1,1,1,0,0,1,0,0,0,0,NULL,0,0,0,0,0,1,1,1,1,0,NULL),(185,NULL,0,1,0,0,0,0,1,0,0,0,0,NULL,0,0,0,0,0,1,1,1,1,0,NULL),(186,NULL,0,1,0,0,0,0,1,0,0,0,0,NULL,0,0,0,0,0,1,1,1,1,0,NULL),(187,NULL,0,1,0,0,0,0,1,0,0,0,0,NULL,0,0,0,0,0,1,1,1,1,0,NULL),(188,NULL,0,1,0,0,0,0,1,0,0,0,0,NULL,0,0,0,0,0,1,1,1,1,0,NULL),(189,NULL,0,1,0,0,0,0,1,0,0,0,0,NULL,0,0,0,0,0,1,1,1,1,0,NULL),(190,NULL,0,1,0,0,0,0,1,0,0,0,0,NULL,0,0,0,0,0,1,1,1,1,0,NULL),(191,NULL,0,1,0,0,0,0,1,0,0,0,0,NULL,0,0,0,0,0,1,1,1,1,0,NULL),(192,NULL,0,1,0,0,0,0,1,0,0,0,0,NULL,0,0,0,0,0,1,1,1,1,0,NULL),(193,NULL,0,1,0,0,0,0,1,0,0,0,0,NULL,0,0,0,0,0,1,1,1,1,0,NULL),(194,NULL,0,1,0,0,0,0,1,0,0,0,0,NULL,0,0,0,0,0,1,1,1,1,0,NULL),(195,NULL,0,1,0,0,0,0,1,0,0,0,0,NULL,0,0,0,0,0,1,1,1,1,0,NULL),(196,NULL,0,1,0,0,0,0,1,0,0,0,0,NULL,0,0,0,0,0,1,1,1,1,0,NULL),(197,NULL,0,1,0,0,0,0,1,0,0,0,0,NULL,0,0,0,0,0,1,1,1,1,0,NULL),(198,NULL,0,1,0,0,0,0,1,0,0,0,0,NULL,0,0,0,0,0,1,1,1,1,0,NULL),(199,NULL,0,1,0,0,0,0,1,0,0,0,0,NULL,0,0,0,0,0,1,1,1,1,0,NULL),(200,NULL,0,1,0,0,0,0,1,0,0,0,0,NULL,0,0,0,0,0,1,1,1,1,0,NULL),(201,NULL,0,1,0,0,0,0,1,0,0,0,0,NULL,0,0,0,0,0,1,1,1,1,0,NULL),(202,NULL,0,1,0,0,0,0,1,0,0,0,0,NULL,0,0,0,0,0,1,1,1,1,0,NULL),(203,NULL,0,1,0,0,0,0,1,0,0,0,0,NULL,0,0,0,0,0,1,1,1,1,0,NULL),(204,NULL,0,1,0,0,0,0,1,0,0,0,0,NULL,0,0,0,0,0,1,1,1,1,0,NULL),(205,NULL,0,1,0,0,0,0,1,0,0,0,0,NULL,0,0,0,0,0,1,1,1,1,0,NULL),(206,NULL,0,1,0,0,0,0,1,0,0,0,0,NULL,0,0,0,0,0,1,1,1,1,0,NULL),(207,NULL,0,1,0,0,0,0,1,0,0,0,0,NULL,0,0,0,0,0,1,1,1,1,0,NULL),(208,NULL,0,1,0,0,0,0,1,0,0,0,0,NULL,0,0,0,0,0,1,1,1,1,0,NULL),(209,NULL,0,1,0,0,0,0,1,0,0,0,0,NULL,0,0,0,0,0,1,1,1,1,0,NULL),(210,NULL,0,1,0,0,0,0,1,0,0,0,0,NULL,0,0,0,0,0,1,1,1,1,0,NULL),(211,NULL,0,1,0,0,0,0,1,0,0,0,0,NULL,0,0,0,0,0,1,1,1,1,0,NULL),(212,NULL,0,1,0,0,0,0,1,0,0,0,0,NULL,0,0,0,0,0,1,1,1,1,0,NULL),(213,NULL,0,1,0,0,0,0,1,0,0,0,0,NULL,0,0,0,0,0,1,1,1,1,0,NULL),(214,NULL,0,1,0,0,0,0,1,0,0,0,0,NULL,0,0,0,0,0,1,1,1,1,0,NULL),(215,NULL,0,1,0,0,0,0,1,0,0,0,0,NULL,0,0,0,0,0,1,1,1,1,0,NULL),(216,NULL,0,1,0,0,0,0,1,0,0,0,0,NULL,0,0,0,0,0,1,1,1,1,0,NULL),(217,NULL,0,1,0,0,0,0,1,0,0,0,0,NULL,0,0,0,0,0,1,1,1,1,0,NULL),(218,NULL,0,1,0,0,0,0,1,0,0,0,0,NULL,0,0,0,0,0,1,1,1,1,0,NULL),(219,NULL,0,1,0,0,0,0,1,0,0,0,0,NULL,0,0,0,0,0,1,1,1,1,0,NULL),(220,NULL,0,1,0,0,0,0,1,0,0,0,0,NULL,0,0,0,0,0,1,1,1,1,0,NULL),(222,NULL,0,1,0,0,0,0,1,0,0,0,0,NULL,0,0,0,0,0,1,1,1,1,0,NULL),(223,NULL,0,0,0,0,0,0,0,0,0,0,0,'configurable',0,0,0,0,0,0,0,0,1,0,NULL),(224,NULL,0,1,0,0,0,1,1,0,0,0,0,NULL,0,0,1,0,0,0,0,0,1,0,NULL),(225,NULL,0,1,0,0,0,1,1,0,0,0,0,NULL,0,0,1,0,0,0,0,0,1,0,NULL),(226,NULL,0,1,0,0,0,1,1,0,0,0,0,NULL,0,0,1,0,0,0,0,0,1,0,NULL),(227,NULL,0,1,0,0,0,1,1,0,0,0,0,NULL,0,0,1,0,0,0,0,0,1,0,NULL),(228,NULL,0,1,0,0,0,1,1,0,0,0,0,NULL,0,0,1,0,0,0,0,0,1,0,NULL),(229,NULL,0,1,0,0,0,1,1,0,0,0,0,NULL,0,0,1,0,0,0,0,0,1,0,NULL),(230,NULL,0,1,0,0,0,0,0,0,0,0,0,NULL,0,0,0,0,0,0,0,0,1,0,NULL),(231,NULL,0,1,0,0,0,0,0,0,0,0,0,NULL,0,0,0,0,0,0,0,0,1,0,NULL),(232,NULL,0,1,0,0,0,0,0,0,0,0,0,NULL,0,0,0,0,0,0,0,0,1,0,NULL),(233,NULL,0,1,0,0,0,0,0,0,0,0,0,NULL,0,0,0,0,0,0,0,0,1,0,NULL),(234,NULL,0,1,0,0,0,0,0,0,0,0,0,NULL,0,0,0,0,0,0,0,0,1,0,NULL),(237,NULL,0,1,0,0,0,0,1,0,0,0,0,NULL,0,0,1,0,0,0,0,0,1,0,NULL),(238,NULL,0,1,1,0,1,0,1,0,0,1,0,NULL,1,0,1,0,0,1,0,0,1,0,NULL);

--
-- Table structure for table `eav_attribute_set`
--

CREATE TABLE `eav_attribute_set` (
  `attribute_set_id` smallint unsigned NOT NULL AUTO_INCREMENT COMMENT 'Attribute Set ID',
  `entity_type_id` smallint unsigned NOT NULL DEFAULT '0' COMMENT 'Entity Type ID',
  `attribute_set_name` varchar(255) DEFAULT NULL COMMENT 'Attribute Set Name',
  `sort_order` smallint NOT NULL DEFAULT '0' COMMENT 'Sort Order',
  PRIMARY KEY (`attribute_set_id`),
  UNIQUE KEY `EAV_ATTRIBUTE_SET_ENTITY_TYPE_ID_ATTRIBUTE_SET_NAME` (`entity_type_id`,`attribute_set_name`),
  KEY `EAV_ATTRIBUTE_SET_ENTITY_TYPE_ID_SORT_ORDER` (`entity_type_id`,`sort_order`),
  CONSTRAINT `EAV_ATTRIBUTE_SET_ENTITY_TYPE_ID_EAV_ENTITY_TYPE_ENTITY_TYPE_ID` FOREIGN KEY (`entity_type_id`) REFERENCES `eav_entity_type` (`entity_type_id`) ON DELETE CASCADE
) ENGINE=InnoDB AUTO_INCREMENT=63 DEFAULT CHARSET=utf8mb3 COMMENT='Eav Attribute Set';

--
-- Dumping data for table `eav_attribute_set`
--

INSERT INTO `eav_attribute_set` VALUES (1,1,'Default',2),(2,2,'Default',2),(3,3,'Default',1),(4,4,'Default',1),(5,5,'Default',1),(6,6,'Default',1),(7,7,'Default',1),(8,8,'Default',1),(9,4,'Basin Taps',0),(10,4,'Basins',0),(11,4,'Kitchen Sinks',0),(14,4,'Bath Accessories',0),(15,4,'Bath Screen',0),(16,4,'Bath Taps',0),(17,4,'Bathroom Accessories',0),(18,4,'Bathroom Fans',0),(19,4,'Baths',0),(20,4,'Bidet Taps',0),(21,4,'Bidets',0),(22,4,'Coffee Machines',0),(23,4,'Complete Showers',0),(24,4,'Concealed Cisterns',0),(25,4,'Dishwashers',0),(26,4,'Enclosure Side panels',0),(27,4,'Enclosures & doors',0),(28,4,'Fire Accessories',0),(29,4,'Fires',0),(30,4,'Frames',0),(31,4,'Fridge Freezers',0),(32,4,'Furniture',0),(33,4,'Gas Heaters',0),(34,4,'Heating',0),(35,4,'Heating Accessories',0),(36,4,'Hobs',0),(37,4,'Hoods',0),(38,4,'Kitchen Accessories',0),(39,4,'Kitchen Taps',0),(40,4,'Lights',0),(41,4,'Mirror Cabinets',0),(42,4,'Mirrors',0),(43,4,'Ovens',0),(44,4,'Panel Accessories',0),(45,4,'Plates',0),(46,4,'PVC Panels',0),(47,4,'Shower Accessories',0),(48,4,'Shower panels',0),(49,4,'Shower Trays',0),(50,4,'Shower Valves',0),(51,4,'Stove',0),(52,4,'Toilets',0),(53,4,'Warming  Drawers',0),(54,4,'Washing & dryers',0),(55,4,'Wetroom Panel',0),(56,4,'Wine Cooler',0),(57,4,'Imegamedia Finance Filter',0),(58,4,'Cladding',0),(59,4,'PVC Trims',0),(60,4,'Splash Panels',0),(61,4,'Flooring',0),(62,4,'Tiles Accessories',0);

--
-- Table structure for table `eav_attribute_group`
--

CREATE TABLE `eav_attribute_group` (
  `attribute_group_id` smallint unsigned NOT NULL AUTO_INCREMENT COMMENT 'Attribute Group ID',
  `attribute_set_id` smallint unsigned NOT NULL DEFAULT '0' COMMENT 'Attribute Set ID',
  `attribute_group_name` varchar(255) DEFAULT NULL COMMENT 'Attribute Group Name',
  `sort_order` smallint NOT NULL DEFAULT '0' COMMENT 'Sort Order',
  `default_id` smallint unsigned DEFAULT '0' COMMENT 'Default ID',
  `attribute_group_code` varchar(255) NOT NULL COMMENT 'Attribute Group Code',
  `tab_group_code` varchar(255) DEFAULT NULL COMMENT 'Tab Group Code',
  PRIMARY KEY (`attribute_group_id`),
  UNIQUE KEY `EAV_ATTRIBUTE_GROUP_ATTRIBUTE_SET_ID_ATTRIBUTE_GROUP_CODE` (`attribute_set_id`,`attribute_group_code`),
  UNIQUE KEY `EAV_ATTRIBUTE_GROUP_ATTRIBUTE_SET_ID_ATTRIBUTE_GROUP_NAME` (`attribute_set_id`,`attribute_group_name`),
  KEY `EAV_ATTRIBUTE_GROUP_ATTRIBUTE_SET_ID_SORT_ORDER` (`attribute_set_id`,`sort_order`),
  CONSTRAINT `EAV_ATTR_GROUP_ATTR_SET_ID_EAV_ATTR_SET_ATTR_SET_ID` FOREIGN KEY (`attribute_set_id`) REFERENCES `eav_attribute_set` (`attribute_set_id`) ON DELETE CASCADE
) ENGINE=InnoDB AUTO_INCREMENT=730 DEFAULT CHARSET=utf8mb3 COMMENT='Eav Attribute Group';

--
-- Dumping data for table `eav_attribute_group`
--

INSERT INTO `eav_attribute_group` VALUES (1,1,'General',1,1,'general',NULL),(2,2,'General',1,1,'general',NULL),(3,3,'General',10,1,'general',NULL),(4,3,'General Information',2,0,'general-information',NULL),(5,3,'Display Settings',20,0,'display-settings',NULL),(6,3,'Custom Design',30,0,'custom-design',NULL),(7,4,'General',1,1,'product-details','basic'),(8,4,'Advanced Pricing',6,0,'advanced-pricing','advanced'),(9,4,'Search Engine Optimization',5,0,'search-engine-optimization','basic'),(10,4,'Images',4,0,'image-management','basic'),(11,4,'Design',7,0,'design','advanced'),(12,4,'Autosettings',9,0,'autosettings','advanced'),(13,4,'Content',2,0,'content','basic'),(14,4,'Schedule Design Update',8,0,'schedule-design-update','advanced'),(15,5,'General',1,1,'general',NULL),(16,6,'General',1,1,'general',NULL),(17,7,'General',1,1,'general',NULL),(18,8,'General',1,1,'general',NULL),(19,4,'Bundle Items',3,0,'bundle-items',NULL),(20,4,'Gift Options',10,0,'gift-options',NULL),(21,3,'Custom Category Group',31,0,'custom-category-group',NULL),(22,4,'Attributes',11,0,'attributes',NULL),(23,4,'mageworx-dynamic-options',40,0,'mageworx-dynamic-options',NULL),(24,3,'Magiccart',32,0,'magiccart',NULL),(25,9,'mageworx-dynamic-options',11,0,'mageworx-dynamic-options',NULL),(26,9,'Attributes',11,0,'attributes',NULL),(27,9,'Gift Options',10,0,'gift-options',NULL),(28,9,'Autosettings',9,0,'autosettings','advanced'),(29,9,'Schedule Design Update',8,0,'schedule-design-update','advanced'),(30,9,'Design',7,0,'design','advanced'),(31,9,'Advanced Pricing',6,0,'advanced-pricing','advanced'),(32,9,'Search Engine Optimization',5,0,'search-engine-optimization','basic'),(33,9,'Images',4,0,'image-management','basic'),(34,9,'Bundle Items',3,0,'bundle-items',NULL),(35,9,'Content',2,0,'content','basic'),(36,9,'General',1,1,'product-details','basic'),(37,10,'mageworx-dynamic-options',40,0,'mageworx-dynamic-options',NULL),(38,10,'Attributes',11,0,'attributes',NULL),(39,10,'Gift Options',10,0,'gift-options',NULL),(40,10,'Autosettings',9,0,'autosettings','advanced'),(41,10,'Schedule Design Update',8,0,'schedule-design-update','advanced'),(42,10,'Design',7,0,'design','advanced'),(43,10,'Advanced Pricing',6,0,'advanced-pricing','advanced'),(44,10,'Search Engine Optimization',5,0,'search-engine-optimization','basic'),(45,10,'Images',4,0,'image-management','basic'),(46,10,'Bundle Items',3,0,'bundle-items',NULL),(47,10,'Content',2,0,'content','basic'),(48,10,'General',1,1,'product-details','basic'),(49,11,'mageworx-dynamic-options',40,0,'mageworx-dynamic-options',NULL),(50,11,'Attributes',11,0,'attributes',NULL),(51,11,'Gift Options',10,0,'gift-options',NULL),(52,11,'Autosettings',9,0,'autosettings','advanced'),(53,11,'Schedule Design Update',8,0,'schedule-design-update','advanced'),(54,11,'Design',7,0,'design','advanced'),(55,11,'Advanced Pricing',6,0,'advanced-pricing','advanced'),(56,11,'Search Engine Optimization',5,0,'search-engine-optimization','basic'),(57,11,'Images',4,0,'image-management','basic'),(58,11,'Bundle Items',3,0,'bundle-items',NULL),(59,11,'Content',2,0,'content','basic'),(60,11,'General',1,1,'product-details','basic'),(85,14,'mageworx-dynamic-options',40,0,'mageworx-dynamic-options',NULL),(86,14,'Attributes',11,0,'attributes',NULL),(87,14,'Gift Options',10,0,'gift-options',NULL),(88,14,'Autosettings',9,0,'autosettings','advanced'),(89,14,'Schedule Design Update',8,0,'schedule-design-update','advanced'),(90,14,'Design',7,0,'design','advanced'),(91,14,'Advanced Pricing',6,0,'advanced-pricing','advanced'),(92,14,'Search Engine Optimization',5,0,'search-engine-optimization','basic'),(93,14,'Images',4,0,'image-management','basic'),(94,14,'Bundle Items',3,0,'bundle-items',NULL),(95,14,'Content',2,0,'content','basic'),(96,14,'General',1,1,'product-details','basic'),(97,15,'mageworx-dynamic-options',40,0,'mageworx-dynamic-options',NULL),(98,15,'Attributes',11,0,'attributes',NULL),(99,15,'Gift Options',10,0,'gift-options',NULL),(100,15,'Autosettings',9,0,'autosettings','advanced'),(101,15,'Schedule Design Update',8,0,'schedule-design-update','advanced'),(102,15,'Design',7,0,'design','advanced'),(103,15,'Advanced Pricing',6,0,'advanced-pricing','advanced'),(104,15,'Search Engine Optimization',5,0,'search-engine-optimization','basic'),(105,15,'Images',4,0,'image-management','basic'),(106,15,'Bundle Items',3,0,'bundle-items',NULL),(107,15,'Content',2,0,'content','basic'),(108,15,'General',1,1,'product-details','basic'),(109,16,'mageworx-dynamic-options',40,0,'mageworx-dynamic-options',NULL),(110,16,'Attributes',11,0,'attributes',NULL),(111,16,'Gift Options',10,0,'gift-options',NULL),(112,16,'Autosettings',9,0,'autosettings','advanced'),(113,16,'Schedule Design Update',8,0,'schedule-design-update','advanced'),(114,16,'Design',7,0,'design','advanced'),(115,16,'Advanced Pricing',6,0,'advanced-pricing','advanced'),(116,16,'Search Engine Optimization',5,0,'search-engine-optimization','basic'),(117,16,'Images',4,0,'image-management','basic'),(118,16,'Bundle Items',3,0,'bundle-items',NULL),(119,16,'Content',2,0,'content','basic'),(120,16,'General',1,1,'product-details','basic'),(121,17,'mageworx-dynamic-options',40,0,'mageworx-dynamic-options',NULL),(122,17,'Attributes',11,0,'attributes',NULL),(123,17,'Gift Options',10,0,'gift-options',NULL),(124,17,'Autosettings',9,0,'autosettings','advanced'),(125,17,'Schedule Design Update',8,0,'schedule-design-update','advanced'),(126,17,'Design',7,0,'design','advanced'),(127,17,'Advanced Pricing',6,0,'advanced-pricing','advanced'),(128,17,'Search Engine Optimization',5,0,'search-engine-optimization','basic'),(129,17,'Images',4,0,'image-management','basic'),(130,17,'Bundle Items',3,0,'bundle-items',NULL),(131,17,'Content',2,0,'content','basic'),(132,17,'General',1,1,'product-details','basic'),(133,18,'mageworx-dynamic-options',40,0,'mageworx-dynamic-options',NULL),(134,18,'Attributes',11,0,'attributes',NULL),(135,18,'Gift Options',10,0,'gift-options',NULL),(136,18,'Autosettings',9,0,'autosettings','advanced'),(137,18,'Schedule Design Update',8,0,'schedule-design-update','advanced'),(138,18,'Design',7,0,'design','advanced'),(139,18,'Advanced Pricing',6,0,'advanced-pricing','advanced'),(140,18,'Search Engine Optimization',5,0,'search-engine-optimization','basic'),(141,18,'Images',4,0,'image-management','basic'),(142,18,'Bundle Items',3,0,'bundle-items',NULL),(143,18,'Content',2,0,'content','basic'),(144,18,'General',1,1,'product-details','basic'),(145,19,'mageworx-dynamic-options',12,0,'mageworx-dynamic-options',NULL),(146,19,'Attributes',11,0,'attributes',NULL),(147,19,'Gift Options',10,0,'gift-options',NULL),(148,19,'Autosettings',9,0,'autosettings','advanced'),(149,19,'Schedule Design Update',8,0,'schedule-design-update','advanced'),(150,19,'Design',7,0,'design','advanced'),(151,19,'Advanced Pricing',6,0,'advanced-pricing','advanced'),(152,19,'Search Engine Optimization',5,0,'search-engine-optimization','basic'),(153,19,'Images',4,0,'image-management','basic'),(154,19,'Bundle Items',3,0,'bundle-items',NULL),(155,19,'Content',2,0,'content','basic'),(156,19,'General',1,1,'product-details','basic'),(157,20,'mageworx-dynamic-options',40,0,'mageworx-dynamic-options',NULL),(158,20,'Attributes',11,0,'attributes',NULL),(159,20,'Gift Options',10,0,'gift-options',NULL),(160,20,'Autosettings',9,0,'autosettings','advanced'),(161,20,'Schedule Design Update',8,0,'schedule-design-update','advanced'),(162,20,'Design',7,0,'design','advanced'),(163,20,'Advanced Pricing',6,0,'advanced-pricing','advanced'),(164,20,'Search Engine Optimization',5,0,'search-engine-optimization','basic'),(165,20,'Images',4,0,'image-management','basic'),(166,20,'Bundle Items',3,0,'bundle-items',NULL),(167,20,'Content',2,0,'content','basic'),(168,20,'General',1,1,'product-details','basic'),(169,21,'mageworx-dynamic-options',40,0,'mageworx-dynamic-options',NULL),(170,21,'Attributes',11,0,'attributes',NULL),(171,21,'Gift Options',10,0,'gift-options',NULL),(172,21,'Autosettings',9,0,'autosettings','advanced'),(173,21,'Schedule Design Update',8,0,'schedule-design-update','advanced'),(174,21,'Design',7,0,'design','advanced'),(175,21,'Advanced Pricing',6,0,'advanced-pricing','advanced'),(176,21,'Search Engine Optimization',5,0,'search-engine-optimization','basic'),(177,21,'Images',4,0,'image-management','basic'),(178,21,'Bundle Items',3,0,'bundle-items',NULL),(179,21,'Content',2,0,'content','basic'),(180,21,'General',1,1,'product-details','basic'),(181,22,'mageworx-dynamic-options',40,0,'mageworx-dynamic-options',NULL),(182,22,'Attributes',11,0,'attributes',NULL),(183,22,'Gift Options',10,0,'gift-options',NULL),(184,22,'Autosettings',9,0,'autosettings','advanced'),(185,22,'Schedule Design Update',8,0,'schedule-design-update','advanced'),(186,22,'Design',7,0,'design','advanced'),(187,22,'Advanced Pricing',6,0,'advanced-pricing','advanced'),(188,22,'Search Engine Optimization',5,0,'search-engine-optimization','basic'),(189,22,'Images',4,0,'image-management','basic'),(190,22,'Bundle Items',3,0,'bundle-items',NULL),(191,22,'Content',2,0,'content','basic'),(192,22,'General',1,1,'product-details','basic'),(193,23,'mageworx-dynamic-options',40,0,'mageworx-dynamic-options',NULL),(194,23,'Attributes',11,0,'attributes',NULL),(195,23,'Gift Options',10,0,'gift-options',NULL),(196,23,'Autosettings',9,0,'autosettings','advanced'),(197,23,'Schedule Design Update',8,0,'schedule-design-update','advanced'),(198,23,'Design',7,0,'design','advanced'),(199,23,'Advanced Pricing',6,0,'advanced-pricing','advanced'),(200,23,'Search Engine Optimization',5,0,'search-engine-optimization','basic'),(201,23,'Images',4,0,'image-management','basic'),(202,23,'Bundle Items',3,0,'bundle-items',NULL),(203,23,'Content',2,0,'content','basic'),(204,23,'General',1,1,'product-details','basic'),(205,24,'mageworx-dynamic-options',40,0,'mageworx-dynamic-options',NULL),(206,24,'Attributes',11,0,'attributes',NULL),(207,24,'Gift Options',10,0,'gift-options',NULL),(208,24,'Autosettings',9,0,'autosettings','advanced'),(209,24,'Schedule Design Update',8,0,'schedule-design-update','advanced'),(210,24,'Design',7,0,'design','advanced'),(211,24,'Advanced Pricing',6,0,'advanced-pricing','advanced'),(212,24,'Search Engine Optimization',5,0,'search-engine-optimization','basic'),(213,24,'Images',4,0,'image-management','basic'),(214,24,'Bundle Items',3,0,'bundle-items',NULL),(215,24,'Content',2,0,'content','basic'),(216,24,'General',1,1,'product-details','basic'),(217,25,'mageworx-dynamic-options',40,0,'mageworx-dynamic-options',NULL),(218,25,'Attributes',11,0,'attributes',NULL),(219,25,'Gift Options',10,0,'gift-options',NULL),(220,25,'Autosettings',9,0,'autosettings','advanced'),(221,25,'Schedule Design Update',8,0,'schedule-design-update','advanced'),(222,25,'Design',7,0,'design','advanced'),(223,25,'Advanced Pricing',6,0,'advanced-pricing','advanced'),(224,25,'Search Engine Optimization',5,0,'search-engine-optimization','basic'),(225,25,'Images',4,0,'image-management','basic'),(226,25,'Bundle Items',3,0,'bundle-items',NULL),(227,25,'Content',2,0,'content','basic'),(228,25,'General',1,1,'product-details','basic'),(229,26,'mageworx-dynamic-options',40,0,'mageworx-dynamic-options',NULL),(230,26,'Attributes',11,0,'attributes',NULL),(231,26,'Gift Options',10,0,'gift-options',NULL),(232,26,'Autosettings',9,0,'autosettings','advanced'),(233,26,'Schedule Design Update',8,0,'schedule-design-update','advanced'),(234,26,'Design',7,0,'design','advanced'),(235,26,'Advanced Pricing',6,0,'advanced-pricing','advanced'),(236,26,'Search Engine Optimization',5,0,'search-engine-optimization','basic'),(237,26,'Images',4,0,'image-management','basic'),(238,26,'Bundle Items',3,0,'bundle-items',NULL),(239,26,'Content',2,0,'content','basic'),(240,26,'General',1,1,'product-details','basic'),(241,27,'mageworx-dynamic-options',40,0,'mageworx-dynamic-options',NULL),(242,27,'Attributes',11,0,'attributes',NULL),(243,27,'Gift Options',10,0,'gift-options',NULL),(244,27,'Autosettings',9,0,'autosettings','advanced'),(245,27,'Schedule Design Update',8,0,'schedule-design-update','advanced'),(246,27,'Design',7,0,'design','advanced'),(247,27,'Advanced Pricing',6,0,'advanced-pricing','advanced'),(248,27,'Search Engine Optimization',5,0,'search-engine-optimization','basic'),(249,27,'Images',4,0,'image-management','basic'),(250,27,'Bundle Items',3,0,'bundle-items',NULL),(251,27,'Content',2,0,'content','basic'),(252,27,'General',1,1,'product-details','basic'),(253,28,'mageworx-dynamic-options',40,0,'mageworx-dynamic-options',NULL),(254,28,'Attributes',11,0,'attributes',NULL),(255,28,'Gift Options',10,0,'gift-options',NULL),(256,28,'Autosettings',9,0,'autosettings','advanced'),(257,28,'Schedule Design Update',8,0,'schedule-design-update','advanced'),(258,28,'Design',7,0,'design','advanced'),(259,28,'Advanced Pricing',6,0,'advanced-pricing','advanced'),(260,28,'Search Engine Optimization',5,0,'search-engine-optimization','basic'),(261,28,'Images',4,0,'image-management','basic'),(262,28,'Bundle Items',3,0,'bundle-items',NULL),(263,28,'Content',2,0,'content','basic'),(264,28,'General',1,1,'product-details','basic'),(265,29,'mageworx-dynamic-options',40,0,'mageworx-dynamic-options',NULL),(266,29,'Attributes',11,0,'attributes',NULL),(267,29,'Gift Options',10,0,'gift-options',NULL),(268,29,'Autosettings',9,0,'autosettings','advanced'),(269,29,'Schedule Design Update',8,0,'schedule-design-update','advanced'),(270,29,'Design',7,0,'design','advanced'),(271,29,'Advanced Pricing',6,0,'advanced-pricing','advanced'),(272,29,'Search Engine Optimization',5,0,'search-engine-optimization','basic'),(273,29,'Images',4,0,'image-management','basic'),(274,29,'Bundle Items',3,0,'bundle-items',NULL),(275,29,'Content',2,0,'content','basic'),(276,29,'General',1,1,'product-details','basic'),(277,30,'mageworx-dynamic-options',40,0,'mageworx-dynamic-options',NULL),(278,30,'Attributes',11,0,'attributes',NULL),(279,30,'Gift Options',10,0,'gift-options',NULL),(280,30,'Autosettings',9,0,'autosettings','advanced'),(281,30,'Schedule Design Update',8,0,'schedule-design-update','advanced'),(282,30,'Design',7,0,'design','advanced'),(283,30,'Advanced Pricing',6,0,'advanced-pricing','advanced'),(284,30,'Search Engine Optimization',5,0,'search-engine-optimization','basic'),(285,30,'Images',4,0,'image-management','basic'),(286,30,'Bundle Items',3,0,'bundle-items',NULL),(287,30,'Content',2,0,'content','basic'),(288,30,'General',1,1,'product-details','basic'),(289,31,'mageworx-dynamic-options',40,0,'mageworx-dynamic-options',NULL),(290,31,'Attributes',11,0,'attributes',NULL),(291,31,'Gift Options',10,0,'gift-options',NULL),(292,31,'Autosettings',9,0,'autosettings','advanced'),(293,31,'Schedule Design Update',8,0,'schedule-design-update','advanced'),(294,31,'Design',7,0,'design','advanced'),(295,31,'Advanced Pricing',6,0,'advanced-pricing','advanced'),(296,31,'Search Engine Optimization',5,0,'search-engine-optimization','basic'),(297,31,'Images',4,0,'image-management','basic'),(298,31,'Bundle Items',3,0,'bundle-items',NULL),(299,31,'Content',2,0,'content','basic'),(300,31,'General',1,1,'product-details','basic'),(301,32,'mageworx-dynamic-options',40,0,'mageworx-dynamic-options',NULL),(302,32,'Attributes',11,0,'attributes',NULL),(303,32,'Gift Options',10,0,'gift-options',NULL),(304,32,'Autosettings',9,0,'autosettings','advanced'),(305,32,'Schedule Design Update',8,0,'schedule-design-update','advanced'),(306,32,'Design',7,0,'design','advanced'),(307,32,'Advanced Pricing',6,0,'advanced-pricing','advanced'),(308,32,'Search Engine Optimization',5,0,'search-engine-optimization','basic'),(309,32,'Images',4,0,'image-management','basic'),(310,32,'Bundle Items',3,0,'bundle-items',NULL),(311,32,'Content',2,0,'content','basic'),(312,32,'General',1,1,'product-details','basic'),(313,33,'mageworx-dynamic-options',40,0,'mageworx-dynamic-options',NULL),(314,33,'Attributes',11,0,'attributes',NULL),(315,33,'Gift Options',10,0,'gift-options',NULL),(316,33,'Autosettings',9,0,'autosettings','advanced'),(317,33,'Schedule Design Update',8,0,'schedule-design-update','advanced'),(318,33,'Design',7,0,'design','advanced'),(319,33,'Advanced Pricing',6,0,'advanced-pricing','advanced'),(320,33,'Search Engine Optimization',5,0,'search-engine-optimization','basic'),(321,33,'Images',4,0,'image-management','basic'),(322,33,'Bundle Items',3,0,'bundle-items',NULL),(323,33,'Content',2,0,'content','basic'),(324,33,'General',1,1,'product-details','basic'),(325,34,'mageworx-dynamic-options',40,0,'mageworx-dynamic-options',NULL),(326,34,'Attributes',11,0,'attributes',NULL),(327,34,'Gift Options',10,0,'gift-options',NULL),(328,34,'Autosettings',9,0,'autosettings','advanced'),(329,34,'Schedule Design Update',8,0,'schedule-design-update','advanced'),(330,34,'Design',7,0,'design','advanced'),(331,34,'Advanced Pricing',6,0,'advanced-pricing','advanced'),(332,34,'Search Engine Optimization',5,0,'search-engine-optimization','basic'),(333,34,'Images',4,0,'image-management','basic'),(334,34,'Bundle Items',3,0,'bundle-items',NULL),(335,34,'Content',2,0,'content','basic'),(336,34,'General',1,1,'product-details','basic'),(337,35,'mageworx-dynamic-options',40,0,'mageworx-dynamic-options',NULL),(338,35,'Attributes',11,0,'attributes',NULL),(339,35,'Gift Options',10,0,'gift-options',NULL),(340,35,'Autosettings',9,0,'autosettings','advanced'),(341,35,'Schedule Design Update',8,0,'schedule-design-update','advanced'),(342,35,'Design',7,0,'design','advanced'),(343,35,'Advanced Pricing',6,0,'advanced-pricing','advanced'),(344,35,'Search Engine Optimization',5,0,'search-engine-optimization','basic'),(345,35,'Images',4,0,'image-management','basic'),(346,35,'Bundle Items',3,0,'bundle-items',NULL),(347,35,'Content',2,0,'content','basic'),(348,35,'General',1,1,'product-details','basic'),(349,36,'mageworx-dynamic-options',40,0,'mageworx-dynamic-options',NULL),(350,36,'Attributes',11,0,'attributes',NULL),(351,36,'Gift Options',10,0,'gift-options',NULL),(352,36,'Autosettings',9,0,'autosettings','advanced'),(353,36,'Schedule Design Update',8,0,'schedule-design-update','advanced'),(354,36,'Design',7,0,'design','advanced'),(355,36,'Advanced Pricing',6,0,'advanced-pricing','advanced'),(356,36,'Search Engine Optimization',5,0,'search-engine-optimization','basic'),(357,36,'Images',4,0,'image-management','basic'),(358,36,'Bundle Items',3,0,'bundle-items',NULL),(359,36,'Content',2,0,'content','basic'),(360,36,'General',1,1,'product-details','basic'),(361,37,'mageworx-dynamic-options',40,0,'mageworx-dynamic-options',NULL),(362,37,'Attributes',11,0,'attributes',NULL),(363,37,'Gift Options',10,0,'gift-options',NULL),(364,37,'Autosettings',9,0,'autosettings','advanced'),(365,37,'Schedule Design Update',8,0,'schedule-design-update','advanced'),(366,37,'Design',7,0,'design','advanced'),(367,37,'Advanced Pricing',6,0,'advanced-pricing','advanced'),(368,37,'Search Engine Optimization',5,0,'search-engine-optimization','basic'),(369,37,'Images',4,0,'image-management','basic'),(370,37,'Bundle Items',3,0,'bundle-items',NULL),(371,37,'Content',2,0,'content','basic'),(372,37,'General',1,1,'product-details','basic'),(373,38,'mageworx-dynamic-options',40,0,'mageworx-dynamic-options',NULL),(374,38,'Attributes',11,0,'attributes',NULL),(375,38,'Gift Options',10,0,'gift-options',NULL),(376,38,'Autosettings',9,0,'autosettings','advanced'),(377,38,'Schedule Design Update',8,0,'schedule-design-update','advanced'),(378,38,'Design',7,0,'design','advanced'),(379,38,'Advanced Pricing',6,0,'advanced-pricing','advanced'),(380,38,'Search Engine Optimization',5,0,'search-engine-optimization','basic'),(381,38,'Images',4,0,'image-management','basic'),(382,38,'Bundle Items',3,0,'bundle-items',NULL),(383,38,'Content',2,0,'content','basic'),(384,38,'General',1,1,'product-details','basic'),(385,39,'mageworx-dynamic-options',40,0,'mageworx-dynamic-options',NULL),(386,39,'Attributes',11,0,'attributes',NULL),(387,39,'Gift Options',10,0,'gift-options',NULL),(388,39,'Autosettings',9,0,'autosettings','advanced'),(389,39,'Schedule Design Update',8,0,'schedule-design-update','advanced'),(390,39,'Design',7,0,'design','advanced'),(391,39,'Advanced Pricing',6,0,'advanced-pricing','advanced'),(392,39,'Search Engine Optimization',5,0,'search-engine-optimization','basic'),(393,39,'Images',4,0,'image-management','basic'),(394,39,'Bundle Items',3,0,'bundle-items',NULL),(395,39,'Content',2,0,'content','basic'),(396,39,'General',1,1,'product-details','basic'),(397,40,'mageworx-dynamic-options',40,0,'mageworx-dynamic-options',NULL),(398,40,'Attributes',11,0,'attributes',NULL),(399,40,'Gift Options',10,0,'gift-options',NULL),(400,40,'Autosettings',9,0,'autosettings','advanced'),(401,40,'Schedule Design Update',8,0,'schedule-design-update','advanced'),(402,40,'Design',7,0,'design','advanced'),(403,40,'Advanced Pricing',6,0,'advanced-pricing','advanced'),(404,40,'Search Engine Optimization',5,0,'search-engine-optimization','basic'),(405,40,'Images',4,0,'image-management','basic'),(406,40,'Bundle Items',3,0,'bundle-items',NULL),(407,40,'Content',2,0,'content','basic'),(408,40,'General',1,1,'product-details','basic'),(409,41,'mageworx-dynamic-options',40,0,'mageworx-dynamic-options',NULL),(410,41,'Attributes',11,0,'attributes',NULL),(411,41,'Gift Options',10,0,'gift-options',NULL),(412,41,'Autosettings',9,0,'autosettings','advanced'),(413,41,'Schedule Design Update',8,0,'schedule-design-update','advanced'),(414,41,'Design',7,0,'design','advanced'),(415,41,'Advanced Pricing',6,0,'advanced-pricing','advanced'),(416,41,'Search Engine Optimization',5,0,'search-engine-optimization','basic'),(417,41,'Images',4,0,'image-management','basic'),(418,41,'Bundle Items',3,0,'bundle-items',NULL),(419,41,'Content',2,0,'content','basic'),(420,41,'General',1,1,'product-details','basic'),(421,42,'mageworx-dynamic-options',40,0,'mageworx-dynamic-options',NULL),(422,42,'Attributes',11,0,'attributes',NULL),(423,42,'Gift Options',10,0,'gift-options',NULL),(424,42,'Autosettings',9,0,'autosettings','advanced'),(425,42,'Schedule Design Update',8,0,'schedule-design-update','advanced'),(426,42,'Design',7,0,'design','advanced'),(427,42,'Advanced Pricing',6,0,'advanced-pricing','advanced'),(428,42,'Search Engine Optimization',5,0,'search-engine-optimization','basic'),(429,42,'Images',4,0,'image-management','basic'),(430,42,'Bundle Items',3,0,'bundle-items',NULL),(431,42,'Content',2,0,'content','basic'),(432,42,'General',1,1,'product-details','basic'),(433,43,'mageworx-dynamic-options',40,0,'mageworx-dynamic-options',NULL),(434,43,'Attributes',11,0,'attributes',NULL),(435,43,'Gift Options',10,0,'gift-options',NULL),(436,43,'Autosettings',9,0,'autosettings','advanced'),(437,43,'Schedule Design Update',8,0,'schedule-design-update','advanced'),(438,43,'Design',7,0,'design','advanced'),(439,43,'Advanced Pricing',6,0,'advanced-pricing','advanced'),(440,43,'Search Engine Optimization',5,0,'search-engine-optimization','basic'),(441,43,'Images',4,0,'image-management','basic'),(442,43,'Bundle Items',3,0,'bundle-items',NULL),(443,43,'Content',2,0,'content','basic'),(444,43,'General',1,1,'product-details','basic'),(445,44,'mageworx-dynamic-options',40,0,'mageworx-dynamic-options',NULL),(446,44,'Attributes',11,0,'attributes',NULL),(447,44,'Gift Options',10,0,'gift-options',NULL),(448,44,'Autosettings',9,0,'autosettings','advanced'),(449,44,'Schedule Design Update',8,0,'schedule-design-update','advanced'),(450,44,'Design',7,0,'design','advanced'),(451,44,'Advanced Pricing',6,0,'advanced-pricing','advanced'),(452,44,'Search Engine Optimization',5,0,'search-engine-optimization','basic'),(453,44,'Images',4,0,'image-management','basic'),(454,44,'Bundle Items',3,0,'bundle-items',NULL),(455,44,'Content',2,0,'content','basic'),(456,44,'General',1,1,'product-details','basic'),(457,45,'mageworx-dynamic-options',40,0,'mageworx-dynamic-options',NULL),(458,45,'Attributes',11,0,'attributes',NULL),(459,45,'Gift Options',10,0,'gift-options',NULL),(460,45,'Autosettings',9,0,'autosettings','advanced'),(461,45,'Schedule Design Update',8,0,'schedule-design-update','advanced'),(462,45,'Design',7,0,'design','advanced'),(463,45,'Advanced Pricing',6,0,'advanced-pricing','advanced'),(464,45,'Search Engine Optimization',5,0,'search-engine-optimization','basic'),(465,45,'Images',4,0,'image-management','basic'),(466,45,'Bundle Items',3,0,'bundle-items',NULL),(467,45,'Content',2,0,'content','basic'),(468,45,'General',1,1,'product-details','basic'),(469,46,'mageworx-dynamic-options',40,0,'mageworx-dynamic-options',NULL),(470,46,'Attributes',11,0,'attributes',NULL),(471,46,'Gift Options',10,0,'gift-options',NULL),(472,46,'Autosettings',9,0,'autosettings','advanced'),(473,46,'Schedule Design Update',8,0,'schedule-design-update','advanced'),(474,46,'Design',7,0,'design','advanced'),(475,46,'Advanced Pricing',6,0,'advanced-pricing','advanced'),(476,46,'Search Engine Optimization',5,0,'search-engine-optimization','basic'),(477,46,'Images',4,0,'image-management','basic'),(478,46,'Bundle Items',3,0,'bundle-items',NULL),(479,46,'Content',2,0,'content','basic'),(480,46,'General',1,1,'product-details','basic'),(481,47,'mageworx-dynamic-options',40,0,'mageworx-dynamic-options',NULL),(482,47,'Attributes',11,0,'attributes',NULL),(483,47,'Gift Options',10,0,'gift-options',NULL),(484,47,'Autosettings',9,0,'autosettings','advanced'),(485,47,'Schedule Design Update',8,0,'schedule-design-update','advanced'),(486,47,'Design',7,0,'design','advanced'),(487,47,'Advanced Pricing',6,0,'advanced-pricing','advanced'),(488,47,'Search Engine Optimization',5,0,'search-engine-optimization','basic'),(489,47,'Images',4,0,'image-management','basic'),(490,47,'Bundle Items',3,0,'bundle-items',NULL),(491,47,'Content',2,0,'content','basic'),(492,47,'General',1,1,'product-details','basic'),(493,48,'mageworx-dynamic-options',40,0,'mageworx-dynamic-options',NULL),(494,48,'Attributes',11,0,'attributes',NULL),(495,48,'Gift Options',10,0,'gift-options',NULL),(496,48,'Autosettings',9,0,'autosettings','advanced'),(497,48,'Schedule Design Update',8,0,'schedule-design-update','advanced'),(498,48,'Design',7,0,'design','advanced'),(499,48,'Advanced Pricing',6,0,'advanced-pricing','advanced'),(500,48,'Search Engine Optimization',5,0,'search-engine-optimization','basic'),(501,48,'Images',4,0,'image-management','basic'),(502,48,'Bundle Items',3,0,'bundle-items',NULL),(503,48,'Content',2,0,'content','basic'),(504,48,'General',1,1,'product-details','basic'),(505,49,'mageworx-dynamic-options',40,0,'mageworx-dynamic-options',NULL),(506,49,'Attributes',11,0,'attributes',NULL),(507,49,'Gift Options',10,0,'gift-options',NULL),(508,49,'Autosettings',9,0,'autosettings','advanced'),(509,49,'Schedule Design Update',8,0,'schedule-design-update','advanced'),(510,49,'Design',7,0,'design','advanced'),(511,49,'Advanced Pricing',6,0,'advanced-pricing','advanced'),(512,49,'Search Engine Optimization',5,0,'search-engine-optimization','basic'),(513,49,'Images',4,0,'image-management','basic'),(514,49,'Bundle Items',3,0,'bundle-items',NULL),(515,49,'Content',2,0,'content','basic'),(516,49,'General',1,1,'product-details','basic'),(517,50,'mageworx-dynamic-options',40,0,'mageworx-dynamic-options',NULL),(518,50,'Attributes',11,0,'attributes',NULL),(519,50,'Gift Options',10,0,'gift-options',NULL),(520,50,'Autosettings',9,0,'autosettings','advanced'),(521,50,'Schedule Design Update',8,0,'schedule-design-update','advanced'),(522,50,'Design',7,0,'design','advanced'),(523,50,'Advanced Pricing',6,0,'advanced-pricing','advanced'),(524,50,'Search Engine Optimization',5,0,'search-engine-optimization','basic'),(525,50,'Images',4,0,'image-management','basic'),(526,50,'Bundle Items',3,0,'bundle-items',NULL),(527,50,'Content',2,0,'content','basic'),(528,50,'General',1,1,'product-details','basic'),(529,51,'mageworx-dynamic-options',40,0,'mageworx-dynamic-options',NULL),(530,51,'Attributes',11,0,'attributes',NULL),(531,51,'Gift Options',10,0,'gift-options',NULL),(532,51,'Autosettings',9,0,'autosettings','advanced'),(533,51,'Schedule Design Update',8,0,'schedule-design-update','advanced'),(534,51,'Design',7,0,'design','advanced'),(535,51,'Advanced Pricing',6,0,'advanced-pricing','advanced'),(536,51,'Search Engine Optimization',5,0,'search-engine-optimization','basic'),(537,51,'Images',4,0,'image-management','basic'),(538,51,'Bundle Items',3,0,'bundle-items',NULL),(539,51,'Content',2,0,'content','basic'),(540,51,'General',1,1,'product-details','basic'),(541,52,'mageworx-dynamic-options',12,0,'mageworx-dynamic-options',NULL),(542,52,'Attributes',11,0,'attributes',NULL),(543,52,'Gift Options',10,0,'gift-options',NULL),(544,52,'Autosettings',9,0,'autosettings','advanced'),(545,52,'Schedule Design Update',8,0,'schedule-design-update','advanced'),(546,52,'Design',7,0,'design','advanced'),(547,52,'Advanced Pricing',6,0,'advanced-pricing','advanced'),(548,52,'Search Engine Optimization',5,0,'search-engine-optimization','basic'),(549,52,'Images',4,0,'image-management','basic'),(550,52,'Bundle Items',3,0,'bundle-items',NULL),(551,52,'Content',2,0,'content','basic'),(552,52,'General',1,1,'product-details','basic'),(553,53,'mageworx-dynamic-options',40,0,'mageworx-dynamic-options',NULL),(554,53,'Attributes',11,0,'attributes',NULL),(555,53,'Gift Options',10,0,'gift-options',NULL),(556,53,'Autosettings',9,0,'autosettings','advanced'),(557,53,'Schedule Design Update',8,0,'schedule-design-update','advanced'),(558,53,'Design',7,0,'design','advanced'),(559,53,'Advanced Pricing',6,0,'advanced-pricing','advanced'),(560,53,'Search Engine Optimization',5,0,'search-engine-optimization','basic'),(561,53,'Images',4,0,'image-management','basic'),(562,53,'Bundle Items',3,0,'bundle-items',NULL),(563,53,'Content',2,0,'content','basic'),(564,53,'General',1,1,'product-details','basic'),(565,54,'mageworx-dynamic-options',40,0,'mageworx-dynamic-options',NULL),(566,54,'Attributes',11,0,'attributes',NULL),(567,54,'Gift Options',10,0,'gift-options',NULL),(568,54,'Autosettings',9,0,'autosettings','advanced'),(569,54,'Schedule Design Update',8,0,'schedule-design-update','advanced'),(570,54,'Design',7,0,'design','advanced'),(571,54,'Advanced Pricing',6,0,'advanced-pricing','advanced'),(572,54,'Search Engine Optimization',5,0,'search-engine-optimization','basic'),(573,54,'Images',4,0,'image-management','basic'),(574,54,'Bundle Items',3,0,'bundle-items',NULL),(575,54,'Content',2,0,'content','basic'),(576,54,'General',1,1,'product-details','basic'),(577,55,'mageworx-dynamic-options',40,0,'mageworx-dynamic-options',NULL),(578,55,'Attributes',11,0,'attributes',NULL),(579,55,'Gift Options',10,0,'gift-options',NULL),(580,55,'Autosettings',9,0,'autosettings','advanced'),(581,55,'Schedule Design Update',8,0,'schedule-design-update','advanced'),(582,55,'Design',7,0,'design','advanced'),(583,55,'Advanced Pricing',6,0,'advanced-pricing','advanced'),(584,55,'Search Engine Optimization',5,0,'search-engine-optimization','basic'),(585,55,'Images',4,0,'image-management','basic'),(586,55,'Bundle Items',3,0,'bundle-items',NULL),(587,55,'Content',2,0,'content','basic'),(588,55,'General',1,1,'product-details','basic'),(589,56,'mageworx-dynamic-options',40,0,'mageworx-dynamic-options',NULL),(590,56,'Attributes',11,0,'attributes',NULL),(591,56,'Gift Options',10,0,'gift-options',NULL),(592,56,'Autosettings',9,0,'autosettings','advanced'),(593,56,'Schedule Design Update',8,0,'schedule-design-update','advanced'),(594,56,'Design',7,0,'design','advanced'),(595,56,'Advanced Pricing',6,0,'advanced-pricing','advanced'),(596,56,'Search Engine Optimization',5,0,'search-engine-optimization','basic'),(597,56,'Images',4,0,'image-management','basic'),(598,56,'Bundle Items',3,0,'bundle-items',NULL),(599,56,'Content',2,0,'content','basic'),(600,56,'General',1,1,'product-details','basic'),(601,57,'mageworx-dynamic-options',12,0,'mageworx-dynamic-options',NULL),(602,57,'Attributes',11,0,'attributes',NULL),(603,57,'Gift Options',10,0,'gift-options',NULL),(604,57,'Autosettings',9,0,'autosettings','advanced'),(605,57,'Schedule Design Update',8,0,'schedule-design-update','advanced'),(606,57,'Design',7,0,'design','advanced'),(607,57,'Advanced Pricing',6,0,'advanced-pricing','advanced'),(608,57,'Search Engine Optimization',5,0,'search-engine-optimization','basic'),(609,57,'Images',4,0,'image-management','basic'),(610,57,'Bundle Items',3,0,'bundle-items',NULL),(611,57,'Content',2,0,'content','basic'),(612,57,'General',1,1,'product-details','basic'),(613,58,'mageworx-dynamic-options',40,0,'mageworx-dynamic-options',NULL),(614,58,'Attributes',11,0,'attributes',NULL),(615,58,'Gift Options',10,0,'gift-options',NULL),(616,58,'Autosettings',9,0,'autosettings','advanced'),(617,58,'Schedule Design Update',8,0,'schedule-design-update','advanced'),(618,58,'Design',7,0,'design','advanced'),(619,58,'Advanced Pricing',6,0,'advanced-pricing','advanced'),(620,58,'Search Engine Optimization',5,0,'search-engine-optimization','basic'),(621,58,'Images',4,0,'image-management','basic'),(622,58,'Bundle Items',3,0,'bundle-items',NULL),(623,58,'Content',2,0,'content','basic'),(624,58,'General',1,1,'product-details','basic'),(625,59,'mageworx-dynamic-options',12,0,'mageworx-dynamic-options',NULL),(626,59,'Attributes',11,0,'attributes',NULL),(627,59,'Gift Options',10,0,'gift-options',NULL),(628,59,'Autosettings',9,0,'autosettings','advanced'),(629,59,'Schedule Design Update',8,0,'schedule-design-update','advanced'),(630,59,'Design',7,0,'design','advanced'),(631,59,'Advanced Pricing',6,0,'advanced-pricing','advanced'),(632,59,'Search Engine Optimization',5,0,'search-engine-optimization','basic'),(633,59,'Images',4,0,'image-management','basic'),(634,59,'Bundle Items',3,0,'bundle-items',NULL),(635,59,'Content',2,0,'content','basic'),(636,59,'General',1,1,'product-details','basic'),(637,60,'mageworx-dynamic-options',40,0,'mageworx-dynamic-options',NULL),(638,60,'Attributes',11,0,'attributes',NULL),(639,60,'Gift Options',10,0,'gift-options',NULL),(640,60,'Autosettings',9,0,'autosettings','advanced'),(641,60,'Schedule Design Update',8,0,'schedule-design-update','advanced'),(642,60,'Design',7,0,'design','advanced'),(643,60,'Advanced Pricing',6,0,'advanced-pricing','advanced'),(644,60,'Search Engine Optimization',5,0,'search-engine-optimization','basic'),(645,60,'Images',4,0,'image-management','basic'),(646,60,'Bundle Items',3,0,'bundle-items',NULL),(647,60,'Content',2,0,'content','basic'),(648,60,'General',1,1,'product-details','basic'),(649,61,'mageworx-dynamic-options',12,0,'mageworx-dynamic-options',NULL),(650,61,'Attributes',11,0,'attributes',NULL),(651,61,'Gift Options',10,0,'gift-options',NULL),(652,61,'Autosettings',9,0,'autosettings','advanced'),(653,61,'Schedule Design Update',8,0,'schedule-design-update','advanced'),(654,61,'Design',7,0,'design','advanced'),(655,61,'Advanced Pricing',6,0,'advanced-pricing','advanced'),(656,61,'Search Engine Optimization',5,0,'search-engine-optimization','basic'),(657,61,'Images',4,0,'image-management','basic'),(658,61,'Bundle Items',3,0,'bundle-items',NULL),(659,61,'Content',2,0,'content','basic'),(660,61,'General',1,1,'product-details','basic'),(661,62,'mageworx-dynamic-options',40,0,'mageworx-dynamic-options',NULL),(662,62,'Attributes',11,0,'attributes',NULL),(663,62,'Gift Options',10,0,'gift-options',NULL),(664,62,'Autosettings',9,0,'autosettings','advanced'),(665,62,'Schedule Design Update',8,0,'schedule-design-update','advanced'),(666,62,'Design',7,0,'design','advanced'),(667,62,'Advanced Pricing',6,0,'advanced-pricing','advanced'),(668,62,'Search Engine Optimization',5,0,'search-engine-optimization','basic'),(669,62,'Images',4,0,'image-management','basic'),(670,62,'Bundle Items',3,0,'bundle-items',NULL),(671,62,'Content',2,0,'content','basic'),(672,62,'General',1,1,'product-details','basic'),(673,3,'Content',33,0,'content',NULL),(674,52,'Toilets',13,0,'toilets',NULL),(675,3,'Bottom Category Content',34,0,'bottom-category-content',NULL),(676,9,'Taps',12,0,'taps',NULL),(677,9,'Bottom Category Content',13,0,'bottom-category-content',NULL),(678,10,'Bottom Category Content',41,0,'bottom-category-content',NULL),(679,14,'Bottom Category Content',41,0,'bottom-category-content',NULL),(680,15,'Bottom Category Content',41,0,'bottom-category-content',NULL),(681,16,'Bottom Category Content',41,0,'bottom-category-content',NULL),(682,17,'Bottom Category Content',41,0,'bottom-category-content',NULL),(683,18,'Bottom Category Content',41,0,'bottom-category-content',NULL),(684,19,'Bottom Category Content',13,0,'bottom-category-content',NULL),(685,20,'Bottom Category Content',41,0,'bottom-category-content',NULL),(686,21,'Bottom Category Content',41,0,'bottom-category-content',NULL),(687,58,'Bottom Category Content',41,0,'bottom-category-content',NULL),(688,22,'Bottom Category Content',41,0,'bottom-category-content',NULL),(689,23,'Bottom Category Content',41,0,'bottom-category-content',NULL),(690,24,'Bottom Category Content',41,0,'bottom-category-content',NULL),(691,4,'Bottom Category Content',41,0,'bottom-category-content',NULL),(692,25,'Bottom Category Content',41,0,'bottom-category-content',NULL),(693,26,'Bottom Category Content',41,0,'bottom-category-content',NULL),(694,27,'Bottom Category Content',41,0,'bottom-category-content',NULL),(695,28,'Bottom Category Content',41,0,'bottom-category-content',NULL),(696,29,'Bottom Category Content',41,0,'bottom-category-content',NULL),(697,61,'Bottom Category Content',13,0,'bottom-category-content',NULL),(698,30,'Bottom Category Content',41,0,'bottom-category-content',NULL),(699,31,'Bottom Category Content',41,0,'bottom-category-content',NULL),(700,32,'Bottom Category Content',41,0,'bottom-category-content',NULL),(701,33,'Bottom Category Content',41,0,'bottom-category-content',NULL),(702,34,'Bottom Category Content',41,0,'bottom-category-content',NULL),(703,35,'Bottom Category Content',41,0,'bottom-category-content',NULL),(704,36,'Bottom Category Content',41,0,'bottom-category-content',NULL),(705,37,'Bottom Category Content',41,0,'bottom-category-content',NULL),(706,57,'Bottom Category Content',13,0,'bottom-category-content',NULL),(707,38,'Bottom Category Content',41,0,'bottom-category-content',NULL),(708,11,'Bottom Category Content',41,0,'bottom-category-content',NULL),(709,39,'Bottom Category Content',41,0,'bottom-category-content',NULL),(710,40,'Bottom Category Content',41,0,'bottom-category-content',NULL),(711,41,'Bottom Category Content',41,0,'bottom-category-content',NULL),(712,42,'Bottom Category Content',41,0,'bottom-category-content',NULL),(713,43,'Bottom Category Content',41,0,'bottom-category-content',NULL),(714,44,'Bottom Category Content',41,0,'bottom-category-content',NULL),(715,45,'Bottom Category Content',41,0,'bottom-category-content',NULL),(716,46,'Bottom Category Content',41,0,'bottom-category-content',NULL),(717,59,'Bottom Category Content',13,0,'bottom-category-content',NULL),(718,47,'Bottom Category Content',41,0,'bottom-category-content',NULL),(719,48,'Bottom Category Content',41,0,'bottom-category-content',NULL),(720,49,'Bottom Category Content',41,0,'bottom-category-content',NULL),(721,50,'Bottom Category Content',41,0,'bottom-category-content',NULL),(722,60,'Bottom Category Content',41,0,'bottom-category-content',NULL),(723,51,'Bottom Category Content',41,0,'bottom-category-content',NULL),(724,62,'Bottom Category Content',41,0,'bottom-category-content',NULL),(725,52,'Bottom Category Content',14,0,'bottom-category-content',NULL),(726,53,'Bottom Category Content',41,0,'bottom-category-content',NULL),(727,54,'Bottom Category Content',41,0,'bottom-category-content',NULL),(728,55,'Bottom Category Content',41,0,'bottom-category-content',NULL),(729,56,'Bottom Category Content',41,0,'bottom-category-content',NULL);

--
-- Table structure for table `eav_entity_attribute`
--

CREATE TABLE `eav_entity_attribute` (
  `entity_attribute_id` int unsigned NOT NULL AUTO_INCREMENT COMMENT 'Entity Attribute ID',
  `entity_type_id` smallint unsigned NOT NULL DEFAULT '0' COMMENT 'Entity Type ID',
  `attribute_set_id` smallint unsigned NOT NULL DEFAULT '0' COMMENT 'Attribute Set ID',
  `attribute_group_id` smallint unsigned NOT NULL DEFAULT '0' COMMENT 'Attribute Group ID',
  `attribute_id` smallint unsigned NOT NULL DEFAULT '0' COMMENT 'Attribute ID',
  `sort_order` smallint NOT NULL DEFAULT '0' COMMENT 'Sort Order',
  PRIMARY KEY (`entity_attribute_id`),
  UNIQUE KEY `EAV_ENTITY_ATTRIBUTE_ATTRIBUTE_SET_ID_ATTRIBUTE_ID` (`attribute_set_id`,`attribute_id`),
  UNIQUE KEY `EAV_ENTITY_ATTRIBUTE_ATTRIBUTE_GROUP_ID_ATTRIBUTE_ID` (`attribute_group_id`,`attribute_id`),
  KEY `EAV_ENTITY_ATTRIBUTE_ATTRIBUTE_SET_ID_SORT_ORDER` (`attribute_set_id`,`sort_order`),
  KEY `EAV_ENTITY_ATTRIBUTE_ATTRIBUTE_ID` (`attribute_id`),
  CONSTRAINT `EAV_ENTITY_ATTRIBUTE_ATTRIBUTE_ID_EAV_ATTRIBUTE_ATTRIBUTE_ID` FOREIGN KEY (`attribute_id`) REFERENCES `eav_attribute` (`attribute_id`) ON DELETE CASCADE,
  CONSTRAINT `EAV_ENTT_ATTR_ATTR_GROUP_ID_EAV_ATTR_GROUP_ATTR_GROUP_ID` FOREIGN KEY (`attribute_group_id`) REFERENCES `eav_attribute_group` (`attribute_group_id`) ON DELETE CASCADE
) ENGINE=InnoDB AUTO_INCREMENT=6749 DEFAULT CHARSET=utf8mb3 COMMENT='Eav Entity Attributes';

--
-- Dumping data for table `eav_entity_attribute`
--

INSERT INTO `eav_entity_attribute` VALUES (1,1,1,1,1,10),(2,1,1,1,2,20),(3,1,1,1,3,20),(4,1,1,1,4,30),(5,1,1,1,5,40),(6,1,1,1,6,50),(7,1,1,1,7,60),(8,1,1,1,8,70),(9,1,1,1,9,80),(10,1,1,1,10,25),(11,1,1,1,11,90),(12,1,1,1,12,81),(13,1,1,1,13,115),(14,1,1,1,14,120),(15,1,1,1,15,82),(16,1,1,1,16,83),(17,1,1,1,17,100),(18,1,1,1,18,0),(19,1,1,1,19,0),(20,1,1,1,20,110),(21,1,1,1,21,28),(22,2,2,2,22,10),(23,2,2,2,23,20),(24,2,2,2,24,30),(25,2,2,2,25,40),(26,2,2,2,26,50),(27,2,2,2,27,60),(28,2,2,2,28,70),(29,2,2,2,29,100),(30,2,2,2,30,80),(31,2,2,2,31,90),(32,2,2,2,32,90),(33,2,2,2,33,110),(34,2,2,2,34,120),(35,2,2,2,35,130),(36,2,2,2,36,140),(37,2,2,2,37,132),(38,2,2,2,38,133),(39,2,2,2,39,134),(40,2,2,2,40,135),(41,1,1,1,41,87),(42,1,1,1,42,100),(43,1,1,1,43,110),(44,1,1,1,44,120),(45,3,3,4,45,1),(46,3,3,4,46,2),(47,3,3,4,47,4),(48,3,3,4,48,5),(49,3,3,4,49,6),(50,3,3,4,50,7),(51,3,3,4,51,8),(52,3,3,5,52,10),(53,3,3,5,53,20),(54,3,3,5,54,30),(55,3,3,4,55,12),(56,3,3,4,56,13),(57,3,3,4,57,14),(58,3,3,4,58,15),(59,3,3,4,59,16),(60,3,3,6,60,10),(61,3,3,6,61,30),(62,3,3,6,62,40),(63,3,3,6,63,50),(64,3,3,6,64,60),(65,3,3,4,65,24),(66,3,3,4,66,25),(67,3,3,5,67,40),(68,3,3,5,68,50),(69,3,3,4,69,10),(70,3,3,6,70,5),(71,3,3,6,71,6),(72,3,3,5,72,51),(90,4,4,7,91,6),(96,4,4,8,98,8),(101,4,4,11,103,10),(105,4,4,7,107,14),(106,4,4,7,108,15),(107,4,4,7,109,16),(108,4,4,7,110,17),(109,4,4,7,111,18),(110,4,4,7,112,19),(111,4,4,7,113,20),(116,3,3,6,118,51),(117,3,3,4,119,3),(118,3,3,4,120,17),(120,4,4,7,122,11),(123,4,4,7,125,111),(124,4,4,7,126,112),(125,4,4,7,127,113),(126,4,4,7,128,114),(135,3,3,21,137,100),(136,3,3,21,138,110),(137,3,3,21,139,120),(253,3,3,3,151,1),(254,4,4,7,73,2),(255,4,4,7,74,3),(256,4,4,7,77,5),(257,4,4,7,82,9),(258,4,4,7,93,23),(259,4,4,7,94,13),(260,4,4,7,95,14),(261,4,4,7,97,1),(262,4,4,7,99,11),(263,4,4,7,105,12),(264,4,4,7,114,22),(265,4,4,7,115,8),(266,4,4,7,129,6),(267,4,4,7,130,4),(268,4,4,7,131,10),(269,4,4,7,136,7),(270,4,4,7,140,15),(271,4,4,7,141,19),(272,4,4,7,142,16),(273,4,4,7,143,17),(274,4,4,7,144,18),(275,4,4,7,147,20),(276,4,4,7,148,24),(277,4,4,7,149,25),(278,4,4,7,150,26),(279,4,4,7,152,21),(280,4,4,13,75,2),(281,4,4,13,76,1),(282,4,4,13,145,3),(283,4,4,13,146,4),(284,4,4,19,133,1),(285,4,4,10,87,1),(286,4,4,10,88,2),(287,4,4,10,89,3),(288,4,4,10,90,5),(289,4,4,10,96,6),(290,4,4,10,135,4),(291,4,4,9,84,2),(292,4,4,9,85,3),(293,4,4,9,86,4),(294,4,4,9,121,1),(295,4,4,8,78,1),(296,4,4,8,79,2),(297,4,4,8,80,3),(298,4,4,8,81,4),(299,4,4,8,92,5),(300,4,4,8,123,6),(301,4,4,8,124,7),(302,4,4,8,132,8),(303,4,4,11,104,1),(304,4,4,11,106,2),(305,4,4,11,117,3),(306,4,4,14,100,3),(307,4,4,14,101,1),(308,4,4,14,102,2),(309,4,4,14,116,4),(310,4,4,20,134,1),(311,3,3,4,153,11),(312,4,4,7,154,115),(313,4,4,7,155,116),(314,4,4,23,156,20),(318,3,3,24,158,1),(319,3,3,24,159,2),(320,3,3,24,160,3),(321,4,4,7,161,117),(322,4,4,7,162,100),(324,1,1,1,157,90),(325,3,3,4,163,333),(335,4,9,30,103,10),(343,4,9,31,98,8),(365,4,9,36,91,6),(372,4,9,36,122,11),(376,4,9,36,107,14),(377,4,9,36,108,15),(379,4,9,36,109,16),(381,4,9,36,110,17),(383,4,9,36,111,18),(385,4,9,36,112,19),(387,4,9,36,113,20),(396,4,9,36,125,111),(397,4,9,36,126,112),(398,4,9,36,127,113),(399,4,9,36,128,114),(402,4,10,37,156,20),(403,4,10,39,134,1),(404,4,10,41,101,1),(405,4,10,41,102,2),(406,4,10,41,100,3),(407,4,10,41,116,4),(408,4,10,42,104,1),(409,4,10,42,106,2),(410,4,10,42,117,3),(411,4,10,42,103,10),(412,4,10,43,78,1),(413,4,10,43,79,2),(414,4,10,43,80,3),(415,4,10,43,81,4),(416,4,10,43,92,5),(417,4,10,43,123,6),(418,4,10,43,124,7),(419,4,10,43,98,8),(420,4,10,43,132,8),(421,4,10,44,121,1),(422,4,10,44,84,2),(423,4,10,44,85,3),(424,4,10,44,86,4),(425,4,10,45,87,1),(426,4,10,45,88,2),(427,4,10,45,89,3),(428,4,10,45,135,4),(429,4,10,45,90,5),(430,4,10,45,96,6),(431,4,10,46,133,1),(432,4,10,47,76,1),(433,4,10,47,75,2),(434,4,10,47,145,3),(435,4,10,47,146,4),(436,4,10,48,97,1),(437,4,10,48,73,2),(438,4,10,48,74,3),(439,4,10,48,130,4),(440,4,10,48,77,5),(441,4,10,48,91,6),(442,4,10,48,129,6),(443,4,10,48,136,7),(444,4,10,48,115,8),(445,4,10,48,82,9),(446,4,10,48,131,10),(447,4,10,48,99,11),(448,4,10,48,122,11),(449,4,10,48,105,12),(450,4,10,48,94,13),(451,4,10,48,95,14),(452,4,10,48,107,14),(453,4,10,48,108,15),(454,4,10,48,140,15),(455,4,10,48,109,16),(456,4,10,48,142,16),(457,4,10,48,110,17),(458,4,10,48,143,17),(459,4,10,48,111,18),(460,4,10,48,144,18),(461,4,10,48,112,19),(462,4,10,48,141,19),(463,4,10,48,113,20),(464,4,10,48,147,20),(465,4,10,48,152,21),(466,4,10,48,114,22),(467,4,10,48,93,23),(468,4,10,48,148,24),(469,4,10,48,149,25),(470,4,10,48,150,26),(471,4,10,48,162,100),(472,4,10,48,125,111),(473,4,10,48,126,112),(474,4,10,48,127,113),(475,4,10,48,128,114),(476,4,10,48,155,116),(477,4,10,48,161,117),(590,4,11,49,156,20),(591,4,11,51,134,1),(592,4,11,53,101,1),(593,4,11,53,102,2),(594,4,11,53,100,3),(595,4,11,53,116,4),(596,4,11,54,104,1),(597,4,11,54,106,2),(598,4,11,54,117,3),(599,4,11,54,103,10),(600,4,11,55,78,1),(601,4,11,55,79,2),(602,4,11,55,80,3),(603,4,11,55,81,4),(604,4,11,55,92,5),(605,4,11,55,123,6),(606,4,11,55,124,7),(607,4,11,55,98,8),(608,4,11,55,132,8),(609,4,11,56,121,1),(610,4,11,56,84,2),(611,4,11,56,85,3),(612,4,11,56,86,4),(613,4,11,57,87,1),(614,4,11,57,88,2),(615,4,11,57,89,3),(616,4,11,57,135,4),(617,4,11,57,90,5),(618,4,11,57,96,6),(619,4,11,58,133,1),(620,4,11,59,76,1),(621,4,11,59,75,2),(622,4,11,59,145,3),(623,4,11,59,146,4),(624,4,11,60,97,1),(625,4,11,60,73,2),(626,4,11,60,74,3),(627,4,11,60,130,4),(628,4,11,60,77,5),(629,4,11,60,91,6),(630,4,11,60,129,6),(631,4,11,60,136,7),(632,4,11,60,115,8),(633,4,11,60,82,9),(634,4,11,60,131,10),(635,4,11,60,99,11),(636,4,11,60,122,11),(637,4,11,60,105,12),(638,4,11,60,94,13),(639,4,11,60,95,14),(640,4,11,60,107,14),(641,4,11,60,108,15),(642,4,11,60,140,15),(643,4,11,60,109,16),(644,4,11,60,142,16),(645,4,11,60,110,17),(646,4,11,60,143,17),(647,4,11,60,111,18),(648,4,11,60,144,18),(649,4,11,60,112,19),(650,4,11,60,141,19),(651,4,11,60,113,20),(652,4,11,60,147,20),(653,4,11,60,152,21),(654,4,11,60,114,22),(655,4,11,60,93,23),(656,4,11,60,148,24),(657,4,11,60,149,25),(658,4,11,60,150,26),(659,4,11,60,162,100),(660,4,11,60,125,111),(661,4,11,60,126,112),(662,4,11,60,127,113),(663,4,11,60,128,114),(664,4,11,60,155,116),(665,4,11,60,161,117),(818,4,14,85,156,20),(819,4,14,87,134,1),(820,4,14,89,101,1),(821,4,14,89,102,2),(822,4,14,89,100,3),(823,4,14,89,116,4),(824,4,14,90,104,1),(825,4,14,90,106,2),(826,4,14,90,117,3),(827,4,14,90,103,10),(828,4,14,91,78,1),(829,4,14,91,79,2),(830,4,14,91,80,3),(831,4,14,91,81,4),(832,4,14,91,92,5),(833,4,14,91,123,6),(834,4,14,91,124,7),(835,4,14,91,98,8),(836,4,14,91,132,8),(837,4,14,92,121,1),(838,4,14,92,84,2),(839,4,14,92,85,3),(840,4,14,92,86,4),(841,4,14,93,87,1),(842,4,14,93,88,2),(843,4,14,93,89,3),(844,4,14,93,135,4),(845,4,14,93,90,5),(846,4,14,93,96,6),(847,4,14,94,133,1),(848,4,14,95,76,1),(849,4,14,95,75,2),(850,4,14,95,145,3),(851,4,14,95,146,4),(852,4,14,96,97,1),(853,4,14,96,73,2),(854,4,14,96,74,3),(855,4,14,96,130,4),(856,4,14,96,77,5),(857,4,14,96,91,6),(858,4,14,96,129,6),(859,4,14,96,136,7),(860,4,14,96,115,8),(861,4,14,96,82,9),(862,4,14,96,131,10),(863,4,14,96,99,11),(864,4,14,96,122,11),(865,4,14,96,105,12),(866,4,14,96,94,13),(867,4,14,96,95,14),(868,4,14,96,107,14),(869,4,14,96,108,15),(870,4,14,96,140,15),(871,4,14,96,109,16),(872,4,14,96,142,16),(873,4,14,96,110,17),(874,4,14,96,143,17),(875,4,14,96,111,18),(876,4,14,96,144,18),(877,4,14,96,112,19),(878,4,14,96,141,19),(879,4,14,96,113,20),(880,4,14,96,147,20),(881,4,14,96,152,21),(882,4,14,96,114,22),(883,4,14,96,93,23),(884,4,14,96,148,24),(885,4,14,96,149,25),(886,4,14,96,150,26),(887,4,14,96,162,100),(888,4,14,96,125,111),(889,4,14,96,126,112),(890,4,14,96,127,113),(891,4,14,96,128,114),(892,4,14,96,155,116),(893,4,14,96,161,117),(894,4,15,97,156,20),(895,4,15,99,134,1),(896,4,15,101,101,1),(897,4,15,101,102,2),(898,4,15,101,100,3),(899,4,15,101,116,4),(900,4,15,102,104,1),(901,4,15,102,106,2),(902,4,15,102,117,3),(903,4,15,102,103,10),(904,4,15,103,78,1),(905,4,15,103,79,2),(906,4,15,103,80,3),(907,4,15,103,81,4),(908,4,15,103,92,5),(909,4,15,103,123,6),(910,4,15,103,124,7),(911,4,15,103,98,8),(912,4,15,103,132,8),(913,4,15,104,121,1),(914,4,15,104,84,2),(915,4,15,104,85,3),(916,4,15,104,86,4),(917,4,15,105,87,1),(918,4,15,105,88,2),(919,4,15,105,89,3),(920,4,15,105,135,4),(921,4,15,105,90,5),(922,4,15,105,96,6),(923,4,15,106,133,1),(924,4,15,107,76,1),(925,4,15,107,75,2),(926,4,15,107,145,3),(927,4,15,107,146,4),(928,4,15,108,97,1),(929,4,15,108,73,2),(930,4,15,108,74,3),(931,4,15,108,130,4),(932,4,15,108,77,5),(933,4,15,108,91,6),(934,4,15,108,129,6),(935,4,15,108,136,7),(936,4,15,108,115,8),(937,4,15,108,82,9),(938,4,15,108,131,10),(939,4,15,108,99,11),(940,4,15,108,122,11),(941,4,15,108,105,12),(942,4,15,108,94,13),(943,4,15,108,95,14),(944,4,15,108,107,14),(945,4,15,108,108,15),(946,4,15,108,140,15),(947,4,15,108,109,16),(948,4,15,108,142,16),(949,4,15,108,110,17),(950,4,15,108,143,17),(951,4,15,108,111,18),(952,4,15,108,144,18),(953,4,15,108,112,19),(954,4,15,108,141,19),(955,4,15,108,113,20),(956,4,15,108,147,20),(957,4,15,108,152,21),(958,4,15,108,114,22),(959,4,15,108,93,23),(960,4,15,108,148,24),(961,4,15,108,149,25),(962,4,15,108,150,26),(963,4,15,108,162,100),(964,4,15,108,125,111),(965,4,15,108,126,112),(966,4,15,108,127,113),(967,4,15,108,128,114),(968,4,15,108,155,116),(969,4,15,108,161,117),(970,4,16,109,156,20),(971,4,16,111,134,1),(972,4,16,113,101,1),(973,4,16,113,102,2),(974,4,16,113,100,3),(975,4,16,113,116,4),(976,4,16,114,104,1),(977,4,16,114,106,2),(978,4,16,114,117,3),(979,4,16,114,103,10),(980,4,16,115,78,1),(981,4,16,115,79,2),(982,4,16,115,80,3),(983,4,16,115,81,4),(984,4,16,115,92,5),(985,4,16,115,123,6),(986,4,16,115,124,7),(987,4,16,115,98,8),(988,4,16,115,132,8),(989,4,16,116,121,1),(990,4,16,116,84,2),(991,4,16,116,85,3),(992,4,16,116,86,4),(993,4,16,117,87,1),(994,4,16,117,88,2),(995,4,16,117,89,3),(996,4,16,117,135,4),(997,4,16,117,90,5),(998,4,16,117,96,6),(999,4,16,118,133,1),(1000,4,16,119,76,1),(1001,4,16,119,75,2),(1002,4,16,119,145,3),(1003,4,16,119,146,4),(1004,4,16,120,97,1),(1005,4,16,120,73,2),(1006,4,16,120,74,3),(1007,4,16,120,130,4),(1008,4,16,120,77,5),(1009,4,16,120,91,6),(1010,4,16,120,129,6),(1011,4,16,120,136,7),(1012,4,16,120,115,8),(1013,4,16,120,82,9),(1014,4,16,120,131,10),(1015,4,16,120,99,11),(1016,4,16,120,122,11),(1017,4,16,120,105,12),(1018,4,16,120,94,13),(1019,4,16,120,95,14),(1020,4,16,120,107,14),(1021,4,16,120,108,15),(1022,4,16,120,140,15),(1023,4,16,120,109,16),(1024,4,16,120,142,16),(1025,4,16,120,110,17),(1026,4,16,120,143,17),(1027,4,16,120,111,18),(1028,4,16,120,144,18),(1029,4,16,120,112,19),(1030,4,16,120,141,19),(1031,4,16,120,113,20),(1032,4,16,120,147,20),(1033,4,16,120,152,21),(1034,4,16,120,114,22),(1035,4,16,120,93,23),(1036,4,16,120,148,24),(1037,4,16,120,149,25),(1038,4,16,120,150,26),(1039,4,16,120,162,100),(1040,4,16,120,125,111),(1041,4,16,120,126,112),(1042,4,16,120,127,113),(1043,4,16,120,128,114),(1044,4,16,120,155,116),(1045,4,16,120,161,117),(1046,4,17,121,156,20),(1047,4,17,123,134,1),(1048,4,17,125,101,1),(1049,4,17,125,102,2),(1050,4,17,125,100,3),(1051,4,17,125,116,4),(1052,4,17,126,104,1),(1053,4,17,126,106,2),(1054,4,17,126,117,3),(1055,4,17,126,103,10),(1056,4,17,127,78,1),(1057,4,17,127,79,2),(1058,4,17,127,80,3),(1059,4,17,127,81,4),(1060,4,17,127,92,5),(1061,4,17,127,123,6),(1062,4,17,127,124,7),(1063,4,17,127,98,8),(1064,4,17,127,132,8),(1065,4,17,128,121,1),(1066,4,17,128,84,2),(1067,4,17,128,85,3),(1068,4,17,128,86,4),(1069,4,17,129,87,1),(1070,4,17,129,88,2),(1071,4,17,129,89,3),(1072,4,17,129,135,4),(1073,4,17,129,90,5),(1074,4,17,129,96,6),(1075,4,17,130,133,1),(1076,4,17,131,76,1),(1077,4,17,131,75,2),(1078,4,17,131,145,3),(1079,4,17,131,146,4),(1080,4,17,132,97,1),(1081,4,17,132,73,2),(1082,4,17,132,74,3),(1083,4,17,132,130,4),(1084,4,17,132,77,5),(1085,4,17,132,91,6),(1086,4,17,132,129,6),(1087,4,17,132,136,7),(1088,4,17,132,115,8),(1089,4,17,132,82,9),(1090,4,17,132,131,10),(1091,4,17,132,99,11),(1092,4,17,132,122,11),(1093,4,17,132,105,12),(1094,4,17,132,94,13),(1095,4,17,132,95,14),(1096,4,17,132,107,14),(1097,4,17,132,108,15),(1098,4,17,132,140,15),(1099,4,17,132,109,16),(1100,4,17,132,142,16),(1101,4,17,132,110,17),(1102,4,17,132,143,17),(1103,4,17,132,111,18),(1104,4,17,132,144,18),(1105,4,17,132,112,19),(1106,4,17,132,141,19),(1107,4,17,132,113,20),(1108,4,17,132,147,20),(1109,4,17,132,152,21),(1110,4,17,132,114,22),(1111,4,17,132,93,23),(1112,4,17,132,148,24),(1113,4,17,132,149,25),(1114,4,17,132,150,26),(1115,4,17,132,162,100),(1116,4,17,132,125,111),(1117,4,17,132,126,112),(1118,4,17,132,127,113),(1119,4,17,132,128,114),(1120,4,17,132,155,116),(1121,4,17,132,161,117),(1122,4,18,133,156,20),(1123,4,18,135,134,1),(1124,4,18,137,101,1),(1125,4,18,137,102,2),(1126,4,18,137,100,3),(1127,4,18,137,116,4),(1128,4,18,138,104,1),(1129,4,18,138,106,2),(1130,4,18,138,117,3),(1131,4,18,138,103,10),(1132,4,18,139,78,1),(1133,4,18,139,79,2),(1134,4,18,139,80,3),(1135,4,18,139,81,4),(1136,4,18,139,92,5),(1137,4,18,139,123,6),(1138,4,18,139,124,7),(1139,4,18,139,98,8),(1140,4,18,139,132,8),(1141,4,18,140,121,1),(1142,4,18,140,84,2),(1143,4,18,140,85,3),(1144,4,18,140,86,4),(1145,4,18,141,87,1),(1146,4,18,141,88,2),(1147,4,18,141,89,3),(1148,4,18,141,135,4),(1149,4,18,141,90,5),(1150,4,18,141,96,6),(1151,4,18,142,133,1),(1152,4,18,143,76,1),(1153,4,18,143,75,2),(1154,4,18,143,145,3),(1155,4,18,143,146,4),(1156,4,18,144,97,1),(1157,4,18,144,73,2),(1158,4,18,144,74,3),(1159,4,18,144,130,4),(1160,4,18,144,77,5),(1161,4,18,144,91,6),(1162,4,18,144,129,6),(1163,4,18,144,136,7),(1164,4,18,144,115,8),(1165,4,18,144,82,9),(1166,4,18,144,131,10),(1167,4,18,144,99,11),(1168,4,18,144,122,11),(1169,4,18,144,105,12),(1170,4,18,144,94,13),(1171,4,18,144,95,14),(1172,4,18,144,107,14),(1173,4,18,144,108,15),(1174,4,18,144,140,15),(1175,4,18,144,109,16),(1176,4,18,144,142,16),(1177,4,18,144,110,17),(1178,4,18,144,143,17),(1179,4,18,144,111,18),(1180,4,18,144,144,18),(1181,4,18,144,112,19),(1182,4,18,144,141,19),(1183,4,18,144,113,20),(1184,4,18,144,147,20),(1185,4,18,144,152,21),(1186,4,18,144,114,22),(1187,4,18,144,93,23),(1188,4,18,144,148,24),(1189,4,18,144,149,25),(1190,4,18,144,150,26),(1191,4,18,144,162,100),(1192,4,18,144,125,111),(1193,4,18,144,126,112),(1194,4,18,144,127,113),(1195,4,18,144,128,114),(1196,4,18,144,155,116),(1197,4,18,144,161,117),(1207,4,19,150,103,10),(1215,4,19,151,98,8),(1237,4,19,156,91,6),(1244,4,19,156,122,11),(1248,4,19,156,107,14),(1249,4,19,156,108,15),(1251,4,19,156,109,16),(1253,4,19,156,110,17),(1255,4,19,156,111,18),(1257,4,19,156,112,19),(1259,4,19,156,113,20),(1268,4,19,156,125,111),(1269,4,19,156,126,112),(1270,4,19,156,127,113),(1271,4,19,156,128,114),(1274,4,20,157,156,20),(1275,4,20,159,134,1),(1276,4,20,161,101,1),(1277,4,20,161,102,2),(1278,4,20,161,100,3),(1279,4,20,161,116,4),(1280,4,20,162,104,1),(1281,4,20,162,106,2),(1282,4,20,162,117,3),(1283,4,20,162,103,10),(1284,4,20,163,78,1),(1285,4,20,163,79,2),(1286,4,20,163,80,3),(1287,4,20,163,81,4),(1288,4,20,163,92,5),(1289,4,20,163,123,6),(1290,4,20,163,124,7),(1291,4,20,163,98,8),(1292,4,20,163,132,8),(1293,4,20,164,121,1),(1294,4,20,164,84,2),(1295,4,20,164,85,3),(1296,4,20,164,86,4),(1297,4,20,165,87,1),(1298,4,20,165,88,2),(1299,4,20,165,89,3),(1300,4,20,165,135,4),(1301,4,20,165,90,5),(1302,4,20,165,96,6),(1303,4,20,166,133,1),(1304,4,20,167,76,1),(1305,4,20,167,75,2),(1306,4,20,167,145,3),(1307,4,20,167,146,4),(1308,4,20,168,97,1),(1309,4,20,168,73,2),(1310,4,20,168,74,3),(1311,4,20,168,130,4),(1312,4,20,168,77,5),(1313,4,20,168,91,6),(1314,4,20,168,129,6),(1315,4,20,168,136,7),(1316,4,20,168,115,8),(1317,4,20,168,82,9),(1318,4,20,168,131,10),(1319,4,20,168,99,11),(1320,4,20,168,122,11),(1321,4,20,168,105,12),(1322,4,20,168,94,13),(1323,4,20,168,95,14),(1324,4,20,168,107,14),(1325,4,20,168,108,15),(1326,4,20,168,140,15),(1327,4,20,168,109,16),(1328,4,20,168,142,16),(1329,4,20,168,110,17),(1330,4,20,168,143,17),(1331,4,20,168,111,18),(1332,4,20,168,144,18),(1333,4,20,168,112,19),(1334,4,20,168,141,19),(1335,4,20,168,113,20),(1336,4,20,168,147,20),(1337,4,20,168,152,21),(1338,4,20,168,114,22),(1339,4,20,168,93,23),(1340,4,20,168,148,24),(1341,4,20,168,149,25),(1342,4,20,168,150,26),(1343,4,20,168,162,100),(1344,4,20,168,125,111),(1345,4,20,168,126,112),(1346,4,20,168,127,113),(1347,4,20,168,128,114),(1348,4,20,168,155,116),(1349,4,20,168,161,117),(1350,4,21,169,156,20),(1351,4,21,171,134,1),(1352,4,21,173,101,1),(1353,4,21,173,102,2),(1354,4,21,173,100,3),(1355,4,21,173,116,4),(1356,4,21,174,104,1),(1357,4,21,174,106,2),(1358,4,21,174,117,3),(1359,4,21,174,103,10),(1360,4,21,175,78,1),(1361,4,21,175,79,2),(1362,4,21,175,80,3),(1363,4,21,175,81,4),(1364,4,21,175,92,5),(1365,4,21,175,123,6),(1366,4,21,175,124,7),(1367,4,21,175,98,8),(1368,4,21,175,132,8),(1369,4,21,176,121,1),(1370,4,21,176,84,2),(1371,4,21,176,85,3),(1372,4,21,176,86,4),(1373,4,21,177,87,1),(1374,4,21,177,88,2),(1375,4,21,177,89,3),(1376,4,21,177,135,4),(1377,4,21,177,90,5),(1378,4,21,177,96,6),(1379,4,21,178,133,1),(1380,4,21,179,76,1),(1381,4,21,179,75,2),(1382,4,21,179,145,3),(1383,4,21,179,146,4),(1384,4,21,180,97,1),(1385,4,21,180,73,2),(1386,4,21,180,74,3),(1387,4,21,180,130,4),(1388,4,21,180,77,5),(1389,4,21,180,91,6),(1390,4,21,180,129,6),(1391,4,21,180,136,7),(1392,4,21,180,115,8),(1393,4,21,180,82,9),(1394,4,21,180,131,10),(1395,4,21,180,99,11),(1396,4,21,180,122,11),(1397,4,21,180,105,12),(1398,4,21,180,94,13),(1399,4,21,180,95,14),(1400,4,21,180,107,14),(1401,4,21,180,108,15),(1402,4,21,180,140,15),(1403,4,21,180,109,16),(1404,4,21,180,142,16),(1405,4,21,180,110,17),(1406,4,21,180,143,17),(1407,4,21,180,111,18),(1408,4,21,180,144,18),(1409,4,21,180,112,19),(1410,4,21,180,141,19),(1411,4,21,180,113,20),(1412,4,21,180,147,20),(1413,4,21,180,152,21),(1414,4,21,180,114,22),(1415,4,21,180,93,23),(1416,4,21,180,148,24),(1417,4,21,180,149,25),(1418,4,21,180,150,26),(1419,4,21,180,162,100),(1420,4,21,180,125,111),(1421,4,21,180,126,112),(1422,4,21,180,127,113),(1423,4,21,180,128,114),(1424,4,21,180,155,116),(1425,4,21,180,161,117),(1426,4,22,181,156,20),(1427,4,22,183,134,1),(1428,4,22,185,101,1),(1429,4,22,185,102,2),(1430,4,22,185,100,3),(1431,4,22,185,116,4),(1432,4,22,186,104,1),(1433,4,22,186,106,2),(1434,4,22,186,117,3),(1435,4,22,186,103,10),(1436,4,22,187,78,1),(1437,4,22,187,79,2),(1438,4,22,187,80,3),(1439,4,22,187,81,4),(1440,4,22,187,92,5),(1441,4,22,187,123,6),(1442,4,22,187,124,7),(1443,4,22,187,98,8),(1444,4,22,187,132,8),(1445,4,22,188,121,1),(1446,4,22,188,84,2),(1447,4,22,188,85,3),(1448,4,22,188,86,4),(1449,4,22,189,87,1),(1450,4,22,189,88,2),(1451,4,22,189,89,3),(1452,4,22,189,135,4),(1453,4,22,189,90,5),(1454,4,22,189,96,6),(1455,4,22,190,133,1),(1456,4,22,191,76,1),(1457,4,22,191,75,2),(1458,4,22,191,145,3),(1459,4,22,191,146,4),(1460,4,22,192,97,1),(1461,4,22,192,73,2),(1462,4,22,192,74,3),(1463,4,22,192,130,4),(1464,4,22,192,77,5),(1465,4,22,192,91,6),(1466,4,22,192,129,6),(1467,4,22,192,136,7),(1468,4,22,192,115,8),(1469,4,22,192,82,9),(1470,4,22,192,131,10),(1471,4,22,192,99,11),(1472,4,22,192,122,11),(1473,4,22,192,105,12),(1474,4,22,192,94,13),(1475,4,22,192,95,14),(1476,4,22,192,107,14),(1477,4,22,192,108,15),(1478,4,22,192,140,15),(1479,4,22,192,109,16),(1480,4,22,192,142,16),(1481,4,22,192,110,17),(1482,4,22,192,143,17),(1483,4,22,192,111,18),(1484,4,22,192,144,18),(1485,4,22,192,112,19),(1486,4,22,192,141,19),(1487,4,22,192,113,20),(1488,4,22,192,147,20),(1489,4,22,192,152,21),(1490,4,22,192,114,22),(1491,4,22,192,93,23),(1492,4,22,192,148,24),(1493,4,22,192,149,25),(1494,4,22,192,150,26),(1495,4,22,192,162,100),(1496,4,22,192,125,111),(1497,4,22,192,126,112),(1498,4,22,192,127,113),(1499,4,22,192,128,114),(1500,4,22,192,155,116),(1501,4,22,192,161,117),(1502,4,23,193,156,20),(1503,4,23,195,134,1),(1504,4,23,197,101,1),(1505,4,23,197,102,2),(1506,4,23,197,100,3),(1507,4,23,197,116,4),(1508,4,23,198,104,1),(1509,4,23,198,106,2),(1510,4,23,198,117,3),(1511,4,23,198,103,10),(1512,4,23,199,78,1),(1513,4,23,199,79,2),(1514,4,23,199,80,3),(1515,4,23,199,81,4),(1516,4,23,199,92,5),(1517,4,23,199,123,6),(1518,4,23,199,124,7),(1519,4,23,199,98,8),(1520,4,23,199,132,8),(1521,4,23,200,121,1),(1522,4,23,200,84,2),(1523,4,23,200,85,3),(1524,4,23,200,86,4),(1525,4,23,201,87,1),(1526,4,23,201,88,2),(1527,4,23,201,89,3),(1528,4,23,201,135,4),(1529,4,23,201,90,5),(1530,4,23,201,96,6),(1531,4,23,202,133,1),(1532,4,23,203,76,1),(1533,4,23,203,75,2),(1534,4,23,203,145,3),(1535,4,23,203,146,4),(1536,4,23,204,97,1),(1537,4,23,204,73,2),(1538,4,23,204,74,3),(1539,4,23,204,130,4),(1540,4,23,204,77,5),(1541,4,23,204,91,6),(1542,4,23,204,129,6),(1543,4,23,204,136,7),(1544,4,23,204,115,8),(1545,4,23,204,82,9),(1546,4,23,204,131,10),(1547,4,23,204,99,11),(1548,4,23,204,122,11),(1549,4,23,204,105,12),(1550,4,23,204,94,13),(1551,4,23,204,95,14),(1552,4,23,204,107,14),(1553,4,23,204,108,15),(1554,4,23,204,140,15),(1555,4,23,204,109,16),(1556,4,23,204,142,16),(1557,4,23,204,110,17),(1558,4,23,204,143,17),(1559,4,23,204,111,18),(1560,4,23,204,144,18),(1561,4,23,204,112,19),(1562,4,23,204,141,19),(1563,4,23,204,113,20),(1564,4,23,204,147,20),(1565,4,23,204,152,21),(1566,4,23,204,114,22),(1567,4,23,204,93,23),(1568,4,23,204,148,24),(1569,4,23,204,149,25),(1570,4,23,204,150,26),(1571,4,23,204,162,100),(1572,4,23,204,125,111),(1573,4,23,204,126,112),(1574,4,23,204,127,113),(1575,4,23,204,128,114),(1576,4,23,204,155,116),(1577,4,23,204,161,117),(1578,4,24,205,156,20),(1579,4,24,207,134,1),(1580,4,24,209,101,1),(1581,4,24,209,102,2),(1582,4,24,209,100,3),(1583,4,24,209,116,4),(1584,4,24,210,104,1),(1585,4,24,210,106,2),(1586,4,24,210,117,3),(1587,4,24,210,103,10),(1588,4,24,211,78,1),(1589,4,24,211,79,2),(1590,4,24,211,80,3),(1591,4,24,211,81,4),(1592,4,24,211,92,5),(1593,4,24,211,123,6),(1594,4,24,211,124,7),(1595,4,24,211,98,8),(1596,4,24,211,132,8),(1597,4,24,212,121,1),(1598,4,24,212,84,2),(1599,4,24,212,85,3),(1600,4,24,212,86,4),(1601,4,24,213,87,1),(1602,4,24,213,88,2),(1603,4,24,213,89,3),(1604,4,24,213,135,4),(1605,4,24,213,90,5),(1606,4,24,213,96,6),(1607,4,24,214,133,1),(1608,4,24,215,76,1),(1609,4,24,215,75,2),(1610,4,24,215,145,3),(1611,4,24,215,146,4),(1612,4,24,216,97,1),(1613,4,24,216,73,2),(1614,4,24,216,74,3),(1615,4,24,216,130,4),(1616,4,24,216,77,5),(1617,4,24,216,91,6),(1618,4,24,216,129,6),(1619,4,24,216,136,7),(1620,4,24,216,115,8),(1621,4,24,216,82,9),(1622,4,24,216,131,10),(1623,4,24,216,99,11),(1624,4,24,216,122,11),(1625,4,24,216,105,12),(1626,4,24,216,94,13),(1627,4,24,216,95,14),(1628,4,24,216,107,14),(1629,4,24,216,108,15),(1630,4,24,216,140,15),(1631,4,24,216,109,16),(1632,4,24,216,142,16),(1633,4,24,216,110,17),(1634,4,24,216,143,17),(1635,4,24,216,111,18),(1636,4,24,216,144,18),(1637,4,24,216,112,19),(1638,4,24,216,141,19),(1639,4,24,216,113,20),(1640,4,24,216,147,20),(1641,4,24,216,152,21),(1642,4,24,216,114,22),(1643,4,24,216,93,23),(1644,4,24,216,148,24),(1645,4,24,216,149,25),(1646,4,24,216,150,26),(1647,4,24,216,162,100),(1648,4,24,216,125,111),(1649,4,24,216,126,112),(1650,4,24,216,127,113),(1651,4,24,216,128,114),(1652,4,24,216,155,116),(1653,4,24,216,161,117),(1654,4,25,217,156,20),(1655,4,25,219,134,1),(1656,4,25,221,101,1),(1657,4,25,221,102,2),(1658,4,25,221,100,3),(1659,4,25,221,116,4),(1660,4,25,222,104,1),(1661,4,25,222,106,2),(1662,4,25,222,117,3),(1663,4,25,222,103,10),(1664,4,25,223,78,1),(1665,4,25,223,79,2),(1666,4,25,223,80,3),(1667,4,25,223,81,4),(1668,4,25,223,92,5),(1669,4,25,223,123,6),(1670,4,25,223,124,7),(1671,4,25,223,98,8),(1672,4,25,223,132,8),(1673,4,25,224,121,1),(1674,4,25,224,84,2),(1675,4,25,224,85,3),(1676,4,25,224,86,4),(1677,4,25,225,87,1),(1678,4,25,225,88,2),(1679,4,25,225,89,3),(1680,4,25,225,135,4),(1681,4,25,225,90,5),(1682,4,25,225,96,6),(1683,4,25,226,133,1),(1684,4,25,227,76,1),(1685,4,25,227,75,2),(1686,4,25,227,145,3),(1687,4,25,227,146,4),(1688,4,25,228,97,1),(1689,4,25,228,73,2),(1690,4,25,228,74,3),(1691,4,25,228,130,4),(1692,4,25,228,77,5),(1693,4,25,228,91,6),(1694,4,25,228,129,6),(1695,4,25,228,136,7),(1696,4,25,228,115,8),(1697,4,25,228,82,9),(1698,4,25,228,131,10),(1699,4,25,228,99,11),(1700,4,25,228,122,11),(1701,4,25,228,105,12),(1702,4,25,228,94,13),(1703,4,25,228,95,14),(1704,4,25,228,107,14),(1705,4,25,228,108,15),(1706,4,25,228,140,15),(1707,4,25,228,109,16),(1708,4,25,228,142,16),(1709,4,25,228,110,17),(1710,4,25,228,143,17),(1711,4,25,228,111,18),(1712,4,25,228,144,18),(1713,4,25,228,112,19),(1714,4,25,228,141,19),(1715,4,25,228,113,20),(1716,4,25,228,147,20),(1717,4,25,228,152,21),(1718,4,25,228,114,22),(1719,4,25,228,93,23),(1720,4,25,228,148,24),(1721,4,25,228,149,25),(1722,4,25,228,150,26),(1723,4,25,228,162,100),(1724,4,25,228,125,111),(1725,4,25,228,126,112),(1726,4,25,228,127,113),(1727,4,25,228,128,114),(1728,4,25,228,155,116),(1729,4,25,228,161,117),(1730,4,26,229,156,20),(1731,4,26,231,134,1),(1732,4,26,233,101,1),(1733,4,26,233,102,2),(1734,4,26,233,100,3),(1735,4,26,233,116,4),(1736,4,26,234,104,1),(1737,4,26,234,106,2),(1738,4,26,234,117,3),(1739,4,26,234,103,10),(1740,4,26,235,78,1),(1741,4,26,235,79,2),(1742,4,26,235,80,3),(1743,4,26,235,81,4),(1744,4,26,235,92,5),(1745,4,26,235,123,6),(1746,4,26,235,124,7),(1747,4,26,235,98,8),(1748,4,26,235,132,8),(1749,4,26,236,121,1),(1750,4,26,236,84,2),(1751,4,26,236,85,3),(1752,4,26,236,86,4),(1753,4,26,237,87,1),(1754,4,26,237,88,2),(1755,4,26,237,89,3),(1756,4,26,237,135,4),(1757,4,26,237,90,5),(1758,4,26,237,96,6),(1759,4,26,238,133,1),(1760,4,26,239,76,1),(1761,4,26,239,75,2),(1762,4,26,239,145,3),(1763,4,26,239,146,4),(1764,4,26,240,97,1),(1765,4,26,240,73,2),(1766,4,26,240,74,3),(1767,4,26,240,130,4),(1768,4,26,240,77,5),(1769,4,26,240,91,6),(1770,4,26,240,129,6),(1771,4,26,240,136,7),(1772,4,26,240,115,8),(1773,4,26,240,82,9),(1774,4,26,240,131,10),(1775,4,26,240,99,11),(1776,4,26,240,122,11),(1777,4,26,240,105,12),(1778,4,26,240,94,13),(1779,4,26,240,95,14),(1780,4,26,240,107,14),(1781,4,26,240,108,15),(1782,4,26,240,140,15),(1783,4,26,240,109,16),(1784,4,26,240,142,16),(1785,4,26,240,110,17),(1786,4,26,240,143,17),(1787,4,26,240,111,18),(1788,4,26,240,144,18),(1789,4,26,240,112,19),(1790,4,26,240,141,19),(1791,4,26,240,113,20),(1792,4,26,240,147,20),(1793,4,26,240,152,21),(1794,4,26,240,114,22),(1795,4,26,240,93,23),(1796,4,26,240,148,24),(1797,4,26,240,149,25),(1798,4,26,240,150,26),(1799,4,26,240,162,100),(1800,4,26,240,125,111),(1801,4,26,240,126,112),(1802,4,26,240,127,113),(1803,4,26,240,128,114),(1804,4,26,240,155,116),(1805,4,26,240,161,117),(1806,4,27,241,156,20),(1807,4,27,243,134,1),(1808,4,27,245,101,1),(1809,4,27,245,102,2),(1810,4,27,245,100,3),(1811,4,27,245,116,4),(1812,4,27,246,104,1),(1813,4,27,246,106,2),(1814,4,27,246,117,3),(1815,4,27,246,103,10),(1816,4,27,247,78,1),(1817,4,27,247,79,2),(1818,4,27,247,80,3),(1819,4,27,247,81,4),(1820,4,27,247,92,5),(1821,4,27,247,123,6),(1822,4,27,247,124,7),(1823,4,27,247,98,8),(1824,4,27,247,132,8),(1825,4,27,248,121,1),(1826,4,27,248,84,2),(1827,4,27,248,85,3),(1828,4,27,248,86,4),(1829,4,27,249,87,1),(1830,4,27,249,88,2),(1831,4,27,249,89,3),(1832,4,27,249,135,4),(1833,4,27,249,90,5),(1834,4,27,249,96,6),(1835,4,27,250,133,1),(1836,4,27,251,76,1),(1837,4,27,251,75,2),(1838,4,27,251,145,3),(1839,4,27,251,146,4),(1840,4,27,252,97,1),(1841,4,27,252,73,2),(1842,4,27,252,74,3),(1843,4,27,252,130,4),(1844,4,27,252,77,5),(1845,4,27,252,91,6),(1846,4,27,252,129,6),(1847,4,27,252,136,7),(1848,4,27,252,115,8),(1849,4,27,252,82,9),(1850,4,27,252,131,10),(1851,4,27,252,99,11),(1852,4,27,252,122,11),(1853,4,27,252,105,12),(1854,4,27,252,94,13),(1855,4,27,252,95,14),(1856,4,27,252,107,14),(1857,4,27,252,108,15),(1858,4,27,252,140,15),(1859,4,27,252,109,16),(1860,4,27,252,142,16),(1861,4,27,252,110,17),(1862,4,27,252,143,17),(1863,4,27,252,111,18),(1864,4,27,252,144,18),(1865,4,27,252,112,19),(1866,4,27,252,141,19),(1867,4,27,252,113,20),(1868,4,27,252,147,20),(1869,4,27,252,152,21),(1870,4,27,252,114,22),(1871,4,27,252,93,23),(1872,4,27,252,148,24),(1873,4,27,252,149,25),(1874,4,27,252,150,26),(1875,4,27,252,162,100),(1876,4,27,252,125,111),(1877,4,27,252,126,112),(1878,4,27,252,127,113),(1879,4,27,252,128,114),(1880,4,27,252,155,116),(1881,4,27,252,161,117),(1882,4,28,253,156,20),(1883,4,28,255,134,1),(1884,4,28,257,101,1),(1885,4,28,257,102,2),(1886,4,28,257,100,3),(1887,4,28,257,116,4),(1888,4,28,258,104,1),(1889,4,28,258,106,2),(1890,4,28,258,117,3),(1891,4,28,258,103,10),(1892,4,28,259,78,1),(1893,4,28,259,79,2),(1894,4,28,259,80,3),(1895,4,28,259,81,4),(1896,4,28,259,92,5),(1897,4,28,259,123,6),(1898,4,28,259,124,7),(1899,4,28,259,98,8),(1900,4,28,259,132,8),(1901,4,28,260,121,1),(1902,4,28,260,84,2),(1903,4,28,260,85,3),(1904,4,28,260,86,4),(1905,4,28,261,87,1),(1906,4,28,261,88,2),(1907,4,28,261,89,3),(1908,4,28,261,135,4),(1909,4,28,261,90,5),(1910,4,28,261,96,6),(1911,4,28,262,133,1),(1912,4,28,263,76,1),(1913,4,28,263,75,2),(1914,4,28,263,145,3),(1915,4,28,263,146,4),(1916,4,28,264,97,1),(1917,4,28,264,73,2),(1918,4,28,264,74,3),(1919,4,28,264,130,4),(1920,4,28,264,77,5),(1921,4,28,264,91,6),(1922,4,28,264,129,6),(1923,4,28,264,136,7),(1924,4,28,264,115,8),(1925,4,28,264,82,9),(1926,4,28,264,131,10),(1927,4,28,264,99,11),(1928,4,28,264,122,11),(1929,4,28,264,105,12),(1930,4,28,264,94,13),(1931,4,28,264,95,14),(1932,4,28,264,107,14),(1933,4,28,264,108,15),(1934,4,28,264,140,15),(1935,4,28,264,109,16),(1936,4,28,264,142,16),(1937,4,28,264,110,17),(1938,4,28,264,143,17),(1939,4,28,264,111,18),(1940,4,28,264,144,18),(1941,4,28,264,112,19),(1942,4,28,264,141,19),(1943,4,28,264,113,20),(1944,4,28,264,147,20),(1945,4,28,264,152,21),(1946,4,28,264,114,22),(1947,4,28,264,93,23),(1948,4,28,264,148,24),(1949,4,28,264,149,25),(1950,4,28,264,150,26),(1951,4,28,264,162,100),(1952,4,28,264,125,111),(1953,4,28,264,126,112),(1954,4,28,264,127,113),(1955,4,28,264,128,114),(1956,4,28,264,155,116),(1957,4,28,264,161,117),(1958,4,29,265,156,20),(1959,4,29,267,134,1),(1960,4,29,269,101,1),(1961,4,29,269,102,2),(1962,4,29,269,100,3),(1963,4,29,269,116,4),(1964,4,29,270,104,1),(1965,4,29,270,106,2),(1966,4,29,270,117,3),(1967,4,29,270,103,10),(1968,4,29,271,78,1),(1969,4,29,271,79,2),(1970,4,29,271,80,3),(1971,4,29,271,81,4),(1972,4,29,271,92,5),(1973,4,29,271,123,6),(1974,4,29,271,124,7),(1975,4,29,271,98,8),(1976,4,29,271,132,8),(1977,4,29,272,121,1),(1978,4,29,272,84,2),(1979,4,29,272,85,3),(1980,4,29,272,86,4),(1981,4,29,273,87,1),(1982,4,29,273,88,2),(1983,4,29,273,89,3),(1984,4,29,273,135,4),(1985,4,29,273,90,5),(1986,4,29,273,96,6),(1987,4,29,274,133,1),(1988,4,29,275,76,1),(1989,4,29,275,75,2),(1990,4,29,275,145,3),(1991,4,29,275,146,4),(1992,4,29,276,97,1),(1993,4,29,276,73,2),(1994,4,29,276,74,3),(1995,4,29,276,130,4),(1996,4,29,276,77,5),(1997,4,29,276,91,6),(1998,4,29,276,129,6),(1999,4,29,276,136,7),(2000,4,29,276,115,8),(2001,4,29,276,82,9),(2002,4,29,276,131,10),(2003,4,29,276,99,11),(2004,4,29,276,122,11),(2005,4,29,276,105,12),(2006,4,29,276,94,13),(2007,4,29,276,95,14),(2008,4,29,276,107,14),(2009,4,29,276,108,15),(2010,4,29,276,140,15),(2011,4,29,276,109,16),(2012,4,29,276,142,16),(2013,4,29,276,110,17),(2014,4,29,276,143,17),(2015,4,29,276,111,18),(2016,4,29,276,144,18),(2017,4,29,276,112,19),(2018,4,29,276,141,19),(2019,4,29,276,113,20),(2020,4,29,276,147,20),(2021,4,29,276,152,21),(2022,4,29,276,114,22),(2023,4,29,276,93,23),(2024,4,29,276,148,24),(2025,4,29,276,149,25),(2026,4,29,276,150,26),(2027,4,29,276,162,100),(2028,4,29,276,125,111),(2029,4,29,276,126,112),(2030,4,29,276,127,113),(2031,4,29,276,128,114),(2032,4,29,276,155,116),(2033,4,29,276,161,117),(2034,4,30,277,156,20),(2035,4,30,279,134,1),(2036,4,30,281,101,1),(2037,4,30,281,102,2),(2038,4,30,281,100,3),(2039,4,30,281,116,4),(2040,4,30,282,104,1),(2041,4,30,282,106,2),(2042,4,30,282,117,3),(2043,4,30,282,103,10),(2044,4,30,283,78,1),(2045,4,30,283,79,2),(2046,4,30,283,80,3),(2047,4,30,283,81,4),(2048,4,30,283,92,5),(2049,4,30,283,123,6),(2050,4,30,283,124,7),(2051,4,30,283,98,8),(2052,4,30,283,132,8),(2053,4,30,284,121,1),(2054,4,30,284,84,2),(2055,4,30,284,85,3),(2056,4,30,284,86,4),(2057,4,30,285,87,1),(2058,4,30,285,88,2),(2059,4,30,285,89,3),(2060,4,30,285,135,4),(2061,4,30,285,90,5),(2062,4,30,285,96,6),(2063,4,30,286,133,1),(2064,4,30,287,76,1),(2065,4,30,287,75,2),(2066,4,30,287,145,3),(2067,4,30,287,146,4),(2068,4,30,288,97,1),(2069,4,30,288,73,2),(2070,4,30,288,74,3),(2071,4,30,288,130,4),(2072,4,30,288,77,5),(2073,4,30,288,91,6),(2074,4,30,288,129,6),(2075,4,30,288,136,7),(2076,4,30,288,115,8),(2077,4,30,288,82,9),(2078,4,30,288,131,10),(2079,4,30,288,99,11),(2080,4,30,288,122,11),(2081,4,30,288,105,12),(2082,4,30,288,94,13),(2083,4,30,288,95,14),(2084,4,30,288,107,14),(2085,4,30,288,108,15),(2086,4,30,288,140,15),(2087,4,30,288,109,16),(2088,4,30,288,142,16),(2089,4,30,288,110,17),(2090,4,30,288,143,17),(2091,4,30,288,111,18),(2092,4,30,288,144,18),(2093,4,30,288,112,19),(2094,4,30,288,141,19),(2095,4,30,288,113,20),(2096,4,30,288,147,20),(2097,4,30,288,152,21),(2098,4,30,288,114,22),(2099,4,30,288,93,23),(2100,4,30,288,148,24),(2101,4,30,288,149,25),(2102,4,30,288,150,26),(2103,4,30,288,162,100),(2104,4,30,288,125,111),(2105,4,30,288,126,112),(2106,4,30,288,127,113),(2107,4,30,288,128,114),(2108,4,30,288,155,116),(2109,4,30,288,161,117),(2110,4,31,289,156,20),(2111,4,31,291,134,1),(2112,4,31,293,101,1),(2113,4,31,293,102,2),(2114,4,31,293,100,3),(2115,4,31,293,116,4),(2116,4,31,294,104,1),(2117,4,31,294,106,2),(2118,4,31,294,117,3),(2119,4,31,294,103,10),(2120,4,31,295,78,1),(2121,4,31,295,79,2),(2122,4,31,295,80,3),(2123,4,31,295,81,4),(2124,4,31,295,92,5),(2125,4,31,295,123,6),(2126,4,31,295,124,7),(2127,4,31,295,98,8),(2128,4,31,295,132,8),(2129,4,31,296,121,1),(2130,4,31,296,84,2),(2131,4,31,296,85,3),(2132,4,31,296,86,4),(2133,4,31,297,87,1),(2134,4,31,297,88,2),(2135,4,31,297,89,3),(2136,4,31,297,135,4),(2137,4,31,297,90,5),(2138,4,31,297,96,6),(2139,4,31,298,133,1),(2140,4,31,299,76,1),(2141,4,31,299,75,2),(2142,4,31,299,145,3),(2143,4,31,299,146,4),(2144,4,31,300,97,1),(2145,4,31,300,73,2),(2146,4,31,300,74,3),(2147,4,31,300,130,4),(2148,4,31,300,77,5),(2149,4,31,300,91,6),(2150,4,31,300,129,6),(2151,4,31,300,136,7),(2152,4,31,300,115,8),(2153,4,31,300,82,9),(2154,4,31,300,131,10),(2155,4,31,300,99,11),(2156,4,31,300,122,11),(2157,4,31,300,105,12),(2158,4,31,300,94,13),(2159,4,31,300,95,14),(2160,4,31,300,107,14),(2161,4,31,300,108,15),(2162,4,31,300,140,15),(2163,4,31,300,109,16),(2164,4,31,300,142,16),(2165,4,31,300,110,17),(2166,4,31,300,143,17),(2167,4,31,300,111,18),(2168,4,31,300,144,18),(2169,4,31,300,112,19),(2170,4,31,300,141,19),(2171,4,31,300,113,20),(2172,4,31,300,147,20),(2173,4,31,300,152,21),(2174,4,31,300,114,22),(2175,4,31,300,93,23),(2176,4,31,300,148,24),(2177,4,31,300,149,25),(2178,4,31,300,150,26),(2179,4,31,300,162,100),(2180,4,31,300,125,111),(2181,4,31,300,126,112),(2182,4,31,300,127,113),(2183,4,31,300,128,114),(2184,4,31,300,155,116),(2185,4,31,300,161,117),(2186,4,32,301,156,20),(2187,4,32,303,134,1),(2188,4,32,305,101,1),(2189,4,32,305,102,2),(2190,4,32,305,100,3),(2191,4,32,305,116,4),(2192,4,32,306,104,1),(2193,4,32,306,106,2),(2194,4,32,306,117,3),(2195,4,32,306,103,10),(2196,4,32,307,78,1),(2197,4,32,307,79,2),(2198,4,32,307,80,3),(2199,4,32,307,81,4),(2200,4,32,307,92,5),(2201,4,32,307,123,6),(2202,4,32,307,124,7),(2203,4,32,307,98,8),(2204,4,32,307,132,8),(2205,4,32,308,121,1),(2206,4,32,308,84,2),(2207,4,32,308,85,3),(2208,4,32,308,86,4),(2209,4,32,309,87,1),(2210,4,32,309,88,2),(2211,4,32,309,89,3),(2212,4,32,309,135,4),(2213,4,32,309,90,5),(2214,4,32,309,96,6),(2215,4,32,310,133,1),(2216,4,32,311,76,1),(2217,4,32,311,75,2),(2218,4,32,311,145,3),(2219,4,32,311,146,4),(2220,4,32,312,97,1),(2221,4,32,312,73,2),(2222,4,32,312,74,3),(2223,4,32,312,130,4),(2224,4,32,312,77,5),(2225,4,32,312,91,6),(2226,4,32,312,129,6),(2227,4,32,312,136,7),(2228,4,32,312,115,8),(2229,4,32,312,82,9),(2230,4,32,312,131,10),(2231,4,32,312,99,11),(2232,4,32,312,122,11),(2233,4,32,312,105,12),(2234,4,32,312,94,13),(2235,4,32,312,95,14),(2236,4,32,312,107,14),(2237,4,32,312,108,15),(2238,4,32,312,140,15),(2239,4,32,312,109,16),(2240,4,32,312,142,16),(2241,4,32,312,110,17),(2242,4,32,312,143,17),(2243,4,32,312,111,18),(2244,4,32,312,144,18),(2245,4,32,312,112,19),(2246,4,32,312,141,19),(2247,4,32,312,113,20),(2248,4,32,312,147,20),(2249,4,32,312,152,21),(2250,4,32,312,114,22),(2251,4,32,312,93,23),(2252,4,32,312,148,24),(2253,4,32,312,149,25),(2254,4,32,312,150,26),(2255,4,32,312,162,100),(2256,4,32,312,125,111),(2257,4,32,312,126,112),(2258,4,32,312,127,113),(2259,4,32,312,128,114),(2260,4,32,312,155,116),(2261,4,32,312,161,117),(2262,4,33,313,156,20),(2263,4,33,315,134,1),(2264,4,33,317,101,1),(2265,4,33,317,102,2),(2266,4,33,317,100,3),(2267,4,33,317,116,4),(2268,4,33,318,104,1),(2269,4,33,318,106,2),(2270,4,33,318,117,3),(2271,4,33,318,103,10),(2272,4,33,319,78,1),(2273,4,33,319,79,2),(2274,4,33,319,80,3),(2275,4,33,319,81,4),(2276,4,33,319,92,5),(2277,4,33,319,123,6),(2278,4,33,319,124,7),(2279,4,33,319,98,8),(2280,4,33,319,132,8),(2281,4,33,320,121,1),(2282,4,33,320,84,2),(2283,4,33,320,85,3),(2284,4,33,320,86,4),(2285,4,33,321,87,1),(2286,4,33,321,88,2),(2287,4,33,321,89,3),(2288,4,33,321,135,4),(2289,4,33,321,90,5),(2290,4,33,321,96,6),(2291,4,33,322,133,1),(2292,4,33,323,76,1),(2293,4,33,323,75,2),(2294,4,33,323,145,3),(2295,4,33,323,146,4),(2296,4,33,324,97,1),(2297,4,33,324,73,2),(2298,4,33,324,74,3),(2299,4,33,324,130,4),(2300,4,33,324,77,5),(2301,4,33,324,91,6),(2302,4,33,324,129,6),(2303,4,33,324,136,7),(2304,4,33,324,115,8),(2305,4,33,324,82,9),(2306,4,33,324,131,10),(2307,4,33,324,99,11),(2308,4,33,324,122,11),(2309,4,33,324,105,12),(2310,4,33,324,94,13),(2311,4,33,324,95,14),(2312,4,33,324,107,14),(2313,4,33,324,108,15),(2314,4,33,324,140,15),(2315,4,33,324,109,16),(2316,4,33,324,142,16),(2317,4,33,324,110,17),(2318,4,33,324,143,17),(2319,4,33,324,111,18),(2320,4,33,324,144,18),(2321,4,33,324,112,19),(2322,4,33,324,141,19),(2323,4,33,324,113,20),(2324,4,33,324,147,20),(2325,4,33,324,152,21),(2326,4,33,324,114,22),(2327,4,33,324,93,23),(2328,4,33,324,148,24),(2329,4,33,324,149,25),(2330,4,33,324,150,26),(2331,4,33,324,162,100),(2332,4,33,324,125,111),(2333,4,33,324,126,112),(2334,4,33,324,127,113),(2335,4,33,324,128,114),(2336,4,33,324,155,116),(2337,4,33,324,161,117),(2338,4,34,325,156,20),(2339,4,34,327,134,1),(2340,4,34,329,101,1),(2341,4,34,329,102,2),(2342,4,34,329,100,3),(2343,4,34,329,116,4),(2344,4,34,330,104,1),(2345,4,34,330,106,2),(2346,4,34,330,117,3),(2347,4,34,330,103,10),(2348,4,34,331,78,1),(2349,4,34,331,79,2),(2350,4,34,331,80,3),(2351,4,34,331,81,4),(2352,4,34,331,92,5),(2353,4,34,331,123,6),(2354,4,34,331,124,7),(2355,4,34,331,98,8),(2356,4,34,331,132,8),(2357,4,34,332,121,1),(2358,4,34,332,84,2),(2359,4,34,332,85,3),(2360,4,34,332,86,4),(2361,4,34,333,87,1),(2362,4,34,333,88,2),(2363,4,34,333,89,3),(2364,4,34,333,135,4),(2365,4,34,333,90,5),(2366,4,34,333,96,6),(2367,4,34,334,133,1),(2368,4,34,335,76,1),(2369,4,34,335,75,2),(2370,4,34,335,145,3),(2371,4,34,335,146,4),(2372,4,34,336,97,1),(2373,4,34,336,73,2),(2374,4,34,336,74,3),(2375,4,34,336,130,4),(2376,4,34,336,77,5),(2377,4,34,336,91,6),(2378,4,34,336,129,6),(2379,4,34,336,136,7),(2380,4,34,336,115,8),(2381,4,34,336,82,9),(2382,4,34,336,131,10),(2383,4,34,336,99,11),(2384,4,34,336,122,11),(2385,4,34,336,105,12),(2386,4,34,336,94,13),(2387,4,34,336,95,14),(2388,4,34,336,107,14),(2389,4,34,336,108,15),(2390,4,34,336,140,15),(2391,4,34,336,109,16),(2392,4,34,336,142,16),(2393,4,34,336,110,17),(2394,4,34,336,143,17),(2395,4,34,336,111,18),(2396,4,34,336,144,18),(2397,4,34,336,112,19),(2398,4,34,336,141,19),(2399,4,34,336,113,20),(2400,4,34,336,147,20),(2401,4,34,336,152,21),(2402,4,34,336,114,22),(2403,4,34,336,93,23),(2404,4,34,336,148,24),(2405,4,34,336,149,25),(2406,4,34,336,150,26),(2407,4,34,336,162,100),(2408,4,34,336,125,111),(2409,4,34,336,126,112),(2410,4,34,336,127,113),(2411,4,34,336,128,114),(2412,4,34,336,155,116),(2413,4,34,336,161,117),(2414,4,35,337,156,20),(2415,4,35,339,134,1),(2416,4,35,341,101,1),(2417,4,35,341,102,2),(2418,4,35,341,100,3),(2419,4,35,341,116,4),(2420,4,35,342,104,1),(2421,4,35,342,106,2),(2422,4,35,342,117,3),(2423,4,35,342,103,10),(2424,4,35,343,78,1),(2425,4,35,343,79,2),(2426,4,35,343,80,3),(2427,4,35,343,81,4),(2428,4,35,343,92,5),(2429,4,35,343,123,6),(2430,4,35,343,124,7),(2431,4,35,343,98,8),(2432,4,35,343,132,8),(2433,4,35,344,121,1),(2434,4,35,344,84,2),(2435,4,35,344,85,3),(2436,4,35,344,86,4),(2437,4,35,345,87,1),(2438,4,35,345,88,2),(2439,4,35,345,89,3),(2440,4,35,345,135,4),(2441,4,35,345,90,5),(2442,4,35,345,96,6),(2443,4,35,346,133,1),(2444,4,35,347,76,1),(2445,4,35,347,75,2),(2446,4,35,347,145,3),(2447,4,35,347,146,4),(2448,4,35,348,97,1),(2449,4,35,348,73,2),(2450,4,35,348,74,3),(2451,4,35,348,130,4),(2452,4,35,348,77,5),(2453,4,35,348,91,6),(2454,4,35,348,129,6),(2455,4,35,348,136,7),(2456,4,35,348,115,8),(2457,4,35,348,82,9),(2458,4,35,348,131,10),(2459,4,35,348,99,11),(2460,4,35,348,122,11),(2461,4,35,348,105,12),(2462,4,35,348,94,13),(2463,4,35,348,95,14),(2464,4,35,348,107,14),(2465,4,35,348,108,15),(2466,4,35,348,140,15),(2467,4,35,348,109,16),(2468,4,35,348,142,16),(2469,4,35,348,110,17),(2470,4,35,348,143,17),(2471,4,35,348,111,18),(2472,4,35,348,144,18),(2473,4,35,348,112,19),(2474,4,35,348,141,19),(2475,4,35,348,113,20),(2476,4,35,348,147,20),(2477,4,35,348,152,21),(2478,4,35,348,114,22),(2479,4,35,348,93,23),(2480,4,35,348,148,24),(2481,4,35,348,149,25),(2482,4,35,348,150,26),(2483,4,35,348,162,100),(2484,4,35,348,125,111),(2485,4,35,348,126,112),(2486,4,35,348,127,113),(2487,4,35,348,128,114),(2488,4,35,348,155,116),(2489,4,35,348,161,117),(2490,4,36,349,156,20),(2491,4,36,351,134,1),(2492,4,36,353,101,1),(2493,4,36,353,102,2),(2494,4,36,353,100,3),(2495,4,36,353,116,4),(2496,4,36,354,104,1),(2497,4,36,354,106,2),(2498,4,36,354,117,3),(2499,4,36,354,103,10),(2500,4,36,355,78,1),(2501,4,36,355,79,2),(2502,4,36,355,80,3),(2503,4,36,355,81,4),(2504,4,36,355,92,5),(2505,4,36,355,123,6),(2506,4,36,355,124,7),(2507,4,36,355,98,8),(2508,4,36,355,132,8),(2509,4,36,356,121,1),(2510,4,36,356,84,2),(2511,4,36,356,85,3),(2512,4,36,356,86,4),(2513,4,36,357,87,1),(2514,4,36,357,88,2),(2515,4,36,357,89,3),(2516,4,36,357,135,4),(2517,4,36,357,90,5),(2518,4,36,357,96,6),(2519,4,36,358,133,1),(2520,4,36,359,76,1),(2521,4,36,359,75,2),(2522,4,36,359,145,3),(2523,4,36,359,146,4),(2524,4,36,360,97,1),(2525,4,36,360,73,2),(2526,4,36,360,74,3),(2527,4,36,360,130,4),(2528,4,36,360,77,5),(2529,4,36,360,91,6),(2530,4,36,360,129,6),(2531,4,36,360,136,7),(2532,4,36,360,115,8),(2533,4,36,360,82,9),(2534,4,36,360,131,10),(2535,4,36,360,99,11),(2536,4,36,360,122,11),(2537,4,36,360,105,12),(2538,4,36,360,94,13),(2539,4,36,360,95,14),(2540,4,36,360,107,14),(2541,4,36,360,108,15),(2542,4,36,360,140,15),(2543,4,36,360,109,16),(2544,4,36,360,142,16),(2545,4,36,360,110,17),(2546,4,36,360,143,17),(2547,4,36,360,111,18),(2548,4,36,360,144,18),(2549,4,36,360,112,19),(2550,4,36,360,141,19),(2551,4,36,360,113,20),(2552,4,36,360,147,20),(2553,4,36,360,152,21),(2554,4,36,360,114,22),(2555,4,36,360,93,23),(2556,4,36,360,148,24),(2557,4,36,360,149,25),(2558,4,36,360,150,26),(2559,4,36,360,162,100),(2560,4,36,360,125,111),(2561,4,36,360,126,112),(2562,4,36,360,127,113),(2563,4,36,360,128,114),(2564,4,36,360,155,116),(2565,4,36,360,161,117),(2566,4,37,361,156,20),(2567,4,37,363,134,1),(2568,4,37,365,101,1),(2569,4,37,365,102,2),(2570,4,37,365,100,3),(2571,4,37,365,116,4),(2572,4,37,366,104,1),(2573,4,37,366,106,2),(2574,4,37,366,117,3),(2575,4,37,366,103,10),(2576,4,37,367,78,1),(2577,4,37,367,79,2),(2578,4,37,367,80,3),(2579,4,37,367,81,4),(2580,4,37,367,92,5),(2581,4,37,367,123,6),(2582,4,37,367,124,7),(2583,4,37,367,98,8),(2584,4,37,367,132,8),(2585,4,37,368,121,1),(2586,4,37,368,84,2),(2587,4,37,368,85,3),(2588,4,37,368,86,4),(2589,4,37,369,87,1),(2590,4,37,369,88,2),(2591,4,37,369,89,3),(2592,4,37,369,135,4),(2593,4,37,369,90,5),(2594,4,37,369,96,6),(2595,4,37,370,133,1),(2596,4,37,371,76,1),(2597,4,37,371,75,2),(2598,4,37,371,145,3),(2599,4,37,371,146,4),(2600,4,37,372,97,1),(2601,4,37,372,73,2),(2602,4,37,372,74,3),(2603,4,37,372,130,4),(2604,4,37,372,77,5),(2605,4,37,372,91,6),(2606,4,37,372,129,6),(2607,4,37,372,136,7),(2608,4,37,372,115,8),(2609,4,37,372,82,9),(2610,4,37,372,131,10),(2611,4,37,372,99,11),(2612,4,37,372,122,11),(2613,4,37,372,105,12),(2614,4,37,372,94,13),(2615,4,37,372,95,14),(2616,4,37,372,107,14),(2617,4,37,372,108,15),(2618,4,37,372,140,15),(2619,4,37,372,109,16),(2620,4,37,372,142,16),(2621,4,37,372,110,17),(2622,4,37,372,143,17),(2623,4,37,372,111,18),(2624,4,37,372,144,18),(2625,4,37,372,112,19),(2626,4,37,372,141,19),(2627,4,37,372,113,20),(2628,4,37,372,147,20),(2629,4,37,372,152,21),(2630,4,37,372,114,22),(2631,4,37,372,93,23),(2632,4,37,372,148,24),(2633,4,37,372,149,25),(2634,4,37,372,150,26),(2635,4,37,372,162,100),(2636,4,37,372,125,111),(2637,4,37,372,126,112),(2638,4,37,372,127,113),(2639,4,37,372,128,114),(2640,4,37,372,155,116),(2641,4,37,372,161,117),(2642,4,38,373,156,20),(2643,4,38,375,134,1),(2644,4,38,377,101,1),(2645,4,38,377,102,2),(2646,4,38,377,100,3),(2647,4,38,377,116,4),(2648,4,38,378,104,1),(2649,4,38,378,106,2),(2650,4,38,378,117,3),(2651,4,38,378,103,10),(2652,4,38,379,78,1),(2653,4,38,379,79,2),(2654,4,38,379,80,3),(2655,4,38,379,81,4),(2656,4,38,379,92,5),(2657,4,38,379,123,6),(2658,4,38,379,124,7),(2659,4,38,379,98,8),(2660,4,38,379,132,8),(2661,4,38,380,121,1),(2662,4,38,380,84,2),(2663,4,38,380,85,3),(2664,4,38,380,86,4),(2665,4,38,381,87,1),(2666,4,38,381,88,2),(2667,4,38,381,89,3),(2668,4,38,381,135,4),(2669,4,38,381,90,5),(2670,4,38,381,96,6),(2671,4,38,382,133,1),(2672,4,38,383,76,1),(2673,4,38,383,75,2),(2674,4,38,383,145,3),(2675,4,38,383,146,4),(2676,4,38,384,97,1),(2677,4,38,384,73,2),(2678,4,38,384,74,3),(2679,4,38,384,130,4),(2680,4,38,384,77,5),(2681,4,38,384,91,6),(2682,4,38,384,129,6),(2683,4,38,384,136,7),(2684,4,38,384,115,8),(2685,4,38,384,82,9),(2686,4,38,384,131,10),(2687,4,38,384,99,11),(2688,4,38,384,122,11),(2689,4,38,384,105,12),(2690,4,38,384,94,13),(2691,4,38,384,95,14),(2692,4,38,384,107,14),(2693,4,38,384,108,15),(2694,4,38,384,140,15),(2695,4,38,384,109,16),(2696,4,38,384,142,16),(2697,4,38,384,110,17),(2698,4,38,384,143,17),(2699,4,38,384,111,18),(2700,4,38,384,144,18),(2701,4,38,384,112,19),(2702,4,38,384,141,19),(2703,4,38,384,113,20),(2704,4,38,384,147,20),(2705,4,38,384,152,21),(2706,4,38,384,114,22),(2707,4,38,384,93,23),(2708,4,38,384,148,24),(2709,4,38,384,149,25),(2710,4,38,384,150,26),(2711,4,38,384,162,100),(2712,4,38,384,125,111),(2713,4,38,384,126,112),(2714,4,38,384,127,113),(2715,4,38,384,128,114),(2716,4,38,384,155,116),(2717,4,38,384,161,117),(2718,4,39,385,156,20),(2719,4,39,387,134,1),(2720,4,39,389,101,1),(2721,4,39,389,102,2),(2722,4,39,389,100,3),(2723,4,39,389,116,4),(2724,4,39,390,104,1),(2725,4,39,390,106,2),(2726,4,39,390,117,3),(2727,4,39,390,103,10),(2728,4,39,391,78,1),(2729,4,39,391,79,2),(2730,4,39,391,80,3),(2731,4,39,391,81,4),(2732,4,39,391,92,5),(2733,4,39,391,123,6),(2734,4,39,391,124,7),(2735,4,39,391,98,8),(2736,4,39,391,132,8),(2737,4,39,392,121,1),(2738,4,39,392,84,2),(2739,4,39,392,85,3),(2740,4,39,392,86,4),(2741,4,39,393,87,1),(2742,4,39,393,88,2),(2743,4,39,393,89,3),(2744,4,39,393,135,4),(2745,4,39,393,90,5),(2746,4,39,393,96,6),(2747,4,39,394,133,1),(2748,4,39,395,76,1),(2749,4,39,395,75,2),(2750,4,39,395,145,3),(2751,4,39,395,146,4),(2752,4,39,396,97,1),(2753,4,39,396,73,2),(2754,4,39,396,74,3),(2755,4,39,396,130,4),(2756,4,39,396,77,5),(2757,4,39,396,91,6),(2758,4,39,396,129,6),(2759,4,39,396,136,7),(2760,4,39,396,115,8),(2761,4,39,396,82,9),(2762,4,39,396,131,10),(2763,4,39,396,99,11),(2764,4,39,396,122,11),(2765,4,39,396,105,12),(2766,4,39,396,94,13),(2767,4,39,396,95,14),(2768,4,39,396,107,14),(2769,4,39,396,108,15),(2770,4,39,396,140,15),(2771,4,39,396,109,16),(2772,4,39,396,142,16),(2773,4,39,396,110,17),(2774,4,39,396,143,17),(2775,4,39,396,111,18),(2776,4,39,396,144,18),(2777,4,39,396,112,19),(2778,4,39,396,141,19),(2779,4,39,396,113,20),(2780,4,39,396,147,20),(2781,4,39,396,152,21),(2782,4,39,396,114,22),(2783,4,39,396,93,23),(2784,4,39,396,148,24),(2785,4,39,396,149,25),(2786,4,39,396,150,26),(2787,4,39,396,162,100),(2788,4,39,396,125,111),(2789,4,39,396,126,112),(2790,4,39,396,127,113),(2791,4,39,396,128,114),(2792,4,39,396,155,116),(2793,4,39,396,161,117),(2794,4,40,397,156,20),(2795,4,40,399,134,1),(2796,4,40,401,101,1),(2797,4,40,401,102,2),(2798,4,40,401,100,3),(2799,4,40,401,116,4),(2800,4,40,402,104,1),(2801,4,40,402,106,2),(2802,4,40,402,117,3),(2803,4,40,402,103,10),(2804,4,40,403,78,1),(2805,4,40,403,79,2),(2806,4,40,403,80,3),(2807,4,40,403,81,4),(2808,4,40,403,92,5),(2809,4,40,403,123,6),(2810,4,40,403,124,7),(2811,4,40,403,98,8),(2812,4,40,403,132,8),(2813,4,40,404,121,1),(2814,4,40,404,84,2),(2815,4,40,404,85,3),(2816,4,40,404,86,4),(2817,4,40,405,87,1),(2818,4,40,405,88,2),(2819,4,40,405,89,3),(2820,4,40,405,135,4),(2821,4,40,405,90,5),(2822,4,40,405,96,6),(2823,4,40,406,133,1),(2824,4,40,407,76,1),(2825,4,40,407,75,2),(2826,4,40,407,145,3),(2827,4,40,407,146,4),(2828,4,40,408,97,1),(2829,4,40,408,73,2),(2830,4,40,408,74,3),(2831,4,40,408,130,4),(2832,4,40,408,77,5),(2833,4,40,408,91,6),(2834,4,40,408,129,6),(2835,4,40,408,136,7),(2836,4,40,408,115,8),(2837,4,40,408,82,9),(2838,4,40,408,131,10),(2839,4,40,408,99,11),(2840,4,40,408,122,11),(2841,4,40,408,105,12),(2842,4,40,408,94,13),(2843,4,40,408,95,14),(2844,4,40,408,107,14),(2845,4,40,408,108,15),(2846,4,40,408,140,15),(2847,4,40,408,109,16),(2848,4,40,408,142,16),(2849,4,40,408,110,17),(2850,4,40,408,143,17),(2851,4,40,408,111,18),(2852,4,40,408,144,18),(2853,4,40,408,112,19),(2854,4,40,408,141,19),(2855,4,40,408,113,20),(2856,4,40,408,147,20),(2857,4,40,408,152,21),(2858,4,40,408,114,22),(2859,4,40,408,93,23),(2860,4,40,408,148,24),(2861,4,40,408,149,25),(2862,4,40,408,150,26),(2863,4,40,408,162,100),(2864,4,40,408,125,111),(2865,4,40,408,126,112),(2866,4,40,408,127,113),(2867,4,40,408,128,114),(2868,4,40,408,155,116),(2869,4,40,408,161,117),(2870,4,41,409,156,20),(2871,4,41,411,134,1),(2872,4,41,413,101,1),(2873,4,41,413,102,2),(2874,4,41,413,100,3),(2875,4,41,413,116,4),(2876,4,41,414,104,1),(2877,4,41,414,106,2),(2878,4,41,414,117,3),(2879,4,41,414,103,10),(2880,4,41,415,78,1),(2881,4,41,415,79,2),(2882,4,41,415,80,3),(2883,4,41,415,81,4),(2884,4,41,415,92,5),(2885,4,41,415,123,6),(2886,4,41,415,124,7),(2887,4,41,415,98,8),(2888,4,41,415,132,8),(2889,4,41,416,121,1),(2890,4,41,416,84,2),(2891,4,41,416,85,3),(2892,4,41,416,86,4),(2893,4,41,417,87,1),(2894,4,41,417,88,2),(2895,4,41,417,89,3),(2896,4,41,417,135,4),(2897,4,41,417,90,5),(2898,4,41,417,96,6),(2899,4,41,418,133,1),(2900,4,41,419,76,1),(2901,4,41,419,75,2),(2902,4,41,419,145,3),(2903,4,41,419,146,4),(2904,4,41,420,97,1),(2905,4,41,420,73,2),(2906,4,41,420,74,3),(2907,4,41,420,130,4),(2908,4,41,420,77,5),(2909,4,41,420,91,6),(2910,4,41,420,129,6),(2911,4,41,420,136,7),(2912,4,41,420,115,8),(2913,4,41,420,82,9),(2914,4,41,420,131,10),(2915,4,41,420,99,11),(2916,4,41,420,122,11),(2917,4,41,420,105,12),(2918,4,41,420,94,13),(2919,4,41,420,95,14),(2920,4,41,420,107,14),(2921,4,41,420,108,15),(2922,4,41,420,140,15),(2923,4,41,420,109,16),(2924,4,41,420,142,16),(2925,4,41,420,110,17),(2926,4,41,420,143,17),(2927,4,41,420,111,18),(2928,4,41,420,144,18),(2929,4,41,420,112,19),(2930,4,41,420,141,19),(2931,4,41,420,113,20),(2932,4,41,420,147,20),(2933,4,41,420,152,21),(2934,4,41,420,114,22),(2935,4,41,420,93,23),(2936,4,41,420,148,24),(2937,4,41,420,149,25),(2938,4,41,420,150,26),(2939,4,41,420,162,100),(2940,4,41,420,125,111),(2941,4,41,420,126,112),(2942,4,41,420,127,113),(2943,4,41,420,128,114),(2944,4,41,420,155,116),(2945,4,41,420,161,117),(2946,4,42,421,156,20),(2947,4,42,423,134,1),(2948,4,42,425,101,1),(2949,4,42,425,102,2),(2950,4,42,425,100,3),(2951,4,42,425,116,4),(2952,4,42,426,104,1),(2953,4,42,426,106,2),(2954,4,42,426,117,3),(2955,4,42,426,103,10),(2956,4,42,427,78,1),(2957,4,42,427,79,2),(2958,4,42,427,80,3),(2959,4,42,427,81,4),(2960,4,42,427,92,5),(2961,4,42,427,123,6),(2962,4,42,427,124,7),(2963,4,42,427,98,8),(2964,4,42,427,132,8),(2965,4,42,428,121,1),(2966,4,42,428,84,2),(2967,4,42,428,85,3),(2968,4,42,428,86,4),(2969,4,42,429,87,1),(2970,4,42,429,88,2),(2971,4,42,429,89,3),(2972,4,42,429,135,4),(2973,4,42,429,90,5),(2974,4,42,429,96,6),(2975,4,42,430,133,1),(2976,4,42,431,76,1),(2977,4,42,431,75,2),(2978,4,42,431,145,3),(2979,4,42,431,146,4),(2980,4,42,432,97,1),(2981,4,42,432,73,2),(2982,4,42,432,74,3),(2983,4,42,432,130,4),(2984,4,42,432,77,5),(2985,4,42,432,91,6),(2986,4,42,432,129,6),(2987,4,42,432,136,7),(2988,4,42,432,115,8),(2989,4,42,432,82,9),(2990,4,42,432,131,10),(2991,4,42,432,99,11),(2992,4,42,432,122,11),(2993,4,42,432,105,12),(2994,4,42,432,94,13),(2995,4,42,432,95,14),(2996,4,42,432,107,14),(2997,4,42,432,108,15),(2998,4,42,432,140,15),(2999,4,42,432,109,16),(3000,4,42,432,142,16),(3001,4,42,432,110,17),(3002,4,42,432,143,17),(3003,4,42,432,111,18),(3004,4,42,432,144,18),(3005,4,42,432,112,19),(3006,4,42,432,141,19),(3007,4,42,432,113,20),(3008,4,42,432,147,20),(3009,4,42,432,152,21),(3010,4,42,432,114,22),(3011,4,42,432,93,23),(3012,4,42,432,148,24),(3013,4,42,432,149,25),(3014,4,42,432,150,26),(3015,4,42,432,162,100),(3016,4,42,432,125,111),(3017,4,42,432,126,112),(3018,4,42,432,127,113),(3019,4,42,432,128,114),(3020,4,42,432,155,116),(3021,4,42,432,161,117),(3022,4,43,433,156,20),(3023,4,43,435,134,1),(3024,4,43,437,101,1),(3025,4,43,437,102,2),(3026,4,43,437,100,3),(3027,4,43,437,116,4),(3028,4,43,438,104,1),(3029,4,43,438,106,2),(3030,4,43,438,117,3),(3031,4,43,438,103,10),(3032,4,43,439,78,1),(3033,4,43,439,79,2),(3034,4,43,439,80,3),(3035,4,43,439,81,4),(3036,4,43,439,92,5),(3037,4,43,439,123,6),(3038,4,43,439,124,7),(3039,4,43,439,98,8),(3040,4,43,439,132,8),(3041,4,43,440,121,1),(3042,4,43,440,84,2),(3043,4,43,440,85,3),(3044,4,43,440,86,4),(3045,4,43,441,87,1),(3046,4,43,441,88,2),(3047,4,43,441,89,3),(3048,4,43,441,135,4),(3049,4,43,441,90,5),(3050,4,43,441,96,6),(3051,4,43,442,133,1),(3052,4,43,443,76,1),(3053,4,43,443,75,2),(3054,4,43,443,145,3),(3055,4,43,443,146,4),(3056,4,43,444,97,1),(3057,4,43,444,73,2),(3058,4,43,444,74,3),(3059,4,43,444,130,4),(3060,4,43,444,77,5),(3061,4,43,444,91,6),(3062,4,43,444,129,6),(3063,4,43,444,136,7),(3064,4,43,444,115,8),(3065,4,43,444,82,9),(3066,4,43,444,131,10),(3067,4,43,444,99,11),(3068,4,43,444,122,11),(3069,4,43,444,105,12),(3070,4,43,444,94,13),(3071,4,43,444,95,14),(3072,4,43,444,107,14),(3073,4,43,444,108,15),(3074,4,43,444,140,15),(3075,4,43,444,109,16),(3076,4,43,444,142,16),(3077,4,43,444,110,17),(3078,4,43,444,143,17),(3079,4,43,444,111,18),(3080,4,43,444,144,18),(3081,4,43,444,112,19),(3082,4,43,444,141,19),(3083,4,43,444,113,20),(3084,4,43,444,147,20),(3085,4,43,444,152,21),(3086,4,43,444,114,22),(3087,4,43,444,93,23),(3088,4,43,444,148,24),(3089,4,43,444,149,25),(3090,4,43,444,150,26),(3091,4,43,444,162,100),(3092,4,43,444,125,111),(3093,4,43,444,126,112),(3094,4,43,444,127,113),(3095,4,43,444,128,114),(3096,4,43,444,155,116),(3097,4,43,444,161,117),(3098,4,44,445,156,20),(3099,4,44,447,134,1),(3100,4,44,449,101,1),(3101,4,44,449,102,2),(3102,4,44,449,100,3),(3103,4,44,449,116,4),(3104,4,44,450,104,1),(3105,4,44,450,106,2),(3106,4,44,450,117,3),(3107,4,44,450,103,10),(3108,4,44,451,78,1),(3109,4,44,451,79,2),(3110,4,44,451,80,3),(3111,4,44,451,81,4),(3112,4,44,451,92,5),(3113,4,44,451,123,6),(3114,4,44,451,124,7),(3115,4,44,451,98,8),(3116,4,44,451,132,8),(3117,4,44,452,121,1),(3118,4,44,452,84,2),(3119,4,44,452,85,3),(3120,4,44,452,86,4),(3121,4,44,453,87,1),(3122,4,44,453,88,2),(3123,4,44,453,89,3),(3124,4,44,453,135,4),(3125,4,44,453,90,5),(3126,4,44,453,96,6),(3127,4,44,454,133,1),(3128,4,44,455,76,1),(3129,4,44,455,75,2),(3130,4,44,455,145,3),(3131,4,44,455,146,4),(3132,4,44,456,97,1),(3133,4,44,456,73,2),(3134,4,44,456,74,3),(3135,4,44,456,130,4),(3136,4,44,456,77,5),(3137,4,44,456,91,6),(3138,4,44,456,129,6),(3139,4,44,456,136,7),(3140,4,44,456,115,8),(3141,4,44,456,82,9),(3142,4,44,456,131,10),(3143,4,44,456,99,11),(3144,4,44,456,122,11),(3145,4,44,456,105,12),(3146,4,44,456,94,13),(3147,4,44,456,95,14),(3148,4,44,456,107,14),(3149,4,44,456,108,15),(3150,4,44,456,140,15),(3151,4,44,456,109,16),(3152,4,44,456,142,16),(3153,4,44,456,110,17),(3154,4,44,456,143,17),(3155,4,44,456,111,18),(3156,4,44,456,144,18),(3157,4,44,456,112,19),(3158,4,44,456,141,19),(3159,4,44,456,113,20),(3160,4,44,456,147,20),(3161,4,44,456,152,21),(3162,4,44,456,114,22),(3163,4,44,456,93,23),(3164,4,44,456,148,24),(3165,4,44,456,149,25),(3166,4,44,456,150,26),(3167,4,44,456,162,100),(3168,4,44,456,125,111),(3169,4,44,456,126,112),(3170,4,44,456,127,113),(3171,4,44,456,128,114),(3172,4,44,456,155,116),(3173,4,44,456,161,117),(3174,4,45,457,156,20),(3175,4,45,459,134,1),(3176,4,45,461,101,1),(3177,4,45,461,102,2),(3178,4,45,461,100,3),(3179,4,45,461,116,4),(3180,4,45,462,104,1),(3181,4,45,462,106,2),(3182,4,45,462,117,3),(3183,4,45,462,103,10),(3184,4,45,463,78,1),(3185,4,45,463,79,2),(3186,4,45,463,80,3),(3187,4,45,463,81,4),(3188,4,45,463,92,5),(3189,4,45,463,123,6),(3190,4,45,463,124,7),(3191,4,45,463,98,8),(3192,4,45,463,132,8),(3193,4,45,464,121,1),(3194,4,45,464,84,2),(3195,4,45,464,85,3),(3196,4,45,464,86,4),(3197,4,45,465,87,1),(3198,4,45,465,88,2),(3199,4,45,465,89,3),(3200,4,45,465,135,4),(3201,4,45,465,90,5),(3202,4,45,465,96,6),(3203,4,45,466,133,1),(3204,4,45,467,76,1),(3205,4,45,467,75,2),(3206,4,45,467,145,3),(3207,4,45,467,146,4),(3208,4,45,468,97,1),(3209,4,45,468,73,2),(3210,4,45,468,74,3),(3211,4,45,468,130,4),(3212,4,45,468,77,5),(3213,4,45,468,91,6),(3214,4,45,468,129,6),(3215,4,45,468,136,7),(3216,4,45,468,115,8),(3217,4,45,468,82,9),(3218,4,45,468,131,10),(3219,4,45,468,99,11),(3220,4,45,468,122,11),(3221,4,45,468,105,12),(3222,4,45,468,94,13),(3223,4,45,468,95,14),(3224,4,45,468,107,14),(3225,4,45,468,108,15),(3226,4,45,468,140,15),(3227,4,45,468,109,16),(3228,4,45,468,142,16),(3229,4,45,468,110,17),(3230,4,45,468,143,17),(3231,4,45,468,111,18),(3232,4,45,468,144,18),(3233,4,45,468,112,19),(3234,4,45,468,141,19),(3235,4,45,468,113,20),(3236,4,45,468,147,20),(3237,4,45,468,152,21),(3238,4,45,468,114,22),(3239,4,45,468,93,23),(3240,4,45,468,148,24),(3241,4,45,468,149,25),(3242,4,45,468,150,26),(3243,4,45,468,162,100),(3244,4,45,468,125,111),(3245,4,45,468,126,112),(3246,4,45,468,127,113),(3247,4,45,468,128,114),(3248,4,45,468,155,116),(3249,4,45,468,161,117),(3250,4,46,469,156,20),(3251,4,46,471,134,1),(3252,4,46,473,101,1),(3253,4,46,473,102,2),(3254,4,46,473,100,3),(3255,4,46,473,116,4),(3256,4,46,474,104,1),(3257,4,46,474,106,2),(3258,4,46,474,117,3),(3259,4,46,474,103,10),(3260,4,46,475,78,1),(3261,4,46,475,79,2),(3262,4,46,475,80,3),(3263,4,46,475,81,4),(3264,4,46,475,92,5),(3265,4,46,475,123,6),(3266,4,46,475,124,7),(3267,4,46,475,98,8),(3268,4,46,475,132,8),(3269,4,46,476,121,1),(3270,4,46,476,84,2),(3271,4,46,476,85,3),(3272,4,46,476,86,4),(3273,4,46,477,87,1),(3274,4,46,477,88,2),(3275,4,46,477,89,3),(3276,4,46,477,135,4),(3277,4,46,477,90,5),(3278,4,46,477,96,6),(3279,4,46,478,133,1),(3280,4,46,479,76,1),(3281,4,46,479,75,2),(3282,4,46,479,145,3),(3283,4,46,479,146,4),(3284,4,46,480,97,1),(3285,4,46,480,73,2),(3286,4,46,480,74,3),(3287,4,46,480,130,4),(3288,4,46,480,77,5),(3289,4,46,480,91,6),(3290,4,46,480,129,6),(3291,4,46,480,136,7),(3292,4,46,480,115,8),(3293,4,46,480,82,9),(3294,4,46,480,131,10),(3295,4,46,480,99,11),(3296,4,46,480,122,11),(3297,4,46,480,105,12),(3298,4,46,480,94,13),(3299,4,46,480,95,14),(3300,4,46,480,107,14),(3301,4,46,480,108,15),(3302,4,46,480,140,15),(3303,4,46,480,109,16),(3304,4,46,480,142,16),(3305,4,46,480,110,17),(3306,4,46,480,143,17),(3307,4,46,480,111,18),(3308,4,46,480,144,18),(3309,4,46,480,112,19),(3310,4,46,480,141,19),(3311,4,46,480,113,20),(3312,4,46,480,147,20),(3313,4,46,480,152,21),(3314,4,46,480,114,22),(3315,4,46,480,93,23),(3316,4,46,480,148,24),(3317,4,46,480,149,25),(3318,4,46,480,150,26),(3319,4,46,480,162,100),(3320,4,46,480,125,111),(3321,4,46,480,126,112),(3322,4,46,480,127,113),(3323,4,46,480,128,114),(3324,4,46,480,155,116),(3325,4,46,480,161,117),(3326,4,47,481,156,20),(3327,4,47,483,134,1),(3328,4,47,485,101,1),(3329,4,47,485,102,2),(3330,4,47,485,100,3),(3331,4,47,485,116,4),(3332,4,47,486,104,1),(3333,4,47,486,106,2),(3334,4,47,486,117,3),(3335,4,47,486,103,10),(3336,4,47,487,78,1),(3337,4,47,487,79,2),(3338,4,47,487,80,3),(3339,4,47,487,81,4),(3340,4,47,487,92,5),(3341,4,47,487,123,6),(3342,4,47,487,124,7),(3343,4,47,487,98,8),(3344,4,47,487,132,8),(3345,4,47,488,121,1),(3346,4,47,488,84,2),(3347,4,47,488,85,3),(3348,4,47,488,86,4),(3349,4,47,489,87,1),(3350,4,47,489,88,2),(3351,4,47,489,89,3),(3352,4,47,489,135,4),(3353,4,47,489,90,5),(3354,4,47,489,96,6),(3355,4,47,490,133,1),(3356,4,47,491,76,1),(3357,4,47,491,75,2),(3358,4,47,491,145,3),(3359,4,47,491,146,4),(3360,4,47,492,97,1),(3361,4,47,492,73,2),(3362,4,47,492,74,3),(3363,4,47,492,130,4),(3364,4,47,492,77,5),(3365,4,47,492,91,6),(3366,4,47,492,129,6),(3367,4,47,492,136,7),(3368,4,47,492,115,8),(3369,4,47,492,82,9),(3370,4,47,492,131,10),(3371,4,47,492,99,11),(3372,4,47,492,122,11),(3373,4,47,492,105,12),(3374,4,47,492,94,13),(3375,4,47,492,95,14),(3376,4,47,492,107,14),(3377,4,47,492,108,15),(3378,4,47,492,140,15),(3379,4,47,492,109,16),(3380,4,47,492,142,16),(3381,4,47,492,110,17),(3382,4,47,492,143,17),(3383,4,47,492,111,18),(3384,4,47,492,144,18),(3385,4,47,492,112,19),(3386,4,47,492,141,19),(3387,4,47,492,113,20),(3388,4,47,492,147,20),(3389,4,47,492,152,21),(3390,4,47,492,114,22),(3391,4,47,492,93,23),(3392,4,47,492,148,24),(3393,4,47,492,149,25),(3394,4,47,492,150,26),(3395,4,47,492,162,100),(3396,4,47,492,125,111),(3397,4,47,492,126,112),(3398,4,47,492,127,113),(3399,4,47,492,128,114),(3400,4,47,492,155,116),(3401,4,47,492,161,117),(3402,4,48,493,156,20),(3403,4,48,495,134,1),(3404,4,48,497,101,1),(3405,4,48,497,102,2),(3406,4,48,497,100,3),(3407,4,48,497,116,4),(3408,4,48,498,104,1),(3409,4,48,498,106,2),(3410,4,48,498,117,3),(3411,4,48,498,103,10),(3412,4,48,499,78,1),(3413,4,48,499,79,2),(3414,4,48,499,80,3),(3415,4,48,499,81,4),(3416,4,48,499,92,5),(3417,4,48,499,123,6),(3418,4,48,499,124,7),(3419,4,48,499,98,8),(3420,4,48,499,132,8),(3421,4,48,500,121,1),(3422,4,48,500,84,2),(3423,4,48,500,85,3),(3424,4,48,500,86,4),(3425,4,48,501,87,1),(3426,4,48,501,88,2),(3427,4,48,501,89,3),(3428,4,48,501,135,4),(3429,4,48,501,90,5),(3430,4,48,501,96,6),(3431,4,48,502,133,1),(3432,4,48,503,76,1),(3433,4,48,503,75,2),(3434,4,48,503,145,3),(3435,4,48,503,146,4),(3436,4,48,504,97,1),(3437,4,48,504,73,2),(3438,4,48,504,74,3),(3439,4,48,504,130,4),(3440,4,48,504,77,5),(3441,4,48,504,91,6),(3442,4,48,504,129,6),(3443,4,48,504,136,7),(3444,4,48,504,115,8),(3445,4,48,504,82,9),(3446,4,48,504,131,10),(3447,4,48,504,99,11),(3448,4,48,504,122,11),(3449,4,48,504,105,12),(3450,4,48,504,94,13),(3451,4,48,504,95,14),(3452,4,48,504,107,14),(3453,4,48,504,108,15),(3454,4,48,504,140,15),(3455,4,48,504,109,16),(3456,4,48,504,142,16),(3457,4,48,504,110,17),(3458,4,48,504,143,17),(3459,4,48,504,111,18),(3460,4,48,504,144,18),(3461,4,48,504,112,19),(3462,4,48,504,141,19),(3463,4,48,504,113,20),(3464,4,48,504,147,20),(3465,4,48,504,152,21),(3466,4,48,504,114,22),(3467,4,48,504,93,23),(3468,4,48,504,148,24),(3469,4,48,504,149,25),(3470,4,48,504,150,26),(3471,4,48,504,162,100),(3472,4,48,504,125,111),(3473,4,48,504,126,112),(3474,4,48,504,127,113),(3475,4,48,504,128,114),(3476,4,48,504,155,116),(3477,4,48,504,161,117),(3478,4,49,505,156,20),(3479,4,49,507,134,1),(3480,4,49,509,101,1),(3481,4,49,509,102,2),(3482,4,49,509,100,3),(3483,4,49,509,116,4),(3484,4,49,510,104,1),(3485,4,49,510,106,2),(3486,4,49,510,117,3),(3487,4,49,510,103,10),(3488,4,49,511,78,1),(3489,4,49,511,79,2),(3490,4,49,511,80,3),(3491,4,49,511,81,4),(3492,4,49,511,92,5),(3493,4,49,511,123,6),(3494,4,49,511,124,7),(3495,4,49,511,98,8),(3496,4,49,511,132,8),(3497,4,49,512,121,1),(3498,4,49,512,84,2),(3499,4,49,512,85,3),(3500,4,49,512,86,4),(3501,4,49,513,87,1),(3502,4,49,513,88,2),(3503,4,49,513,89,3),(3504,4,49,513,135,4),(3505,4,49,513,90,5),(3506,4,49,513,96,6),(3507,4,49,514,133,1),(3508,4,49,515,76,1),(3509,4,49,515,75,2),(3510,4,49,515,145,3),(3511,4,49,515,146,4),(3512,4,49,516,97,1),(3513,4,49,516,73,2),(3514,4,49,516,74,3),(3515,4,49,516,130,4),(3516,4,49,516,77,5),(3517,4,49,516,91,6),(3518,4,49,516,129,6),(3519,4,49,516,136,7),(3520,4,49,516,115,8),(3521,4,49,516,82,9),(3522,4,49,516,131,10),(3523,4,49,516,99,11),(3524,4,49,516,122,11),(3525,4,49,516,105,12),(3526,4,49,516,94,13),(3527,4,49,516,95,14),(3528,4,49,516,107,14),(3529,4,49,516,108,15),(3530,4,49,516,140,15),(3531,4,49,516,109,16),(3532,4,49,516,142,16),(3533,4,49,516,110,17),(3534,4,49,516,143,17),(3535,4,49,516,111,18),(3536,4,49,516,144,18),(3537,4,49,516,112,19),(3538,4,49,516,141,19),(3539,4,49,516,113,20),(3540,4,49,516,147,20),(3541,4,49,516,152,21),(3542,4,49,516,114,22),(3543,4,49,516,93,23),(3544,4,49,516,148,24),(3545,4,49,516,149,25),(3546,4,49,516,150,26),(3547,4,49,516,162,100),(3548,4,49,516,125,111),(3549,4,49,516,126,112),(3550,4,49,516,127,113),(3551,4,49,516,128,114),(3552,4,49,516,155,116),(3553,4,49,516,161,117),(3554,4,50,517,156,20),(3555,4,50,519,134,1),(3556,4,50,521,101,1),(3557,4,50,521,102,2),(3558,4,50,521,100,3),(3559,4,50,521,116,4),(3560,4,50,522,104,1),(3561,4,50,522,106,2),(3562,4,50,522,117,3),(3563,4,50,522,103,10),(3564,4,50,523,78,1),(3565,4,50,523,79,2),(3566,4,50,523,80,3),(3567,4,50,523,81,4),(3568,4,50,523,92,5),(3569,4,50,523,123,6),(3570,4,50,523,124,7),(3571,4,50,523,98,8),(3572,4,50,523,132,8),(3573,4,50,524,121,1),(3574,4,50,524,84,2),(3575,4,50,524,85,3),(3576,4,50,524,86,4),(3577,4,50,525,87,1),(3578,4,50,525,88,2),(3579,4,50,525,89,3),(3580,4,50,525,135,4),(3581,4,50,525,90,5),(3582,4,50,525,96,6),(3583,4,50,526,133,1),(3584,4,50,527,76,1),(3585,4,50,527,75,2),(3586,4,50,527,145,3),(3587,4,50,527,146,4),(3588,4,50,528,97,1),(3589,4,50,528,73,2),(3590,4,50,528,74,3),(3591,4,50,528,130,4),(3592,4,50,528,77,5),(3593,4,50,528,91,6),(3594,4,50,528,129,6),(3595,4,50,528,136,7),(3596,4,50,528,115,8),(3597,4,50,528,82,9),(3598,4,50,528,131,10),(3599,4,50,528,99,11),(3600,4,50,528,122,11),(3601,4,50,528,105,12),(3602,4,50,528,94,13),(3603,4,50,528,95,14),(3604,4,50,528,107,14),(3605,4,50,528,108,15),(3606,4,50,528,140,15),(3607,4,50,528,109,16),(3608,4,50,528,142,16),(3609,4,50,528,110,17),(3610,4,50,528,143,17),(3611,4,50,528,111,18),(3612,4,50,528,144,18),(3613,4,50,528,112,19),(3614,4,50,528,141,19),(3615,4,50,528,113,20),(3616,4,50,528,147,20),(3617,4,50,528,152,21),(3618,4,50,528,114,22),(3619,4,50,528,93,23),(3620,4,50,528,148,24),(3621,4,50,528,149,25),(3622,4,50,528,150,26),(3623,4,50,528,162,100),(3624,4,50,528,125,111),(3625,4,50,528,126,112),(3626,4,50,528,127,113),(3627,4,50,528,128,114),(3628,4,50,528,155,116),(3629,4,50,528,161,117),(3630,4,51,529,156,20),(3631,4,51,531,134,1),(3632,4,51,533,101,1),(3633,4,51,533,102,2),(3634,4,51,533,100,3),(3635,4,51,533,116,4),(3636,4,51,534,104,1),(3637,4,51,534,106,2),(3638,4,51,534,117,3),(3639,4,51,534,103,10),(3640,4,51,535,78,1),(3641,4,51,535,79,2),(3642,4,51,535,80,3),(3643,4,51,535,81,4),(3644,4,51,535,92,5),(3645,4,51,535,123,6),(3646,4,51,535,124,7),(3647,4,51,535,98,8),(3648,4,51,535,132,8),(3649,4,51,536,121,1),(3650,4,51,536,84,2),(3651,4,51,536,85,3),(3652,4,51,536,86,4),(3653,4,51,537,87,1),(3654,4,51,537,88,2),(3655,4,51,537,89,3),(3656,4,51,537,135,4),(3657,4,51,537,90,5),(3658,4,51,537,96,6),(3659,4,51,538,133,1),(3660,4,51,539,76,1),(3661,4,51,539,75,2),(3662,4,51,539,145,3),(3663,4,51,539,146,4),(3664,4,51,540,97,1),(3665,4,51,540,73,2),(3666,4,51,540,74,3),(3667,4,51,540,130,4),(3668,4,51,540,77,5),(3669,4,51,540,91,6),(3670,4,51,540,129,6),(3671,4,51,540,136,7),(3672,4,51,540,115,8),(3673,4,51,540,82,9),(3674,4,51,540,131,10),(3675,4,51,540,99,11),(3676,4,51,540,122,11),(3677,4,51,540,105,12),(3678,4,51,540,94,13),(3679,4,51,540,95,14),(3680,4,51,540,107,14),(3681,4,51,540,108,15),(3682,4,51,540,140,15),(3683,4,51,540,109,16),(3684,4,51,540,142,16),(3685,4,51,540,110,17),(3686,4,51,540,143,17),(3687,4,51,540,111,18),(3688,4,51,540,144,18),(3689,4,51,540,112,19),(3690,4,51,540,141,19),(3691,4,51,540,113,20),(3692,4,51,540,147,20),(3693,4,51,540,152,21),(3694,4,51,540,114,22),(3695,4,51,540,93,23),(3696,4,51,540,148,24),(3697,4,51,540,149,25),(3698,4,51,540,150,26),(3699,4,51,540,162,100),(3700,4,51,540,125,111),(3701,4,51,540,126,112),(3702,4,51,540,127,113),(3703,4,51,540,128,114),(3704,4,51,540,155,116),(3705,4,51,540,161,117),(3715,4,52,546,103,10),(3723,4,52,547,98,8),(3745,4,52,552,91,6),(3752,4,52,552,122,11),(3756,4,52,552,107,14),(3757,4,52,552,108,15),(3759,4,52,552,109,16),(3761,4,52,552,110,17),(3763,4,52,552,111,18),(3765,4,52,552,112,19),(3767,4,52,552,113,20),(3776,4,52,552,125,111),(3777,4,52,552,126,112),(3778,4,52,552,127,113),(3779,4,52,552,128,114),(3782,4,53,553,156,20),(3783,4,53,555,134,1),(3784,4,53,557,101,1),(3785,4,53,557,102,2),(3786,4,53,557,100,3),(3787,4,53,557,116,4),(3788,4,53,558,104,1),(3789,4,53,558,106,2),(3790,4,53,558,117,3),(3791,4,53,558,103,10),(3792,4,53,559,78,1),(3793,4,53,559,79,2),(3794,4,53,559,80,3),(3795,4,53,559,81,4),(3796,4,53,559,92,5),(3797,4,53,559,123,6),(3798,4,53,559,124,7),(3799,4,53,559,98,8),(3800,4,53,559,132,8),(3801,4,53,560,121,1),(3802,4,53,560,84,2),(3803,4,53,560,85,3),(3804,4,53,560,86,4),(3805,4,53,561,87,1),(3806,4,53,561,88,2),(3807,4,53,561,89,3),(3808,4,53,561,135,4),(3809,4,53,561,90,5),(3810,4,53,561,96,6),(3811,4,53,562,133,1),(3812,4,53,563,76,1),(3813,4,53,563,75,2),(3814,4,53,563,145,3),(3815,4,53,563,146,4),(3816,4,53,564,97,1),(3817,4,53,564,73,2),(3818,4,53,564,74,3),(3819,4,53,564,130,4),(3820,4,53,564,77,5),(3821,4,53,564,91,6),(3822,4,53,564,129,6),(3823,4,53,564,136,7),(3824,4,53,564,115,8),(3825,4,53,564,82,9),(3826,4,53,564,131,10),(3827,4,53,564,99,11),(3828,4,53,564,122,11),(3829,4,53,564,105,12),(3830,4,53,564,94,13),(3831,4,53,564,95,14),(3832,4,53,564,107,14),(3833,4,53,564,108,15),(3834,4,53,564,140,15),(3835,4,53,564,109,16),(3836,4,53,564,142,16),(3837,4,53,564,110,17),(3838,4,53,564,143,17),(3839,4,53,564,111,18),(3840,4,53,564,144,18),(3841,4,53,564,112,19),(3842,4,53,564,141,19),(3843,4,53,564,113,20),(3844,4,53,564,147,20),(3845,4,53,564,152,21),(3846,4,53,564,114,22),(3847,4,53,564,93,23),(3848,4,53,564,148,24),(3849,4,53,564,149,25),(3850,4,53,564,150,26),(3851,4,53,564,162,100),(3852,4,53,564,125,111),(3853,4,53,564,126,112),(3854,4,53,564,127,113),(3855,4,53,564,128,114),(3856,4,53,564,155,116),(3857,4,53,564,161,117),(3858,4,54,565,156,20),(3859,4,54,567,134,1),(3860,4,54,569,101,1),(3861,4,54,569,102,2),(3862,4,54,569,100,3),(3863,4,54,569,116,4),(3864,4,54,570,104,1),(3865,4,54,570,106,2),(3866,4,54,570,117,3),(3867,4,54,570,103,10),(3868,4,54,571,78,1),(3869,4,54,571,79,2),(3870,4,54,571,80,3),(3871,4,54,571,81,4),(3872,4,54,571,92,5),(3873,4,54,571,123,6),(3874,4,54,571,124,7),(3875,4,54,571,98,8),(3876,4,54,571,132,8),(3877,4,54,572,121,1),(3878,4,54,572,84,2),(3879,4,54,572,85,3),(3880,4,54,572,86,4),(3881,4,54,573,87,1),(3882,4,54,573,88,2),(3883,4,54,573,89,3),(3884,4,54,573,135,4),(3885,4,54,573,90,5),(3886,4,54,573,96,6),(3887,4,54,574,133,1),(3888,4,54,575,76,1),(3889,4,54,575,75,2),(3890,4,54,575,145,3),(3891,4,54,575,146,4),(3892,4,54,576,97,1),(3893,4,54,576,73,2),(3894,4,54,576,74,3),(3895,4,54,576,130,4),(3896,4,54,576,77,5),(3897,4,54,576,91,6),(3898,4,54,576,129,6),(3899,4,54,576,136,7),(3900,4,54,576,115,8),(3901,4,54,576,82,9),(3902,4,54,576,131,10),(3903,4,54,576,99,11),(3904,4,54,576,122,11),(3905,4,54,576,105,12),(3906,4,54,576,94,13),(3907,4,54,576,95,14),(3908,4,54,576,107,14),(3909,4,54,576,108,15),(3910,4,54,576,140,15),(3911,4,54,576,109,16),(3912,4,54,576,142,16),(3913,4,54,576,110,17),(3914,4,54,576,143,17),(3915,4,54,576,111,18),(3916,4,54,576,144,18),(3917,4,54,576,112,19),(3918,4,54,576,141,19),(3919,4,54,576,113,20),(3920,4,54,576,147,20),(3921,4,54,576,152,21),(3922,4,54,576,114,22),(3923,4,54,576,93,23),(3924,4,54,576,148,24),(3925,4,54,576,149,25),(3926,4,54,576,150,26),(3927,4,54,576,162,100),(3928,4,54,576,125,111),(3929,4,54,576,126,112),(3930,4,54,576,127,113),(3931,4,54,576,128,114),(3932,4,54,576,155,116),(3933,4,54,576,161,117),(3934,4,55,577,156,20),(3935,4,55,579,134,1),(3936,4,55,581,101,1),(3937,4,55,581,102,2),(3938,4,55,581,100,3),(3939,4,55,581,116,4),(3940,4,55,582,104,1),(3941,4,55,582,106,2),(3942,4,55,582,117,3),(3943,4,55,582,103,10),(3944,4,55,583,78,1),(3945,4,55,583,79,2),(3946,4,55,583,80,3),(3947,4,55,583,81,4),(3948,4,55,583,92,5),(3949,4,55,583,123,6),(3950,4,55,583,124,7),(3951,4,55,583,98,8),(3952,4,55,583,132,8),(3953,4,55,584,121,1),(3954,4,55,584,84,2),(3955,4,55,584,85,3),(3956,4,55,584,86,4),(3957,4,55,585,87,1),(3958,4,55,585,88,2),(3959,4,55,585,89,3),(3960,4,55,585,135,4),(3961,4,55,585,90,5),(3962,4,55,585,96,6),(3963,4,55,586,133,1),(3964,4,55,587,76,1),(3965,4,55,587,75,2),(3966,4,55,587,145,3),(3967,4,55,587,146,4),(3968,4,55,588,97,1),(3969,4,55,588,73,2),(3970,4,55,588,74,3),(3971,4,55,588,130,4),(3972,4,55,588,77,5),(3973,4,55,588,91,6),(3974,4,55,588,129,6),(3975,4,55,588,136,7),(3976,4,55,588,115,8),(3977,4,55,588,82,9),(3978,4,55,588,131,10),(3979,4,55,588,99,11),(3980,4,55,588,122,11),(3981,4,55,588,105,12),(3982,4,55,588,94,13),(3983,4,55,588,95,14),(3984,4,55,588,107,14),(3985,4,55,588,108,15),(3986,4,55,588,140,15),(3987,4,55,588,109,16),(3988,4,55,588,142,16),(3989,4,55,588,110,17),(3990,4,55,588,143,17),(3991,4,55,588,111,18),(3992,4,55,588,144,18),(3993,4,55,588,112,19),(3994,4,55,588,141,19),(3995,4,55,588,113,20),(3996,4,55,588,147,20),(3997,4,55,588,152,21),(3998,4,55,588,114,22),(3999,4,55,588,93,23),(4000,4,55,588,148,24),(4001,4,55,588,149,25),(4002,4,55,588,150,26),(4003,4,55,588,162,100),(4004,4,55,588,125,111),(4005,4,55,588,126,112),(4006,4,55,588,127,113),(4007,4,55,588,128,114),(4008,4,55,588,155,116),(4009,4,55,588,161,117),(4010,4,56,589,156,20),(4011,4,56,591,134,1),(4012,4,56,593,101,1),(4013,4,56,593,102,2),(4014,4,56,593,100,3),(4015,4,56,593,116,4),(4016,4,56,594,104,1),(4017,4,56,594,106,2),(4018,4,56,594,117,3),(4019,4,56,594,103,10),(4020,4,56,595,78,1),(4021,4,56,595,79,2),(4022,4,56,595,80,3),(4023,4,56,595,81,4),(4024,4,56,595,92,5),(4025,4,56,595,123,6),(4026,4,56,595,124,7),(4027,4,56,595,98,8),(4028,4,56,595,132,8),(4029,4,56,596,121,1),(4030,4,56,596,84,2),(4031,4,56,596,85,3),(4032,4,56,596,86,4),(4033,4,56,597,87,1),(4034,4,56,597,88,2),(4035,4,56,597,89,3),(4036,4,56,597,135,4),(4037,4,56,597,90,5),(4038,4,56,597,96,6),(4039,4,56,598,133,1),(4040,4,56,599,76,1),(4041,4,56,599,75,2),(4042,4,56,599,145,3),(4043,4,56,599,146,4),(4044,4,56,600,97,1),(4045,4,56,600,73,2),(4046,4,56,600,74,3),(4047,4,56,600,130,4),(4048,4,56,600,77,5),(4049,4,56,600,91,6),(4050,4,56,600,129,6),(4051,4,56,600,136,7),(4052,4,56,600,115,8),(4053,4,56,600,82,9),(4054,4,56,600,131,10),(4055,4,56,600,99,11),(4056,4,56,600,122,11),(4057,4,56,600,105,12),(4058,4,56,600,94,13),(4059,4,56,600,95,14),(4060,4,56,600,107,14),(4061,4,56,600,108,15),(4062,4,56,600,140,15),(4063,4,56,600,109,16),(4064,4,56,600,142,16),(4065,4,56,600,110,17),(4066,4,56,600,143,17),(4067,4,56,600,111,18),(4068,4,56,600,144,18),(4069,4,56,600,112,19),(4070,4,56,600,141,19),(4071,4,56,600,113,20),(4072,4,56,600,147,20),(4073,4,56,600,152,21),(4074,4,56,600,114,22),(4075,4,56,600,93,23),(4076,4,56,600,148,24),(4077,4,56,600,149,25),(4078,4,56,600,150,26),(4079,4,56,600,162,100),(4080,4,56,600,125,111),(4081,4,56,600,126,112),(4082,4,56,600,127,113),(4083,4,56,600,128,114),(4084,4,56,600,155,116),(4085,4,56,600,161,117),(4086,4,57,601,156,1),(4087,4,57,602,140,1),(4088,4,57,603,134,1),(4089,4,57,605,101,1),(4090,4,57,605,102,2),(4091,4,57,605,100,3),(4092,4,57,605,116,4),(4093,4,57,606,104,1),(4094,4,57,606,106,2),(4095,4,57,606,117,3),(4096,4,57,606,103,10),(4097,4,57,607,78,1),(4098,4,57,607,79,2),(4099,4,57,607,80,3),(4100,4,57,607,81,4),(4101,4,57,607,92,5),(4102,4,57,607,123,6),(4103,4,57,607,124,7),(4104,4,57,607,98,8),(4105,4,57,607,132,8),(4106,4,57,608,121,1),(4107,4,57,608,84,2),(4108,4,57,608,85,3),(4109,4,57,608,86,4),(4110,4,57,609,87,1),(4111,4,57,609,88,2),(4112,4,57,609,89,3),(4113,4,57,609,135,4),(4114,4,57,609,90,5),(4115,4,57,609,96,6),(4116,4,57,610,133,1),(4117,4,57,611,76,1),(4118,4,57,611,75,2),(4119,4,57,611,145,3),(4120,4,57,611,146,4),(4121,4,57,612,97,1),(4122,4,57,612,73,2),(4123,4,57,612,74,3),(4124,4,57,612,130,4),(4125,4,57,612,77,5),(4126,4,57,612,91,6),(4127,4,57,612,129,6),(4128,4,57,612,136,7),(4129,4,57,612,115,8),(4130,4,57,612,82,9),(4131,4,57,612,131,10),(4132,4,57,612,122,11),(4133,4,57,612,99,11),(4134,4,57,612,105,12),(4135,4,57,612,94,13),(4136,4,57,612,107,14),(4137,4,57,612,95,14),(4138,4,57,612,108,15),(4139,4,57,612,141,15),(4140,4,57,612,109,16),(4141,4,57,612,147,16),(4142,4,57,612,114,17),(4143,4,57,612,110,17),(4144,4,57,612,111,18),(4145,4,57,612,148,18),(4146,4,57,612,112,19),(4147,4,57,612,149,19),(4148,4,57,612,113,20),(4149,4,57,612,150,20),(4150,4,57,612,162,21),(4151,4,57,612,155,22),(4152,4,57,612,161,23),(4153,4,57,612,125,111),(4154,4,57,612,126,112),(4155,4,57,612,127,113),(4156,4,57,612,128,114),(4157,4,58,613,156,20),(4158,4,58,615,134,1),(4159,4,58,617,101,1),(4160,4,58,617,102,2),(4161,4,58,617,100,3),(4162,4,58,617,116,4),(4163,4,58,618,104,1),(4164,4,58,618,106,2),(4165,4,58,618,117,3),(4166,4,58,618,103,10),(4167,4,58,619,78,1),(4168,4,58,619,79,2),(4169,4,58,619,80,3),(4170,4,58,619,81,4),(4171,4,58,619,92,5),(4172,4,58,619,123,6),(4173,4,58,619,124,7),(4174,4,58,619,98,8),(4175,4,58,619,132,8),(4176,4,58,620,121,1),(4177,4,58,620,84,2),(4178,4,58,620,85,3),(4179,4,58,620,86,4),(4180,4,58,621,87,1),(4181,4,58,621,88,2),(4182,4,58,621,89,3),(4183,4,58,621,135,4),(4184,4,58,621,90,5),(4185,4,58,621,96,6),(4186,4,58,622,133,1),(4187,4,58,623,76,1),(4188,4,58,623,75,2),(4189,4,58,623,145,3),(4190,4,58,623,146,4),(4191,4,58,624,97,1),(4192,4,58,624,73,2),(4193,4,58,624,74,3),(4194,4,58,624,130,4),(4195,4,58,624,77,5),(4196,4,58,624,91,6),(4197,4,58,624,129,6),(4198,4,58,624,136,7),(4199,4,58,624,115,8),(4200,4,58,624,82,9),(4201,4,58,624,131,10),(4202,4,58,624,99,11),(4203,4,58,624,122,11),(4204,4,58,624,105,12),(4205,4,58,624,94,13),(4206,4,58,624,95,14),(4207,4,58,624,107,14),(4208,4,58,624,108,15),(4209,4,58,624,140,15),(4210,4,58,624,109,16),(4211,4,58,624,142,16),(4212,4,58,624,110,17),(4213,4,58,624,143,17),(4214,4,58,624,111,18),(4215,4,58,624,144,18),(4216,4,58,624,112,19),(4217,4,58,624,141,19),(4218,4,58,624,113,20),(4219,4,58,624,147,20),(4220,4,58,624,152,21),(4221,4,58,624,114,22),(4222,4,58,624,93,23),(4223,4,58,624,148,24),(4224,4,58,624,149,25),(4225,4,58,624,150,26),(4226,4,58,624,162,100),(4227,4,58,624,125,111),(4228,4,58,624,126,112),(4229,4,58,624,127,113),(4230,4,58,624,128,114),(4231,4,58,624,155,116),(4232,4,58,624,161,117),(4242,4,59,630,103,10),(4250,4,59,631,98,8),(4272,4,59,636,91,6),(4279,4,59,636,122,11),(4283,4,59,636,107,14),(4284,4,59,636,108,15),(4286,4,59,636,109,16),(4288,4,59,636,110,17),(4290,4,59,636,111,18),(4292,4,59,636,112,19),(4294,4,59,636,113,20),(4303,4,59,636,125,111),(4304,4,59,636,126,112),(4305,4,59,636,127,113),(4306,4,59,636,128,114),(4309,4,59,636,73,2),(4310,4,59,636,74,3),(4311,4,59,636,77,5),(4312,4,59,636,82,9),(4313,4,59,636,93,23),(4314,4,59,636,94,13),(4315,4,59,636,95,14),(4316,4,59,636,97,1),(4317,4,59,636,99,11),(4318,4,59,636,105,12),(4319,4,59,636,114,22),(4320,4,59,636,115,8),(4321,4,59,636,129,6),(4322,4,59,636,130,4),(4323,4,59,636,131,10),(4324,4,59,636,136,7),(4325,4,59,636,140,15),(4326,4,59,636,141,19),(4327,4,59,636,142,16),(4328,4,59,636,143,17),(4329,4,59,636,144,18),(4330,4,59,636,147,20),(4331,4,59,636,148,24),(4332,4,59,636,149,25),(4333,4,59,636,150,26),(4334,4,59,636,152,21),(4335,4,59,636,155,28),(4336,4,59,636,161,29),(4337,4,59,636,162,27),(4338,4,59,635,75,2),(4339,4,59,635,76,1),(4340,4,59,635,145,3),(4341,4,59,635,146,4),(4342,4,59,634,133,1),(4343,4,59,633,87,1),(4344,4,59,633,88,2),(4345,4,59,633,89,3),(4346,4,59,633,90,5),(4347,4,59,633,96,6),(4348,4,59,633,135,4),(4349,4,59,632,84,2),(4350,4,59,632,85,3),(4351,4,59,632,86,4),(4352,4,59,632,121,1),(4353,4,59,631,78,1),(4354,4,59,631,79,2),(4355,4,59,631,80,3),(4356,4,59,631,81,4),(4357,4,59,631,92,5),(4358,4,59,631,123,6),(4359,4,59,631,124,7),(4360,4,59,631,132,8),(4361,4,59,630,104,1),(4362,4,59,630,106,2),(4363,4,59,630,117,3),(4364,4,59,629,100,3),(4365,4,59,629,101,1),(4366,4,59,629,102,2),(4367,4,59,629,116,4),(4368,4,59,627,134,1),(4369,4,59,625,156,1),(4370,4,60,637,156,20),(4371,4,60,639,134,1),(4372,4,60,641,101,1),(4373,4,60,641,102,2),(4374,4,60,641,100,3),(4375,4,60,641,116,4),(4376,4,60,642,104,1),(4377,4,60,642,106,2),(4378,4,60,642,117,3),(4379,4,60,642,103,10),(4380,4,60,643,78,1),(4381,4,60,643,79,2),(4382,4,60,643,80,3),(4383,4,60,643,81,4),(4384,4,60,643,92,5),(4385,4,60,643,123,6),(4386,4,60,643,124,7),(4387,4,60,643,98,8),(4388,4,60,643,132,8),(4389,4,60,644,121,1),(4390,4,60,644,84,2),(4391,4,60,644,85,3),(4392,4,60,644,86,4),(4393,4,60,645,87,1),(4394,4,60,645,88,2),(4395,4,60,645,89,3),(4396,4,60,645,135,4),(4397,4,60,645,90,5),(4398,4,60,645,96,6),(4399,4,60,646,133,1),(4400,4,60,647,76,1),(4401,4,60,647,75,2),(4402,4,60,647,145,3),(4403,4,60,647,146,4),(4404,4,60,648,97,1),(4405,4,60,648,73,2),(4406,4,60,648,74,3),(4407,4,60,648,130,4),(4408,4,60,648,77,5),(4409,4,60,648,91,6),(4410,4,60,648,129,6),(4411,4,60,648,136,7),(4412,4,60,648,115,8),(4413,4,60,648,82,9),(4414,4,60,648,131,10),(4415,4,60,648,99,11),(4416,4,60,648,122,11),(4417,4,60,648,105,12),(4418,4,60,648,94,13),(4419,4,60,648,95,14),(4420,4,60,648,107,14),(4421,4,60,648,108,15),(4422,4,60,648,140,15),(4423,4,60,648,109,16),(4424,4,60,648,142,16),(4425,4,60,648,110,17),(4426,4,60,648,143,17),(4427,4,60,648,111,18),(4428,4,60,648,144,18),(4429,4,60,648,112,19),(4430,4,60,648,141,19),(4431,4,60,648,113,20),(4432,4,60,648,147,20),(4433,4,60,648,152,21),(4434,4,60,648,114,22),(4435,4,60,648,93,23),(4436,4,60,648,148,24),(4437,4,60,648,149,25),(4438,4,60,648,150,26),(4439,4,60,648,162,100),(4440,4,60,648,125,111),(4441,4,60,648,126,112),(4442,4,60,648,127,113),(4443,4,60,648,128,114),(4444,4,60,648,155,116),(4445,4,60,648,161,117),(4455,4,61,654,103,10),(4463,4,61,655,98,8),(4485,4,61,660,91,6),(4492,4,61,660,122,11),(4496,4,61,660,107,14),(4497,4,61,660,108,15),(4499,4,61,660,109,16),(4501,4,61,660,110,17),(4503,4,61,660,111,18),(4505,4,61,660,112,19),(4507,4,61,660,113,20),(4516,4,61,660,125,111),(4517,4,61,660,126,112),(4518,4,61,660,127,113),(4519,4,61,660,128,114),(4522,4,61,660,73,2),(4523,4,61,660,74,3),(4524,4,61,660,77,5),(4525,4,61,660,82,9),(4526,4,61,660,93,23),(4527,4,61,660,94,13),(4528,4,61,660,95,14),(4529,4,61,660,97,1),(4530,4,61,660,99,11),(4531,4,61,660,105,12),(4532,4,61,660,114,22),(4533,4,61,660,115,8),(4534,4,61,660,129,6),(4535,4,61,660,130,4),(4536,4,61,660,131,10),(4537,4,61,660,136,7),(4538,4,61,660,140,15),(4539,4,61,660,141,19),(4540,4,61,660,142,16),(4541,4,61,660,143,17),(4542,4,61,660,144,18),(4543,4,61,660,147,20),(4544,4,61,660,148,24),(4545,4,61,660,149,25),(4546,4,61,660,150,26),(4547,4,61,660,152,21),(4548,4,61,660,155,28),(4549,4,61,660,161,29),(4550,4,61,660,162,27),(4551,4,61,659,75,2),(4552,4,61,659,76,1),(4553,4,61,659,145,3),(4554,4,61,659,146,4),(4555,4,61,658,133,1),(4556,4,61,657,87,1),(4557,4,61,657,88,2),(4558,4,61,657,89,3),(4559,4,61,657,90,5),(4560,4,61,657,96,6),(4561,4,61,657,135,4),(4562,4,61,656,84,2),(4563,4,61,656,85,3),(4564,4,61,656,86,4),(4565,4,61,656,121,1),(4566,4,61,655,78,1),(4567,4,61,655,79,2),(4568,4,61,655,80,3),(4569,4,61,655,81,4),(4570,4,61,655,92,5),(4571,4,61,655,123,6),(4572,4,61,655,124,7),(4573,4,61,655,132,8),(4574,4,61,654,104,1),(4575,4,61,654,106,2),(4576,4,61,654,117,3),(4577,4,61,653,100,3),(4578,4,61,653,101,1),(4579,4,61,653,102,2),(4580,4,61,653,116,4),(4581,4,61,651,134,1),(4582,4,61,649,156,1),(4583,4,62,661,156,20),(4584,4,62,663,134,1),(4585,4,62,665,101,1),(4586,4,62,665,102,2),(4587,4,62,665,100,3),(4588,4,62,665,116,4),(4589,4,62,666,104,1),(4590,4,62,666,106,2),(4591,4,62,666,117,3),(4592,4,62,666,103,10),(4593,4,62,667,78,1),(4594,4,62,667,79,2),(4595,4,62,667,80,3),(4596,4,62,667,81,4),(4597,4,62,667,92,5),(4598,4,62,667,123,6),(4599,4,62,667,124,7),(4600,4,62,667,98,8),(4601,4,62,667,132,8),(4602,4,62,668,121,1),(4603,4,62,668,84,2),(4604,4,62,668,85,3),(4605,4,62,668,86,4),(4606,4,62,669,87,1),(4607,4,62,669,88,2),(4608,4,62,669,89,3),(4609,4,62,669,135,4),(4610,4,62,669,90,5),(4611,4,62,669,96,6),(4612,4,62,670,133,1),(4613,4,62,671,76,1),(4614,4,62,671,75,2),(4615,4,62,671,145,3),(4616,4,62,671,146,4),(4617,4,62,672,97,1),(4618,4,62,672,73,2),(4619,4,62,672,74,3),(4620,4,62,672,130,4),(4621,4,62,672,77,5),(4622,4,62,672,91,6),(4623,4,62,672,129,6),(4624,4,62,672,136,7),(4625,4,62,672,115,8),(4626,4,62,672,82,9),(4627,4,62,672,131,10),(4628,4,62,672,99,11),(4629,4,62,672,122,11),(4630,4,62,672,105,12),(4631,4,62,672,94,13),(4632,4,62,672,95,14),(4633,4,62,672,107,14),(4634,4,62,672,108,15),(4635,4,62,672,140,15),(4636,4,62,672,109,16),(4637,4,62,672,142,16),(4638,4,62,672,110,17),(4639,4,62,672,143,17),(4640,4,62,672,111,18),(4641,4,62,672,144,18),(4642,4,62,672,112,19),(4643,4,62,672,141,19),(4644,4,62,672,113,20),(4645,4,62,672,147,20),(4646,4,62,672,152,21),(4647,4,62,672,114,22),(4648,4,62,672,93,23),(4649,4,62,672,148,24),(4650,4,62,672,149,25),(4651,4,62,672,150,26),(4652,4,62,672,162,100),(4653,4,62,672,125,111),(4654,4,62,672,126,112),(4655,4,62,672,127,113),(4656,4,62,672,128,114),(4657,4,62,672,155,116),(4658,4,62,672,161,117),(4659,4,9,36,223,115),(4660,4,10,48,223,118),(4661,4,14,96,223,118),(4662,4,15,108,223,118),(4663,4,16,120,223,118),(4664,4,17,132,223,118),(4665,4,18,144,223,118),(4666,4,19,156,223,118),(4667,4,20,168,223,118),(4668,4,21,180,223,118),(4669,4,58,624,223,118),(4670,4,22,192,223,118),(4671,4,23,204,223,118),(4672,4,24,216,223,118),(4673,4,4,7,223,118),(4674,4,25,228,223,118),(4675,4,26,240,223,118),(4676,4,27,252,223,118),(4677,4,28,264,223,118),(4678,4,29,276,223,118),(4679,4,61,660,223,115),(4680,4,30,288,223,118),(4681,4,31,300,223,118),(4682,4,32,312,223,118),(4683,4,33,324,223,118),(4684,4,34,336,223,118),(4685,4,35,348,223,118),(4686,4,36,360,223,118),(4687,4,37,372,223,118),(4688,4,57,612,223,115),(4689,4,38,384,223,118),(4690,4,11,60,223,118),(4691,4,39,396,223,118),(4692,4,40,408,223,118),(4693,4,41,420,223,118),(4694,4,42,432,223,118),(4695,4,43,444,223,118),(4696,4,44,456,223,118),(4697,4,45,468,223,118),(4698,4,46,480,223,118),(4699,4,59,636,223,115),(4700,4,47,492,223,118),(4701,4,48,504,223,118),(4702,4,49,516,223,118),(4703,4,50,528,223,118),(4704,4,60,648,223,118),(4705,4,51,540,223,118),(4706,4,62,672,223,118),(4707,4,52,552,223,118),(4708,4,53,564,223,118),(4709,4,54,576,223,118),(4710,4,55,588,223,118),(4711,4,56,600,223,118),(4712,3,3,673,224,100),(4713,3,3,673,225,100),(4714,3,3,673,226,100),(4715,3,3,673,227,100),(4716,3,3,673,228,100),(4717,3,3,673,229,100),(4718,3,3,21,230,130),(4719,3,3,21,231,140),(4720,3,3,21,232,150),(4721,3,3,21,233,160),(4722,3,3,21,234,170),(6502,4,52,552,73,2),(6503,4,52,552,74,3),(6504,4,52,552,77,5),(6505,4,52,552,82,9),(6506,4,52,552,93,24),(6507,4,52,552,94,13),(6508,4,52,552,95,14),(6509,4,52,552,97,1),(6510,4,52,552,99,11),(6511,4,52,552,105,12),(6512,4,52,552,114,23),(6513,4,52,552,115,8),(6514,4,52,552,129,6),(6515,4,52,552,130,4),(6516,4,52,552,131,10),(6517,4,52,552,136,7),(6518,4,52,552,140,15),(6519,4,52,552,141,20),(6520,4,52,552,142,17),(6521,4,52,552,143,18),(6522,4,52,552,144,19),(6523,4,52,552,147,21),(6524,4,52,552,148,25),(6525,4,52,552,149,26),(6526,4,52,552,150,27),(6527,4,52,552,152,22),(6528,4,52,552,155,29),(6529,4,52,552,161,30),(6530,4,52,552,162,28),(6532,4,52,551,75,2),(6533,4,52,551,76,1),(6534,4,52,551,145,3),(6535,4,52,551,146,4),(6536,4,52,550,133,1),(6537,4,52,549,87,1),(6538,4,52,549,88,2),(6539,4,52,549,89,3),(6540,4,52,549,90,5),(6541,4,52,549,96,6),(6542,4,52,549,135,4),(6543,4,52,548,84,2),(6544,4,52,548,85,3),(6545,4,52,548,86,4),(6546,4,52,548,121,1),(6547,4,52,547,78,1),(6548,4,52,547,79,2),(6549,4,52,547,80,3),(6550,4,52,547,81,4),(6551,4,52,547,92,5),(6552,4,52,547,123,6),(6553,4,52,547,124,7),(6554,4,52,547,132,8),(6555,4,52,546,104,1),(6556,4,52,546,106,2),(6557,4,52,546,117,3),(6558,4,52,545,100,3),(6559,4,52,545,101,1),(6560,4,52,545,102,2),(6561,4,52,545,116,4),(6562,4,52,543,134,1),(6563,4,52,541,156,1),(6564,4,52,674,179,1),(6565,4,52,674,180,6),(6566,4,52,674,181,5),(6567,4,52,674,182,4),(6568,4,52,674,183,3),(6569,4,52,674,184,2),(6571,3,3,675,237,100),(6572,4,9,36,73,2),(6573,4,9,36,74,3),(6574,4,9,36,77,5),(6575,4,9,36,82,9),(6576,4,9,36,94,13),(6577,4,9,36,95,14),(6578,4,9,36,97,1),(6579,4,9,36,99,11),(6580,4,9,36,105,12),(6581,4,9,36,114,17),(6582,4,9,36,115,8),(6583,4,9,36,129,6),(6584,4,9,36,130,4),(6585,4,9,36,131,10),(6586,4,9,36,136,7),(6587,4,9,36,141,15),(6588,4,9,36,147,16),(6589,4,9,36,148,18),(6590,4,9,36,149,19),(6591,4,9,36,150,20),(6592,4,9,36,155,22),(6593,4,9,36,161,23),(6594,4,9,36,162,21),(6595,4,9,35,75,2),(6596,4,9,35,76,1),(6597,4,9,35,145,3),(6598,4,9,35,146,4),(6599,4,9,34,133,1),(6600,4,9,33,87,1),(6601,4,9,33,88,2),(6602,4,9,33,89,3),(6603,4,9,33,90,5),(6604,4,9,33,96,6),(6605,4,9,33,135,4),(6606,4,9,32,84,2),(6607,4,9,32,85,3),(6608,4,9,32,86,4),(6609,4,9,32,121,1),(6610,4,9,31,78,1),(6611,4,9,31,79,2),(6612,4,9,31,80,3),(6613,4,9,31,81,4),(6614,4,9,31,92,5),(6615,4,9,31,123,6),(6616,4,9,31,124,7),(6617,4,9,31,132,8),(6618,4,9,30,104,1),(6619,4,9,30,106,2),(6620,4,9,30,117,3),(6621,4,9,29,100,3),(6622,4,9,29,101,1),(6623,4,9,29,102,2),(6624,4,9,29,116,4),(6625,4,9,27,134,1),(6626,4,9,25,156,1),(6627,4,9,676,164,2),(6628,4,9,676,168,1),(6629,4,9,676,175,4),(6630,4,9,676,176,3),(6631,4,19,156,73,2),(6632,4,19,156,74,3),(6633,4,19,156,77,5),(6634,4,19,156,82,9),(6635,4,19,156,93,23),(6636,4,19,156,94,13),(6637,4,19,156,95,14),(6638,4,19,156,97,1),(6639,4,19,156,99,11),(6640,4,19,156,105,12),(6641,4,19,156,114,22),(6642,4,19,156,115,8),(6643,4,19,156,129,6),(6644,4,19,156,130,4),(6645,4,19,156,131,10),(6646,4,19,156,136,7),(6647,4,19,156,140,15),(6648,4,19,156,141,19),(6649,4,19,156,142,16),(6650,4,19,156,143,17),(6651,4,19,156,144,18),(6652,4,19,156,147,20),(6653,4,19,156,148,24),(6654,4,19,156,149,25),(6655,4,19,156,150,26),(6656,4,19,156,152,21),(6657,4,19,156,155,28),(6658,4,19,156,161,29),(6659,4,19,156,162,27),(6660,4,19,155,75,2),(6661,4,19,155,76,1),(6662,4,19,155,145,3),(6663,4,19,155,146,4),(6664,4,19,154,133,1),(6665,4,19,153,87,1),(6666,4,19,153,88,2),(6667,4,19,153,89,3),(6668,4,19,153,90,5),(6669,4,19,153,96,6),(6670,4,19,153,135,4),(6671,4,19,152,84,2),(6672,4,19,152,85,3),(6673,4,19,152,86,4),(6674,4,19,152,121,1),(6675,4,19,151,78,1),(6676,4,19,151,79,2),(6677,4,19,151,80,3),(6678,4,19,151,81,4),(6679,4,19,151,92,5),(6680,4,19,151,123,6),(6681,4,19,151,124,7),(6682,4,19,151,132,8),(6683,4,19,150,104,1),(6684,4,19,150,106,2),(6685,4,19,150,117,3),(6686,4,19,149,100,3),(6687,4,19,149,101,1),(6688,4,19,149,102,2),(6689,4,19,149,116,4),(6690,4,19,147,134,1),(6691,4,19,146,167,1),(6692,4,19,146,171,2),(6693,4,19,146,172,4),(6694,4,19,146,173,3),(6695,4,19,145,156,1),(6696,4,9,677,238,100),(6697,4,10,678,238,100),(6698,4,14,679,238,100),(6699,4,15,680,238,100),(6700,4,16,681,238,100),(6701,4,17,682,238,100),(6702,4,18,683,238,100),(6703,4,19,684,238,100),(6704,4,20,685,238,100),(6705,4,21,686,238,100),(6706,4,58,687,238,100),(6707,4,22,688,238,100),(6708,4,23,689,238,100),(6709,4,24,690,238,100),(6710,4,4,691,238,100),(6711,4,25,692,238,100),(6712,4,26,693,238,100),(6713,4,27,694,238,100),(6714,4,28,695,238,100),(6715,4,29,696,238,100),(6716,4,61,697,238,100),(6717,4,30,698,238,100),(6718,4,31,699,238,100),(6719,4,32,700,238,100),(6720,4,33,701,238,100),(6721,4,34,702,238,100),(6722,4,35,703,238,100),(6723,4,36,704,238,100),(6724,4,37,705,238,100),(6725,4,57,706,238,100),(6726,4,38,707,238,100),(6727,4,11,708,238,100),(6728,4,39,709,238,100),(6729,4,40,710,238,100),(6730,4,41,711,238,100),(6731,4,42,712,238,100),(6732,4,43,713,238,100),(6733,4,44,714,238,100),(6734,4,45,715,238,100),(6735,4,46,716,238,100),(6736,4,59,717,238,100),(6737,4,47,718,238,100),(6738,4,48,719,238,100),(6739,4,49,720,238,100),(6740,4,50,721,238,100),(6741,4,60,722,238,100),(6742,4,51,723,238,100),(6743,4,62,724,238,100),(6744,4,52,725,238,100),(6745,4,53,726,238,100),(6746,4,54,727,238,100),(6747,4,55,728,238,100),(6748,4,56,729,238,100);

--
-- Table structure for table `eav_entity_type`
--

CREATE TABLE `eav_entity_type` (
  `entity_type_id` smallint unsigned NOT NULL AUTO_INCREMENT COMMENT 'Entity Type ID',
  `entity_type_code` varchar(50) NOT NULL COMMENT 'Entity Type Code',
  `entity_model` varchar(255) NOT NULL COMMENT 'Entity Model',
  `attribute_model` varchar(255) DEFAULT NULL COMMENT 'Attribute Model',
  `entity_table` varchar(255) DEFAULT NULL COMMENT 'Entity Table',
  `value_table_prefix` varchar(255) DEFAULT NULL COMMENT 'Value Table Prefix',
  `entity_id_field` varchar(255) DEFAULT NULL COMMENT 'Entity ID Field',
  `is_data_sharing` smallint unsigned NOT NULL DEFAULT '1' COMMENT 'Defines Is Data Sharing',
  `data_sharing_key` varchar(100) DEFAULT 'default' COMMENT 'Data Sharing Key',
  `default_attribute_set_id` smallint unsigned NOT NULL DEFAULT '0' COMMENT 'Default Attribute Set ID',
  `increment_model` varchar(255) DEFAULT NULL COMMENT 'Increment Model',
  `increment_per_store` smallint unsigned NOT NULL DEFAULT '0' COMMENT 'Increment Per Store',
  `increment_pad_length` smallint unsigned NOT NULL DEFAULT '8' COMMENT 'Increment Pad Length',
  `increment_pad_char` varchar(1) NOT NULL DEFAULT '0' COMMENT 'Increment Pad Char',
  `additional_attribute_table` varchar(255) DEFAULT NULL COMMENT 'Additional Attribute Table',
  `entity_attribute_collection` varchar(255) DEFAULT NULL COMMENT 'Entity Attribute Collection',
  PRIMARY KEY (`entity_type_id`),
  KEY `EAV_ENTITY_TYPE_ENTITY_TYPE_CODE` (`entity_type_code`)
) ENGINE=InnoDB AUTO_INCREMENT=9 DEFAULT CHARSET=utf8mb3 COMMENT='Eav Entity Type';

--
-- Dumping data for table `eav_entity_type`
--

INSERT INTO `eav_entity_type` VALUES (1,'customer','Magento\\Customer\\Model\\ResourceModel\\Customer','Magento\\Customer\\Model\\Attribute','customer_entity',NULL,NULL,1,'default',1,'Magento\\Eav\\Model\\Entity\\Increment\\NumericValue',0,8,'0','customer_eav_attribute','Magento\\Customer\\Model\\ResourceModel\\Attribute\\Collection'),(2,'customer_address','Magento\\Customer\\Model\\ResourceModel\\Address','Magento\\Customer\\Model\\Attribute','customer_address_entity',NULL,NULL,1,'default',2,NULL,0,8,'0','customer_eav_attribute','Magento\\Customer\\Model\\ResourceModel\\Address\\Attribute\\Collection'),(3,'catalog_category','Magento\\Catalog\\Model\\ResourceModel\\Category','Magento\\Catalog\\Model\\ResourceModel\\Eav\\Attribute','catalog_category_entity',NULL,NULL,1,'default',3,NULL,0,8,'0','catalog_eav_attribute','Magento\\Catalog\\Model\\ResourceModel\\Category\\Attribute\\Collection'),(4,'catalog_product','Magento\\Catalog\\Model\\ResourceModel\\Product','Magento\\Catalog\\Model\\ResourceModel\\Eav\\Attribute','catalog_product_entity',NULL,NULL,1,'default',4,NULL,0,8,'0','catalog_eav_attribute','Magento\\Catalog\\Model\\ResourceModel\\Product\\Attribute\\Collection'),(5,'order','Magento\\Sales\\Model\\ResourceModel\\Order',NULL,'sales_order',NULL,NULL,1,'default',5,'Magento\\Eav\\Model\\Entity\\Increment\\NumericValue',1,8,'0',NULL,NULL),(6,'invoice','Magento\\Sales\\Model\\ResourceModel\\Order\\Invoice',NULL,'sales_invoice',NULL,NULL,1,'default',6,'Magento\\Eav\\Model\\Entity\\Increment\\NumericValue',1,8,'0',NULL,NULL),(7,'creditmemo','Magento\\Sales\\Model\\ResourceModel\\Order\\Creditmemo',NULL,'sales_creditmemo',NULL,NULL,1,'default',7,'Magento\\Eav\\Model\\Entity\\Increment\\NumericValue',1,8,'0',NULL,NULL),(8,'shipment','Magento\\Sales\\Model\\ResourceModel\\Order\\Shipment',NULL,'sales_shipment',NULL,NULL,1,'default',8,'Magento\\Eav\\Model\\Entity\\Increment\\NumericValue',1,8,'0',NULL,NULL);

--
-- Table structure for table `eav_attribute_option`
--

CREATE TABLE `eav_attribute_option` (
  `option_id` int unsigned NOT NULL AUTO_INCREMENT COMMENT 'Option ID',
  `attribute_id` smallint unsigned NOT NULL DEFAULT '0' COMMENT 'Attribute ID',
  `sort_order` smallint unsigned NOT NULL DEFAULT '0' COMMENT 'Sort Order',
  PRIMARY KEY (`option_id`),
  KEY `EAV_ATTRIBUTE_OPTION_ATTRIBUTE_ID` (`attribute_id`),
  CONSTRAINT `EAV_ATTRIBUTE_OPTION_ATTRIBUTE_ID_EAV_ATTRIBUTE_ATTRIBUTE_ID` FOREIGN KEY (`attribute_id`) REFERENCES `eav_attribute` (`attribute_id`) ON DELETE CASCADE
) ENGINE=InnoDB AUTO_INCREMENT=634 DEFAULT CHARSET=utf8mb3 COMMENT='Eav Attribute Option';

--
-- Dumping data for table `eav_attribute_option`
--

INSERT INTO `eav_attribute_option` VALUES (1,20,0),(2,20,1),(3,20,3),(4,93,1),(5,93,2),(6,93,3),(7,164,1),(8,164,2),(9,164,3),(10,164,4),(11,164,5),(12,164,6),(13,164,7),(14,164,8),(15,164,9),(16,164,10),(17,164,11),(18,164,12),(19,164,13),(20,165,1),(21,165,2),(22,165,3),(23,165,4),(24,166,1),(25,166,2),(26,166,3),(27,166,4),(28,166,5),(29,166,6),(30,166,7),(31,166,8),(32,166,9),(33,166,10),(34,166,11),(35,166,12),(36,166,13),(37,166,14),(38,166,15),(39,166,16),(40,166,17),(41,166,18),(42,167,1),(43,167,2),(44,167,3),(45,167,4),(46,167,5),(47,167,6),(48,167,7),(49,167,8),(50,167,9),(51,167,10),(52,167,11),(53,167,12),(54,167,13),(55,167,14),(56,167,15),(57,167,16),(58,167,17),(59,167,18),(60,167,19),(61,167,20),(62,168,1),(63,168,2),(64,168,3),(65,168,4),(66,168,5),(67,168,6),(68,168,7),(69,168,8),(70,168,9),(71,168,10),(72,168,11),(73,168,12),(74,169,1),(75,169,2),(76,169,3),(77,169,4),(78,169,5),(79,170,1),(80,170,2),(81,170,3),(82,170,4),(83,170,5),(84,170,6),(85,170,7),(86,170,8),(87,170,9),(88,170,10),(89,170,11),(90,170,12),(91,170,13),(92,170,14),(93,170,15),(94,170,16),(95,170,17),(96,170,18),(97,170,19),(98,170,20),(99,170,21),(100,170,22),(101,170,23),(102,170,24),(103,170,25),(104,170,26),(105,170,27),(106,170,28),(107,170,29),(108,170,30),(109,170,31),(110,171,1),(111,171,2),(112,171,3),(113,171,4),(114,171,5),(115,172,1),(116,172,2),(117,172,3),(118,172,4),(119,173,1),(120,173,2),(121,173,3),(122,173,4),(123,173,5),(124,173,6),(125,173,7),(126,174,1),(127,174,2),(128,174,3),(129,174,4),(130,174,5),(131,174,6),(132,175,1),(133,175,2),(134,175,3),(135,175,4),(136,175,5),(137,175,6),(138,175,7),(139,175,8),(140,175,9),(141,175,10),(142,175,11),(143,176,1),(144,176,2),(145,176,3),(146,176,4),(147,176,5),(148,176,6),(149,176,7),(150,176,8),(151,176,9),(152,176,10),(153,176,11),(154,176,12),(155,176,13),(156,176,14),(157,176,15),(158,177,1),(159,177,2),(160,177,3),(161,177,4),(162,177,5),(163,177,6),(164,177,7),(165,177,8),(166,177,9),(167,177,10),(168,177,11),(169,178,1),(170,178,2),(171,178,3),(172,178,4),(173,179,1),(174,179,2),(175,179,3),(176,179,4),(177,180,1),(178,180,2),(179,180,3),(180,180,4),(181,180,5),(182,180,6),(183,180,7),(184,181,1),(185,181,2),(186,181,3),(187,181,4),(188,182,1),(189,182,2),(190,182,3),(191,182,4),(192,182,5),(193,182,6),(194,182,7),(195,183,1),(196,183,2),(197,183,3),(198,183,4),(199,183,5),(200,183,6),(201,183,7),(202,183,8),(203,184,1),(204,184,2),(205,184,3),(206,184,4),(207,184,5),(208,184,6),(209,184,7),(210,184,8),(211,184,9),(212,184,10),(213,184,11),(214,184,12),(215,184,13),(216,184,14),(217,184,15),(218,184,16),(219,184,17),(220,184,18),(221,184,19),(222,184,20),(223,184,21),(224,185,1),(225,185,2),(226,185,3),(227,185,4),(228,185,5),(229,185,6),(230,186,1),(231,186,2),(232,186,3),(233,186,4),(234,186,5),(235,186,6),(236,186,7),(237,186,8),(238,186,9),(239,186,10),(240,186,11),(241,186,12),(242,186,13),(243,186,14),(244,186,15),(245,186,16),(246,186,17),(247,186,18),(248,186,19),(249,186,20),(250,186,21),(251,186,22),(252,186,23),(253,186,24),(254,186,25),(255,186,26),(256,186,27),(257,186,28),(258,186,29),(259,186,30),(260,186,31),(261,186,32),(262,186,33),(263,186,34),(264,186,35),(265,186,36),(266,186,37),(267,186,38),(268,186,39),(269,187,1),(270,187,2),(271,188,1),(272,188,2),(273,188,3),(274,188,4),(275,188,5),(276,188,6),(277,188,7),(278,189,1),(279,189,2),(280,189,3),(281,189,4),(282,189,5),(283,189,6),(284,189,7),(285,190,1),(286,190,2),(287,190,3),(288,190,4),(289,190,5),(290,190,6),(291,190,7),(292,190,8),(293,190,9),(294,190,10),(295,190,11),(296,190,12),(297,190,13),(298,190,14),(299,190,15),(300,190,16),(301,190,17),(302,190,18),(303,190,19),(304,190,20),(305,190,21),(306,190,22),(307,190,23),(308,190,24),(309,190,25),(310,190,26),(311,190,27),(312,190,28),(313,190,29),(314,190,30),(315,190,31),(316,191,1),(317,191,2),(318,191,3),(319,191,4),(320,191,5),(321,192,1),(322,192,2),(323,192,3),(324,192,4),(325,192,5),(326,192,6),(327,192,7),(328,192,8),(329,193,1),(330,193,2),(331,193,3),(332,193,4),(333,193,5),(334,193,6),(335,193,7),(336,193,8),(337,193,9),(338,194,1),(339,194,2),(340,194,3),(341,194,4),(342,194,5),(343,194,6),(344,194,7),(345,194,8),(346,194,9),(347,194,10),(348,194,11),(349,194,12),(350,194,13),(351,194,14),(352,195,1),(353,195,2),(354,195,3),(355,195,4),(356,195,5),(357,195,6),(358,195,7),(359,195,8),(360,195,9),(361,195,10),(362,195,11),(363,195,12),(364,195,13),(365,195,14),(366,196,1),(367,196,2),(368,196,3),(369,197,1),(370,197,2),(371,197,3),(372,197,4),(373,197,5),(374,197,6),(375,197,7),(376,197,8),(377,197,9),(378,197,10),(379,197,11),(380,197,12),(381,198,1),(382,198,2),(383,199,1),(384,199,2),(385,199,3),(386,199,4),(387,199,5),(388,199,6),(389,200,1),(390,200,2),(391,200,3),(392,200,4),(393,200,5),(394,201,1),(395,201,2),(396,201,3),(397,201,4),(398,201,5),(399,201,6),(400,201,7),(401,201,8),(402,201,9),(403,201,10),(404,202,1),(405,202,2),(406,202,3),(407,202,4),(408,203,1),(409,203,2),(410,203,3),(411,203,4),(412,203,5),(413,203,6),(414,203,7),(415,203,8),(416,203,9),(417,203,10),(418,203,11),(419,204,1),(420,204,2),(421,204,3),(422,204,4),(423,204,5),(424,204,6),(425,204,7),(426,204,8),(427,204,9),(428,204,10),(429,205,1),(430,205,2),(431,206,1),(432,206,2),(433,206,3),(434,206,4),(435,206,5),(436,206,6),(437,206,7),(438,206,8),(439,206,9),(440,206,10),(441,206,11),(442,207,1),(443,207,2),(444,207,3),(445,207,4),(446,207,5),(447,207,6),(448,207,7),(449,207,8),(450,207,9),(451,208,1),(452,208,2),(453,208,3),(454,208,4),(455,208,5),(456,209,1),(457,209,2),(458,209,3),(459,209,4),(460,209,5),(461,209,6),(462,209,7),(463,209,8),(464,210,1),(465,210,2),(466,210,3),(467,210,4),(468,210,5),(469,210,6),(470,210,7),(471,211,1),(472,211,2),(473,211,3),(474,211,4),(475,211,5),(476,211,6),(477,212,1),(478,212,2),(479,212,3),(480,212,4),(481,212,5),(482,212,6),(483,212,7),(484,212,8),(485,212,9),(486,212,10),(487,212,11),(488,212,12),(489,212,13),(490,212,14),(491,212,15),(492,212,16),(493,212,17),(494,212,18),(495,212,19),(496,212,20),(497,212,21),(498,212,22),(499,212,23),(500,212,24),(501,212,25),(502,212,26),(503,212,27),(504,212,28),(505,212,29),(506,212,30),(507,212,31),(508,213,1),(509,213,2),(510,213,3),(511,213,4),(512,214,1),(513,214,2),(514,214,3),(515,214,4),(516,214,5),(517,214,6),(518,214,7),(519,214,8),(520,214,9),(521,214,10),(522,215,1),(523,215,2),(524,215,3),(525,215,4),(526,215,5),(527,215,6),(528,215,7),(529,215,8),(530,215,9),(531,215,10),(532,215,11),(533,216,1),(534,216,2),(535,216,3),(536,216,4),(537,216,5),(538,216,6),(539,216,7),(540,216,8),(541,217,1),(542,217,2),(543,217,3),(544,217,4),(545,217,5),(546,217,6),(547,217,7),(548,217,8),(549,218,1),(550,218,2),(551,218,3),(552,218,4),(553,218,5),(554,218,6),(555,218,7),(556,218,8),(557,218,9),(558,218,10),(559,218,11),(560,218,12),(561,218,13),(562,218,14),(563,218,15),(564,218,16),(565,218,17),(566,218,18),(567,218,19),(568,218,20),(569,218,21),(570,218,22),(571,218,23),(572,218,24),(573,218,25),(574,218,26),(575,218,27),(576,218,28),(577,218,29),(578,218,30),(579,218,31),(580,218,32),(581,218,33),(582,218,34),(583,218,35),(584,218,36),(585,218,37),(586,218,38),(587,218,39),(588,218,40),(589,218,41),(590,218,42),(591,218,43),(592,218,44),(593,218,45),(594,218,46),(595,218,47),(596,218,48),(597,218,49),(598,218,50),(599,219,1),(600,219,2),(601,220,1),(602,220,2),(603,220,3),(604,220,4),(605,220,5),(606,220,6),(607,220,7),(608,220,8),(609,220,9),(610,220,10),(611,220,11),(612,220,12),(613,220,13),(614,220,14),(615,220,15),(616,220,16),(617,220,17),(618,220,18),(619,220,19),(620,220,20),(621,220,21),(622,220,22),(623,220,23),(624,220,24),(625,220,25),(626,220,26),(627,220,27),(628,220,28),(629,220,29),(630,220,30),(631,220,31),(632,220,32),(633,220,33);

--
-- Table structure for table `eav_attribute_option_value`
--

CREATE TABLE `eav_attribute_option_value` (
  `value_id` int unsigned NOT NULL AUTO_INCREMENT COMMENT 'Value ID',
  `option_id` int unsigned NOT NULL DEFAULT '0' COMMENT 'Option ID',
  `store_id` smallint unsigned NOT NULL DEFAULT '0' COMMENT 'Store ID',
  `value` varchar(255) DEFAULT NULL COMMENT 'Value',
  PRIMARY KEY (`value_id`),
  KEY `EAV_ATTRIBUTE_OPTION_VALUE_OPTION_ID` (`option_id`),
  KEY `EAV_ATTRIBUTE_OPTION_VALUE_STORE_ID` (`store_id`),
  CONSTRAINT `EAV_ATTR_OPT_VAL_OPT_ID_EAV_ATTR_OPT_OPT_ID` FOREIGN KEY (`option_id`) REFERENCES `eav_attribute_option` (`option_id`) ON DELETE CASCADE,
  CONSTRAINT `EAV_ATTRIBUTE_OPTION_VALUE_STORE_ID_STORE_STORE_ID` FOREIGN KEY (`store_id`) REFERENCES `store` (`store_id`) ON DELETE CASCADE
) ENGINE=InnoDB AUTO_INCREMENT=869 DEFAULT CHARSET=utf8mb3 COMMENT='Eav Attribute Option Value';

--
-- Dumping data for table `eav_attribute_option_value`
--

INSERT INTO `eav_attribute_option_value` VALUES (1,1,0,'Male'),(2,2,0,'Female'),(3,3,0,'Not Specified'),(7,4,0,'Red'),(8,5,0,'black'),(9,6,0,'green'),(10,7,0,'0.1'),(11,8,0,'0.2'),(12,9,0,'0.3'),(13,10,0,'1'),(14,11,0,'2'),(15,12,0,'3'),(16,13,0,'4'),(17,14,0,'5'),(18,15,0,'6'),(19,16,0,'0.5'),(20,17,0,'0.8'),(21,18,0,'1.5'),(22,19,0,'1.8'),(23,20,0,'Deals'),(24,21,0,'Clearance'),(25,22,0,'Best Sellers'),(26,23,0,'Popular Ranges'),(27,24,0,'1000mm'),(28,25,0,'1200mm'),(29,26,0,'200mm'),(30,27,0,'300mm'),(31,28,0,'365mm'),(32,29,0,'400mm'),(33,30,0,'450mm'),(34,31,0,'500mm'),(35,32,0,'550mm'),(36,33,0,'600mm'),(37,34,0,'700mm'),(38,35,0,'800mm'),(39,36,0,'900mm'),(40,37,0,'1000mm & Above'),(41,38,0,'370mm'),(42,39,0,'340mm'),(43,40,0,'595mm'),(44,41,0,'470mm'),(45,42,0,'Acrylic'),(46,43,0,'Aluminium'),(47,44,0,'Cast Iron'),(48,45,0,'Ceramic'),(49,46,0,'Fragranite'),(50,47,0,'Idealform'),(51,48,0,'Idealform Plus'),(52,49,0,'Lithocast'),(53,50,0,'Sentec'),(54,51,0,'Silgranit'),(55,52,0,'Silver Metallic Lacquer '),(56,53,0,'Solid Surface'),(57,54,0,'Stainless Steel'),(58,55,0,'Steel'),(59,56,0,'Super Steel'),(60,57,0,'Tectonite'),(61,58,0,'Vitreous China'),(62,59,0,'Sentec Solid Surface'),(63,60,0,'Cian solid surface'),(64,61,0,'Granite'),(65,62,0,'Inset Sinks'),(66,63,0,'Drop In Sinks'),(67,64,0,'Drop-on Sinks'),(68,65,0,'Undermount Sinks'),(69,66,0,'Flushmount Sinks'),(70,67,0,'Slim-top Sinks'),(71,68,0,'Corner Sinks'),(72,69,0,'Deck Mounted'),(73,70,0,'Floor Standing'),(74,71,0,'Wall Mounted'),(75,72,0,'Fully integrated'),(76,73,0,'Semi Integrated'),(77,74,0,'Half Bowl'),(78,75,0,'Single Bowl'),(79,76,0,'Double Bowl'),(80,77,0,'1&1/2 Bowl'),(81,78,0,'2&1/2 Bowl'),(113,110,0,'Upto 1599'),(114,111,0,'1600 - 1699'),(115,112,0,'1700 - 1799'),(116,113,0,'1800 - 1899'),(117,114,0,'1900 & Above'),(118,115,0,'Double Ended'),(119,116,0,'Rectangular'),(120,117,0,'Single Ended'),(121,118,0,'Foot Ended'),(122,119,0,'Corner'),(123,120,0,'Free Standing'),(124,121,0,'Oval'),(125,122,0,'Rectangular'),(126,123,0,'Shower Baths'),(127,124,0,'Traditional'),(128,125,0,'Whirlpool'),(129,126,0,'5 mm'),(130,127,0,'6 mm'),(131,128,0,'8 mm'),(132,129,0,'4 mm'),(133,130,0,'7 mm'),(134,131,0,'10 mm'),(135,132,0,'2 Hole Taps'),(136,133,0,'4 Hole Taps'),(137,134,0,'3 Hole Taps'),(138,135,0,'5 Hole Taps'),(139,136,0,'Single Lever'),(140,137,0,'Double Lever'),(141,138,0,'Double Handle'),(142,139,0,'Cross Head'),(143,140,0,'Traditional'),(144,141,0,'Push Button'),(145,142,0,'Sensor Taps'),(146,143,0,'Bath Mixer Taps'),(147,144,0,'Bath Spouts'),(148,145,0,'Deck Mounted'),(149,146,0,'Filter Flow Taps'),(150,147,0,'Free Standing'),(151,148,0,'Spray Taps'),(152,149,0,'Swivel Spout Taps'),(153,150,0,'Wall Mounted'),(154,151,0,'Bath / Shower Mixer Taps'),(155,152,0,'Hot and Cold Taps'),(156,153,0,'Bath Fillers'),(157,154,0,'Floor Standing Taps'),(158,155,0,'Bath Shower Mixers'),(159,156,0,'Bath Shower Mixers With Kit'),(160,157,0,'Pull Out Taps'),(161,158,0,'0-399'),(162,159,0,'400-499'),(163,160,0,'500-599'),(164,161,0,'600-699'),(165,162,0,'700-799'),(166,163,0,'800-899'),(167,164,0,'900-999'),(168,165,0,'1000-1099'),(169,166,0,'1100-1199'),(170,167,0,'1200-1299'),(171,168,0,'1300-1399'),(172,169,0,'0-499'),(173,170,0,'500-549'),(174,171,0,'550-599'),(175,172,0,'600-649'),(227,224,0,'Central Heating'),(228,225,0,'Gas'),(229,226,0,'Electric'),(230,227,0,'Wood'),(231,228,0,'Multi-Fuel'),(232,229,0,'Dual Fuel'),(233,230,0,'Black'),(234,231,0,'Black Glass'),(235,232,0,'High Gloss Black'),(236,233,0,'Matt Black'),(237,234,0,'Anthracite'),(238,235,0,'Textured Anthracite'),(239,236,0,'Textured Metallic Dark Grey'),(240,237,0,'White'),(241,238,0,'Chrome'),(242,239,0,'Polished'),(243,240,0,'Brushed'),(244,241,0,'Brushed Steel'),(245,242,0,'Aluminium Brushed'),(246,243,0,'Stainless Steel'),(247,244,0,'Silver'),(248,245,0,'Satin'),(249,246,0,'Grey'),(250,247,0,'Titane'),(251,248,0,'Volcanic'),(252,249,0,'High Gloss Silver'),(253,250,0,'Anodised Aluminium'),(254,251,0,'Beige Quartz'),(255,252,0,'Brown Quartz'),(256,253,0,'Champagne'),(257,254,0,'Etched Brass'),(258,255,0,'Etched Copper'),(259,256,0,'Marron'),(260,257,0,'Matt Anodised'),(261,258,0,'Mirror'),(262,259,0,'Polished Anodised'),(263,260,0,'Red'),(264,261,0,'Black Enamel'),(265,262,0,'White Enamel'),(266,263,0,'Inox Easyclean'),(267,264,0,'SS Trim'),(268,265,0,'Colour'),(269,266,0,'Black with Steel Trim'),(270,267,0,'White with Steel Trim'),(271,268,0,'Matt Copper'),(272,269,0,'Built in'),(273,270,0,'Built under'),(274,271,0,'Single Ovens'),(275,272,0,'Double Ovens'),(276,273,0,'Compact Ovens'),(277,274,0,'Steam Ovens'),(278,275,0,'Slide & Hide Ovens'),(279,276,0,'Microwave Ovens'),(280,277,0,'Compact Microwave Ovens'),(281,278,0,'Easyclean'),(282,279,0,'Active Clean'),(283,280,0,'EcoClean'),(284,281,0,'Pyrolytic'),(285,282,0,'Hydrolytic'),(286,283,0,'Enamel Coating'),(287,284,0,'Easy Clean Enamel'),(288,285,0,'140mm'),(289,286,0,'290mm'),(290,287,0,'300mm'),(291,288,0,'Upto 300mm'),(292,289,0,'370mm'),(293,290,0,'396mm'),(294,291,0,'400mm'),(295,292,0,'450mm'),(296,293,0,'1000mm'),(297,294,0,'1200mm'),(298,295,0,'1400mm'),(299,296,0,'1700mm'),(300,297,0,'500mm'),(301,298,0,'520mm'),(302,299,0,'530mm'),(303,300,0,'550mm'),(304,301,0,'580mm'),(305,302,0,'590mm'),(306,303,0,'600mm'),(307,304,0,'700mm'),(308,305,0,'750mm'),(309,306,0,'800mm'),(310,307,0,'830mm'),(311,308,0,'850mm'),(312,309,0,'870mm'),(313,310,0,'890mm'),(314,311,0,'900mm'),(315,312,0,'122/54'),(316,313,0,'177/54'),(317,314,0,'176/91'),(318,315,0,'102/54'),(319,316,0,'1 or 2'),(320,317,0,'3'),(321,318,0,'4'),(322,319,0,'5'),(323,320,0,'6'),(324,321,0,'Ceiling Hoods'),(325,322,0,'Telescopic Hoods'),(326,323,0,'Canopy Hoods'),(327,324,0,'Integrated Hoods'),(328,325,0,'Chimney Hoods'),(329,326,0,'Downdrafts'),(330,327,0,'Island Hoods'),(331,328,0,'Steam Hoods'),(332,329,0,'Gas Hobs'),(333,330,0,'Gas on Glass'),(334,331,0,'Ceramic Hobs'),(335,332,0,'Induction Hobs'),(336,333,0,'Flex Induction Hobs'),(337,334,0,'Venting Hobs'),(338,335,0,'Domino Hobs'),(339,336,0,'Teppan Yaki'),(340,337,0,'Sealed Plate Electric Hobs'),(341,338,0,'Upto 400mm'),(342,339,0,'500mm'),(343,340,0,'600mm'),(344,341,0,'650mm'),(345,342,0,'700mm'),(346,343,0,'750mm'),(347,344,0,'800mm'),(348,345,0,'850mm'),(349,346,0,'900mm'),(350,347,0,'1000mm'),(351,348,0,'1100mm'),(352,349,0,'1200mm'),(353,350,0,'1600mm'),(354,351,0,'1800mm'),(355,352,0,'200 - 299mm'),(356,353,0,'300 - 399mm'),(357,354,0,'400 - 499mm'),(358,355,0,'500 - 599mm'),(359,356,0,'600 - 699mm'),(360,357,0,'700 - 799mm'),(361,358,0,'800 - 899mm'),(362,359,0,'900 - 999mm'),(363,360,0,'1000 - 1099mm'),(364,361,0,'1100 - 1199mm'),(365,362,0,'1200 - 1299mm'),(366,363,0,'1300 - 1399mm'),(367,364,0,'1400 - 1499mm'),(368,365,0,'1500 & Above'),(369,366,0,'Conventional Flue Fires'),(370,367,0,'Balanced Flue Fires'),(371,368,0,'Flueless Fires'),(372,369,0,'Front View Fires'),(373,370,0,'2 Sided Fires'),(374,371,0,'3 Sided Fires'),(375,372,0,'Tunnel Fires'),(376,373,0,'Modern Fires'),(377,374,0,'Traditional Fires'),(378,375,0,'Stoves'),(379,376,0,'Inset Fires'),(380,377,0,'Outset Fires'),(381,378,0,'Wall mounted Fires'),(382,379,0,'Corner Fires'),(383,380,0,'Free Standing Fires'),(384,381,0,'Glass Fronted'),(385,382,0,'Open Fronted'),(386,383,0,'Built in Fridges'),(387,384,0,'Built under Fridges'),(388,385,0,'Built in Freezers'),(389,386,0,'Built under Freezer'),(390,387,0,'Built in Fridge Freezers'),(391,388,0,'American Style Fridge Freezers'),(392,389,0,'50/50'),(393,390,0,'70/30'),(394,391,0,'60/40'),(395,392,0,'Icebox'),(396,393,0,'Larder'),(397,394,0,'71 cm'),(398,395,0,'82 cm'),(399,396,0,'87 cm'),(400,397,0,'88 cm'),(401,398,0,'102 cm'),(402,399,0,'122 cm'),(403,400,0,'140 cm'),(404,401,0,'144 cm'),(405,402,0,'177 cm'),(406,403,0,'193.5 cm'),(407,404,0,'Automatic Defrost'),(408,405,0,'Manual Defrost'),(409,406,0,'Frost Free'),(410,407,0,'Low Frost'),(411,408,0,'200-299mm'),(412,409,0,'300-399mm'),(413,410,0,'400-499mm'),(414,411,0,'500-599mm'),(415,412,0,'600-699mm'),(416,413,0,'700-799mm'),(417,414,0,'800-899mm'),(418,415,0,'900-999mm'),(419,416,0,'1000-1099mm'),(420,417,0,'1100-1199mm'),(421,418,0,'1200 & Above'),(422,419,0,'2 Column'),(423,420,0,'3 Column'),(424,421,0,'4 Column'),(425,422,0,'6 Column'),(426,423,0,'Single Panel'),(427,424,0,'Double Panel'),(428,425,0,'Vertical'),(429,426,0,'Horizontal'),(430,427,0,'Straight'),(431,428,0,'Curved'),(432,429,0,'Modern'),(433,430,0,'Traditional'),(434,431,0,'0 - 999 BTU'),(435,432,0,'1000 - 1999 BTU'),(436,433,0,'2000 - 2999 BTU'),(437,434,0,'3000 - 3999 BTU'),(438,435,0,'4000 - 4999 BTU'),(439,436,0,'5000 - 5999 BTU'),(440,437,0,'6000 - 6999 BTU'),(441,438,0,'7000 - 7999 BTU'),(442,439,0,'8000 - 8999 BTU'),(443,440,0,'9000 - 9999 BTU'),(444,441,0,'10000 & Above'),(445,442,0,'0 - 399mm'),(446,443,0,'400 - 499mm'),(447,444,0,'500 - 599mm'),(448,445,0,'600 - 799mm'),(449,446,0,'800 - 999mm'),(450,447,0,'1000 - 1299mm'),(451,448,0,'1300 - 1599mm'),(452,449,0,'1600 - 1799mm'),(453,450,0,'1800 & above'),(454,451,0,'Pentagon'),(455,452,0,'Quadrant'),(456,453,0,'Offset'),(457,454,0,'D-shaped'),(458,455,0,'Rectangular'),(459,456,0,'1000 - 1099mm'),(460,457,0,'1100 - 1199mm'),(461,458,0,'1200 - 1299mm'),(462,459,0,'1300 & Above'),(463,460,0,'900 - 999mm'),(464,461,0,'800 - 899mm'),(465,462,0,'700 - 799mm'),(466,463,0,'Up to 699mm'),(467,464,0,'900 - 999mm'),(468,465,0,'1000 - 1099mm'),(469,466,0,'800 - 899mm'),(470,467,0,'700 - 799mm'),(471,468,0,'1100 - 1199mm'),(472,469,0,'1200 - 1299mm'),(473,470,0,'1300 & Above'),(474,471,0,'Bi-Fold'),(475,472,0,'Hinged'),(476,473,0,'Sliding'),(477,474,0,'Pivot'),(478,475,0,'Recess'),(479,476,0,'Walk-In'),(480,477,0,'1050 x 650mm'),(481,478,0,'1080 x 730mm'),(482,479,0,'1200 x 700mm'),(483,480,0,'1240 x 700mm'),(484,481,0,'1300 x 700mm'),(485,482,0,'1500 x 700mm'),(486,483,0,'1500 x 750mm'),(487,484,0,'1500 x 800mm'),(488,485,0,'1570 x 700mm'),(489,486,0,'1580 x 680mm'),(490,487,0,'1600 x 650mm'),(491,488,0,'1600 x 700mm'),(492,489,0,'1600 x 750mm'),(493,490,0,'1650 x 700mm'),(494,491,0,'1650 x 750mm'),(495,492,0,'1670 x 800mm'),(496,493,0,'1680 x 730mm'),(497,494,0,'1700 x 700mm'),(498,495,0,'1700 x 750mm'),(499,496,0,'1700 x 800mm'),(500,497,0,'1770 x 850mm'),(501,498,0,'1780 x 780mm'),(502,499,0,'1800 x 1000mm'),(503,500,0,'1800 x 750mm'),(504,501,0,'1800 x 800mm'),(505,502,0,'1850 x 850mm'),(506,503,0,'1880 x 880mm'),(507,504,0,'1900 x 900mm'),(508,505,0,'1950 x 950mm'),(509,506,0,'2000 x 900mm'),(510,507,0,'2000 x 1000mm'),(511,508,0,'American Style Fridge Freezer'),(512,509,0,'Freezer'),(513,510,0,'Fridge'),(514,511,0,'Fridge Freezer'),(516,512,0,'Up to 1.9Kw'),(517,513,0,'2Kw to 2.9Kw'),(518,514,0,'3Kw to 3.9Kw'),(519,515,0,'4Kw to 4.9Kw'),(520,516,0,'5Kw to 5.9Kw'),(521,517,0,'6Kw to 6.9Kw'),(522,518,0,'7Kw to 7.9Kw'),(523,519,0,'8Kw to 8.9Kw'),(524,520,0,'9Kw to 9.9Kw'),(525,521,0,'10Kw & Above'),(526,522,0,'1000-1099'),(527,523,0,'1100-1199'),(528,524,0,'1200-1299'),(529,525,0,'1300-1399'),(530,526,0,'1400-1499'),(531,527,0,'1500-1599'),(532,528,0,'1600-1699'),(533,529,0,'1700-1799'),(534,530,0,'1800-1899'),(535,531,0,'1900-1999'),(536,532,0,'2000-2099'),(537,533,0,'Upto 500mm'),(538,534,0,'Upto 600mm'),(539,535,0,'Upto 700mm'),(540,536,0,'Upto 800mm'),(541,537,0,'Upto 900mm'),(542,538,0,'Upto 1000mm'),(543,539,0,'Upto 1100mm'),(544,540,0,'Upto 1200mm & Above'),(545,541,0,'0 - 399mm'),(546,542,0,'400 - 499mm'),(547,543,0,'500 - 599mm'),(548,544,0,'600 - 799mm'),(549,545,0,'800 - 999mm'),(550,546,0,'1000 - 1299mm'),(551,547,0,'1300 - 1599mm'),(552,548,0,'1600 & Above'),(553,549,0,'1 Hole Taps'),(554,550,0,'2 Hole Taps'),(555,551,0,'3 Hole Taps'),(556,552,0,'4 Hole Taps'),(557,553,0,'5 Hole Taps'),(558,554,0,'Airpool'),(559,555,0,'Angled Lever'),(560,556,0,'Bi-fold'),(561,557,0,'Built-in Hoods'),(562,558,0,'Canopy Hoods'),(563,559,0,'Ceiling'),(564,560,0,'Ceiling Hoods'),(565,561,0,'Chimney Hoods'),(566,562,0,'Compact Ovens'),(567,563,0,'Curved'),(568,564,0,'Digital Taps'),(569,565,0,'Double Lever Taps'),(570,566,0,'Double Ovens'),(571,567,0,'Downdrafts'),(572,568,0,'Electric'),(573,569,0,'Electric Taps'),(574,570,0,'Extractor Hoods'),(575,571,0,'Filter Flow Taps'),(576,572,0,'Free Standing'),(577,573,0,'Hinged'),(578,574,0,'Hot and Cold Taps'),(579,575,0,'Hot Water Taps'),(580,576,0,'In-swing'),(581,577,0,'Induction Hobs'),(582,578,0,'Inset'),(583,579,0,'Island Hoods'),(584,580,0,'Pivot'),(585,581,0,'Push Button Control'),(586,582,0,'Quadrant'),(587,583,0,'Single Lever Taps'),(588,584,0,'Single Ovens'),(589,585,0,'Sliding'),(590,586,0,'Steam Hoods'),(591,587,0,'Straight'),(592,588,0,'Straight Lever'),(593,589,0,'Swivel Spout Taps'),(594,590,0,'Tap with Pull Out Nozzle'),(595,591,0,'Tap with Single Boiler'),(596,592,0,'Telescopic Hoods'),(597,593,0,'Thermostatic'),(598,594,0,'Traditional'),(599,595,0,'Walk-in'),(600,596,0,'Wall Mounted'),(601,597,0,'Whirlpool'),(602,598,0,'Whirlpool & Airpool'),(603,599,0,'22mm'),(604,600,0,'25mm'),(605,601,0,'0-399'),(606,602,0,'1500 & Above'),(607,603,0,'1-99'),(608,604,0,'100-199'),(609,605,0,'200-299'),(610,606,0,'300-399'),(611,607,0,'400-499'),(612,608,0,'500-599'),(613,609,0,'600-699'),(614,610,0,'700-799'),(615,611,0,'800-899'),(616,612,0,'900-999'),(617,613,0,'1000-1099'),(618,614,0,'1100-1199'),(619,615,0,'1200-1299'),(620,616,0,'1300-1399'),(621,617,0,'1400-1499'),(622,618,0,'1500-1599'),(623,619,0,'1600-1699'),(624,620,0,'1700-1799'),(625,621,0,'1800-1899'),(626,622,0,'1900-1999'),(627,623,0,'2000-2099'),(628,624,0,'2100-2199'),(629,625,0,'2200-2299'),(630,626,0,'2300-2399'),(631,627,0,'2400-2499'),(632,628,0,'2500-2599'),(633,629,0,'2600-2699'),(634,630,0,'2700-2799'),(635,631,0,'2800-2899'),(636,632,0,'2900-2999'),(637,633,0,'3000-4999'),(638,79,0,'Toilets'),(639,80,0,'Urinal'),(640,81,0,'Bidets'),(641,82,0,'Basins'),(642,83,0,'Bathroom Suites'),(643,84,0,'Furniture'),(644,85,0,'Baths'),(645,86,0,'Mirrors'),(646,87,0,'Mirror Cabinets'),(647,88,0,'Shower Doors'),(648,89,0,'Shower Enclosures'),(649,90,0,'Quadrant'),(650,91,0,'Wetroom Panles'),(651,92,0,'Shower Trays'),(652,93,0,'Shower Valves'),(653,94,0,'Radiators'),(654,95,0,'Kitchen Sinks'),(655,96,0,'Kitchen Taps'),(656,97,0,'Bath Screens'),(657,98,0,'Complete Showers'),(658,99,0,'Shower Panels'),(659,100,0,'Concealed Cisterns'),(660,101,0,'Bathroom Taps'),(661,102,0,'Bathroom Fans'),(662,103,0,'Frames'),(663,104,0,'Plates'),(664,105,0,'Lights'),(665,106,0,'Enclosure Side panels'),(666,107,0,'PVC Panels'),(667,108,0,'Accessories'),(668,109,0,'Toilet Seats'),(714,184,0,'Modern'),(715,185,0,'Traditional'),(716,186,0,'Special Needs'),(717,187,0,'Rimless'),(718,188,0,'0-499'),(719,189,0,'500-549'),(720,190,0,'550-599'),(721,191,0,'600-649'),(722,192,0,'650-699'),(723,193,0,'700-799'),(724,194,0,'800-899'),(725,177,0,'0-399'),(726,178,0,'400-499'),(727,179,0,'500-549'),(728,180,0,'550-599'),(729,181,0,'600-649'),(730,182,0,'650-699'),(731,183,0,'700-799'),(732,203,0,'Inset sinks'),(733,204,0,'Drop In sinks'),(734,205,0,'Drop-on sinks'),(735,206,0,'Top-mounted sinks'),(736,207,0,'Slim-top sinks'),(737,208,0,'Flushmount sinks'),(738,209,0,'Undermount sinks'),(739,210,0,'Belfast sinks'),(740,211,0,'Corner Sinks'),(741,212,0,'Sink modules'),(742,213,0,'Sit-on'),(743,214,0,'Flush fit sinks'),(744,215,0,'Floor Standing'),(745,216,0,'Back To Wall'),(746,217,0,'Close Coupled'),(747,218,0,'Wall Hung'),(748,219,0,'Ceiling'),(749,220,0,'Wall Mounted'),(750,221,0,'Deck Mounted'),(751,222,0,'Free Standing Taps'),(752,223,0,'Digital Taps'),(753,173,0,'Chain Pull'),(754,174,0,'Lever'),(755,175,0,'Push Button'),(756,176,0,'Rimless'),(813,195,1,'0-399'),(814,195,0,'0-399'),(815,195,2,'0-399'),(816,195,3,'0-399'),(817,195,4,'0-399'),(818,195,5,'0-399'),(819,195,6,'0-399'),(820,196,1,'400-499'),(821,196,0,'400-499'),(822,196,2,'400-499'),(823,196,3,'400-499'),(824,196,4,'400-499'),(825,196,5,'400-499'),(826,196,6,'400-499'),(827,197,1,'500-549'),(828,197,0,'500-549'),(829,197,2,'500-549'),(830,197,3,'500-549'),(831,197,4,'500-549'),(832,197,5,'500-549'),(833,197,6,'500-549'),(834,198,1,'550-599'),(835,198,0,'550-599'),(836,198,2,'550-599'),(837,198,3,'550-599'),(838,198,4,'550-599'),(839,198,5,'550-599'),(840,198,6,'550-599'),(841,199,1,'600-649'),(842,199,0,'600-649'),(843,199,2,'600-649'),(844,199,3,'600-649'),(845,199,4,'600-649'),(846,199,5,'600-649'),(847,199,6,'600-649'),(848,200,1,'650-699'),(849,200,0,'650-699'),(850,200,2,'650-699'),(851,200,3,'650-699'),(852,200,4,'650-699'),(853,200,5,'650-699'),(854,200,6,'650-699'),(855,201,1,'700-799'),(856,201,0,'700-799'),(857,201,2,'700-799'),(858,201,3,'700-799'),(859,201,4,'700-799'),(860,201,5,'700-799'),(861,201,6,'700-799'),(862,202,1,'800 & Above'),(863,202,0,'800 & Above'),(864,202,2,'800 & Above'),(865,202,3,'800 & Above'),(866,202,4,'800 & Above'),(867,202,5,'800 & Above'),(868,202,6,'800 & Above');


